{"version":"1.0","provider_name":"JazzZeitung","provider_url":"https:\/\/www.jazzzeitung.de\/cms","author_name":"Redaktion JazzZeitung","author_url":"https:\/\/www.jazzzeitung.de\/cms\/author\/redaktion\/","title":"Steidle und Br\u00f6tzmann im Einstein - JazzZeitung","type":"rich","width":600,"height":338,"html":"<blockquote class=\"wp-embedded-content\" data-secret=\"cshUwaYtSB\"><a href=\"https:\/\/www.jazzzeitung.de\/cms\/2016\/09\/steidle-und-broetzmann-im-einstein\/\">Steidle und Br\u00f6tzmann im Einstein<\/a><\/blockquote><iframe sandbox=\"allow-scripts\" security=\"restricted\" src=\"https:\/\/www.jazzzeitung.de\/cms\/2016\/09\/steidle-und-broetzmann-im-einstein\/embed\/#?secret=cshUwaYtSB\" width=\"600\" height=\"338\" title=\"&#8222;Steidle und Br\u00f6tzmann im Einstein&#8220; &#8211; JazzZeitung\" data-secret=\"cshUwaYtSB\" frameborder=\"0\" marginwidth=\"0\" marginheight=\"0\" scrolling=\"no\" class=\"wp-embedded-content\"><\/iframe><script type=\"text\/javascript\">\n\/* <![CDATA[ *\/\n\/*! This file is auto-generated *\/\n!function(d,l){\"use strict\";l.querySelector&&d.addEventListener&&\"undefined\"!=typeof URL&&(d.wp=d.wp||{},d.wp.receiveEmbedMessage||(d.wp.receiveEmbedMessage=function(e){var t=e.data;if((t||t.secret||t.message||t.value)&&!\/[^a-zA-Z0-9]\/.test(t.secret)){for(var s,r,n,a=l.querySelectorAll('iframe[data-secret=\"'+t.secret+'\"]'),o=l.querySelectorAll('blockquote[data-secret=\"'+t.secret+'\"]'),c=new RegExp(\"^https?:$\",\"i\"),i=0;i<o.length;i++)o[i].style.display=\"none\";for(i=0;i<a.length;i++)s=a[i],e.source===s.contentWindow&&(s.removeAttribute(\"style\"),\"height\"===t.message?(1e3<(r=parseInt(t.value,10))?r=1e3:~~r<200&&(r=200),s.height=r):\"link\"===t.message&&(r=new URL(s.getAttribute(\"src\")),n=new URL(t.value),c.test(n.protocol))&&n.host===r.host&&l.activeElement===s&&(d.top.location.href=t.value))}},d.addEventListener(\"message\",d.wp.receiveEmbedMessage,!1),l.addEventListener(\"DOMContentLoaded\",function(){for(var e,t,s=l.querySelectorAll(\"iframe.wp-embedded-content\"),r=0;r<s.length;r++)(t=(e=s[r]).getAttribute(\"data-secret\"))||(t=Math.random().toString(36).substring(2,12),e.src+=\"#?secret=\"+t,e.setAttribute(\"data-secret\",t)),e.contentWindow.postMessage({message:\"ready\",secret:t},\"*\")},!1)))}(window,document);\n\/\/# sourceURL=https:\/\/www.jazzzeitung.de\/cms\/wp-includes\/js\/wp-embed.min.js\n\/* ]]> *\/\n<\/script>\n","description":"Das Konzert, das der Verein Offene Ohren e.V. im Einstein veranstaltete, war erwartungsgem\u00e4\u00df intensiv und frei, lediglich bei einem St\u00fcck spielte Peter Br\u00f6tzmann fast lyrische T\u00f6ne auf seiner Klarinette \u2013 das Zusammenspiel von Oliver Steidle und Peter Br\u00f6tzmann blieb von der ersten bis zur letzten Minute dynamisch und spannungsgeladen. Ein Konzert der feinen, besonderen Art! Ansonsten sind die Fotos von Ralf Dombrowski und TJ Krebs selbsterkl\u00e4rend und spiegeln die Atmosph\u00e4re des Abends wider.","thumbnail_url":"https:\/\/i0.wp.com\/www.jazzzeitung.de\/cms\/wp-content\/uploads\/2016\/09\/P1030551-Br\u00f6tzmann-Foto-TJ-Krebs-1.jpg?w=194&#038;h=290&#038;ssl=1"}

Steidle und Brötzmann im Einstein - JazzZeitung

<blockquote class="wp-embedded-content" data-secret="cshUwaYtSB"><a href="https://www.jazzzeitung.de/cms/2016/09/steidle-und-broetzmann-im-einstein/">Steidle und Brötzmann im Einstein</a></blockquote><iframe sandbox="allow-scripts" security="restricted" src="https://www.jazzzeitung.de/cms/2016/09/steidle-und-broetzmann-im-einstein/embed/#?secret=cshUwaYtSB" width="600" height="338" title="&#8222;Steidle und Brötzmann im Einstein&#8220; &#8211; JazzZeitung" data-secret="cshUwaYtSB" frameborder="0" marginwidth="0" marginheight="0" scrolling="no" class="wp-embedded-content"></iframe><script type="text/javascript">
/* <![CDATA[ */
/*! This file is auto-generated */
!function(d,l){"use strict";l.querySelector&&d.addEventListener&&"undefined"!=typeof URL&&(d.wp=d.wp||{},d.wp.receiveEmbedMessage||(d.wp.receiveEmbedMessage=function(e){var t=e.data;if((t||t.secret||t.message||t.value)&&!/[^a-zA-Z0-9]/.test(t.secret)){for(var s,r,n,a=l.querySelectorAll('iframe[data-secret="'+t.secret+'"]'),o=l.querySelectorAll('blockquote[data-secret="'+t.secret+'"]'),c=new RegExp("^https?:$","i"),i=0;i<o.length;i++)o[i].style.display="none";for(i=0;i<a.length;i++)s=a[i],e.source===s.contentWindow&&(s.removeAttribute("style"),"height"===t.message?(1e3<(r=parseInt(t.value,10))?r=1e3:~~r<200&&(r=200),s.height=r):"link"===t.message&&(r=new URL(s.getAttribute("src")),n=new URL(t.value),c.test(n.protocol))&&n.host===r.host&&l.activeElement===s&&(d.top.location.href=t.value))}},d.addEventListener("message",d.wp.receiveEmbedMessage,!1),l.addEventListener("DOMContentLoaded",function(){for(var e,t,s=l.querySelectorAll("iframe.wp-embedded-content"),r=0;r<s.length;r++)(t=(e=s[r]).getAttribute("data-secret"))||(t=Math.random().toString(36).substring(2,12),e.src+="#?secret="+t,e.setAttribute("data-secret",t)),e.contentWindow.postMessage({message:"ready",secret:t},"*")},!1)))}(window,document);
//# sourceURL=https://www.jazzzeitung.de/cms/wp-includes/js/wp-embed.min.js
/* ]]> */
</script>

Das Konzert, das der Verein Offene Ohren e.V. im Einstein veranstaltete, war erwartungsgemäß intensiv und frei, lediglich bei einem Stück spielte Peter Brötzmann fast lyrische Töne auf seiner Klarinette – das Zusammenspiel von Oliver Steidle und Peter Brötzmann blieb von der ersten bis zur letzten Minute dynamisch und spannungsgeladen. Ein Konzert der feinen, besonderen Art! Ansonsten sind die Fotos von Ralf Dombrowski und TJ Krebs selbsterklärend und spiegeln die Atmosphäre des Abends wider.

https://i0.wp.com/www.jazzzeitung.de/cms/wp-content/uploads/2016/09/P1030551-Brötzmann-Foto-TJ-Krebs-1.jpg?w=194&#038;h=290&#038;ssl=1
