{"version":"1.0","provider_name":"JazzZeitung","provider_url":"https:\/\/www.jazzzeitung.de\/cms","author_name":"Redaktion JazzZeitung","author_url":"https:\/\/www.jazzzeitung.de\/cms\/author\/redaktion\/","title":"Das Bayerische Jazzweekend - ein Spaziergang - JazzZeitung","type":"rich","width":600,"height":338,"html":"<blockquote class=\"wp-embedded-content\" data-secret=\"lZrzGmHAbT\"><a href=\"https:\/\/www.jazzzeitung.de\/cms\/2016\/07\/das-bayerische-jazzweekend-ein-spaziergang-teil-1\/\">Das Bayerische Jazzweekend &#8211; ein Spaziergang<\/a><\/blockquote><iframe sandbox=\"allow-scripts\" security=\"restricted\" src=\"https:\/\/www.jazzzeitung.de\/cms\/2016\/07\/das-bayerische-jazzweekend-ein-spaziergang-teil-1\/embed\/#?secret=lZrzGmHAbT\" width=\"600\" height=\"338\" title=\"&#8222;Das Bayerische Jazzweekend &#8211; ein Spaziergang&#8220; &#8211; JazzZeitung\" data-secret=\"lZrzGmHAbT\" frameborder=\"0\" marginwidth=\"0\" marginheight=\"0\" scrolling=\"no\" class=\"wp-embedded-content\"><\/iframe><script type=\"text\/javascript\">\n\/* <![CDATA[ *\/\n\/*! This file is auto-generated *\/\n!function(d,l){\"use strict\";l.querySelector&&d.addEventListener&&\"undefined\"!=typeof URL&&(d.wp=d.wp||{},d.wp.receiveEmbedMessage||(d.wp.receiveEmbedMessage=function(e){var t=e.data;if((t||t.secret||t.message||t.value)&&!\/[^a-zA-Z0-9]\/.test(t.secret)){for(var s,r,n,a=l.querySelectorAll('iframe[data-secret=\"'+t.secret+'\"]'),o=l.querySelectorAll('blockquote[data-secret=\"'+t.secret+'\"]'),c=new RegExp(\"^https?:$\",\"i\"),i=0;i<o.length;i++)o[i].style.display=\"none\";for(i=0;i<a.length;i++)s=a[i],e.source===s.contentWindow&&(s.removeAttribute(\"style\"),\"height\"===t.message?(1e3<(r=parseInt(t.value,10))?r=1e3:~~r<200&&(r=200),s.height=r):\"link\"===t.message&&(r=new URL(s.getAttribute(\"src\")),n=new URL(t.value),c.test(n.protocol))&&n.host===r.host&&l.activeElement===s&&(d.top.location.href=t.value))}},d.addEventListener(\"message\",d.wp.receiveEmbedMessage,!1),l.addEventListener(\"DOMContentLoaded\",function(){for(var e,t,s=l.querySelectorAll(\"iframe.wp-embedded-content\"),r=0;r<s.length;r++)(t=(e=s[r]).getAttribute(\"data-secret\"))||(t=Math.random().toString(36).substring(2,12),e.src+=\"#?secret=\"+t,e.setAttribute(\"data-secret\",t)),e.contentWindow.postMessage({message:\"ready\",secret:t},\"*\")},!1)))}(window,document);\n\/\/# sourceURL=https:\/\/www.jazzzeitung.de\/cms\/wp-includes\/js\/wp-embed.min.js\n\/* ]]> *\/\n<\/script>\n","description":"Text und Foto: Michael Scheiner &#8211; Bei einem Streifzug durch das Bayerische Jazzweekend kann man einiges erleben. An einigen Stellen, meist \u00dcberg\u00e4ngen zwischen Pl\u00e4tzen und verschiedenen Spielorten hat man als Flaneur auf der einen Seite noch den launigen Dixieland der Berliner \u201eDizzy Birds\u201c im Ohr, w\u00e4hrend einem bereits die d\u00fcster-schweren Klavierkl\u00e4nge des in New York lebenden Kubaners Aru\u00e1n Ortiz in den Geh\u00f6rgang des anderen Ohres kriechen. Dazwischen schnappt man noch einige Takte eines funky Acidjazz-Groove auf, der aus dem Zelt eines Kartenverk\u00e4ufers quillt. Nur wenige Schritte weiter in einem Durchgang dann ein Saxofonsolist mit einem uns\u00e4glichen Popr\u00fchrst\u00fcck, der auch etwas vom gro\u00dfen Aufmerksamkeitskuchen abbekommen will. Neben der verbreiteten Kategorie der Jazzweekend-Flaneure, die sich drei oder vier St\u00fccke einer Band anh\u00f6ren, w\u00e4hrend des Applaus aufstehen und weiterziehen, gibt es ortsfeste Zuh\u00f6rer. Sie bleiben auf ihrem einmal ergatterten Platz sitzen und h\u00f6ren sich oft mehrere Bands hintereinander an. Im Hof des Thon-Dittmer-Palais er\u00f6ffnete heuer die Schlagzeugerin Eva Klasse mit ihrem Trio \u201eNo Kissing\u201c den Abend. Zusammen mit Alma Neumann am Kontrabass und E-Gitarrist Werner Neumann entfaltete sie einen hybriden Kosmos aus heftig grollenden Klangbrechern, leisen Stimmungen und &hellip;","thumbnail_url":"http:\/\/www.jazzzeitung.de\/cms\/wp-content\/uploads\/2016\/07\/aruan2-150x150.jpg"}

Text und Foto: Michael Scheiner &#8211; Bei einem Streifzug durch das Bayerische Jazzweekend kann man einiges erleben. An einigen Stellen, meist Übergängen zwischen Plätzen und verschiedenen Spielorten hat man als Flaneur auf der einen Seite noch den launigen Dixieland der Berliner „Dizzy Birds“ im Ohr, während einem bereits die düster-schweren Klavierklänge des in New York lebenden Kubaners Aruán Ortiz in den Gehörgang des anderen Ohres kriechen. Dazwischen schnappt man noch einige Takte eines funky Acidjazz-Groove auf, der aus dem Zelt eines Kartenverkäufers quillt. Nur wenige Schritte weiter in einem Durchgang dann ein Saxofonsolist mit einem unsäglichen Poprührstück, der auch etwas vom großen Aufmerksamkeitskuchen abbekommen will. Neben der verbreiteten Kategorie der Jazzweekend-Flaneure, die sich drei oder vier Stücke einer Band anhören, während des Applaus aufstehen und weiterziehen, gibt es ortsfeste Zuhörer. Sie bleiben auf ihrem einmal ergatterten Platz sitzen und hören sich oft mehrere Bands hintereinander an. Im Hof des Thon-Dittmer-Palais eröffnete heuer die Schlagzeugerin Eva Klasse mit ihrem Trio „No Kissing“ den Abend. Zusammen mit Alma Neumann am Kontrabass und E-Gitarrist Werner Neumann entfaltete sie einen hybriden Kosmos aus heftig grollenden Klangbrechern, leisen Stimmungen und &hellip;
