{"version":"1.0","provider_name":"JazzZeitung","provider_url":"https:\/\/www.jazzzeitung.de\/cms","author_name":"Redaktion JazzZeitung","author_url":"https:\/\/www.jazzzeitung.de\/cms\/author\/redaktion\/","title":"Thomas Quasthoff er\u00f6ffnet das Jazzfest Bonn - JazzZeitung","type":"rich","width":600,"height":338,"html":"<blockquote class=\"wp-embedded-content\" data-secret=\"F2dUvIyrUV\"><a href=\"https:\/\/www.jazzzeitung.de\/cms\/2016\/04\/thomas-quasthoff-eroeffnet-das-jazzfest-bonn\/\">Thomas Quasthoff er\u00f6ffnet das Jazzfest Bonn<\/a><\/blockquote><iframe sandbox=\"allow-scripts\" security=\"restricted\" src=\"https:\/\/www.jazzzeitung.de\/cms\/2016\/04\/thomas-quasthoff-eroeffnet-das-jazzfest-bonn\/embed\/#?secret=F2dUvIyrUV\" width=\"600\" height=\"338\" title=\"&#8222;Thomas Quasthoff er\u00f6ffnet das Jazzfest Bonn&#8220; &#8211; JazzZeitung\" data-secret=\"F2dUvIyrUV\" frameborder=\"0\" marginwidth=\"0\" marginheight=\"0\" scrolling=\"no\" class=\"wp-embedded-content\"><\/iframe><script type=\"text\/javascript\">\n\/* <![CDATA[ *\/\n\/*! This file is auto-generated *\/\n!function(d,l){\"use strict\";l.querySelector&&d.addEventListener&&\"undefined\"!=typeof URL&&(d.wp=d.wp||{},d.wp.receiveEmbedMessage||(d.wp.receiveEmbedMessage=function(e){var t=e.data;if((t||t.secret||t.message||t.value)&&!\/[^a-zA-Z0-9]\/.test(t.secret)){for(var s,r,n,a=l.querySelectorAll('iframe[data-secret=\"'+t.secret+'\"]'),o=l.querySelectorAll('blockquote[data-secret=\"'+t.secret+'\"]'),c=new RegExp(\"^https?:$\",\"i\"),i=0;i<o.length;i++)o[i].style.display=\"none\";for(i=0;i<a.length;i++)s=a[i],e.source===s.contentWindow&&(s.removeAttribute(\"style\"),\"height\"===t.message?(1e3<(r=parseInt(t.value,10))?r=1e3:~~r<200&&(r=200),s.height=r):\"link\"===t.message&&(r=new URL(s.getAttribute(\"src\")),n=new URL(t.value),c.test(n.protocol))&&n.host===r.host&&l.activeElement===s&&(d.top.location.href=t.value))}},d.addEventListener(\"message\",d.wp.receiveEmbedMessage,!1),l.addEventListener(\"DOMContentLoaded\",function(){for(var e,t,s=l.querySelectorAll(\"iframe.wp-embedded-content\"),r=0;r<s.length;r++)(t=(e=s[r]).getAttribute(\"data-secret\"))||(t=Math.random().toString(36).substring(2,12),e.src+=\"#?secret=\"+t,e.setAttribute(\"data-secret\",t)),e.contentWindow.postMessage({message:\"ready\",secret:t},\"*\")},!1)))}(window,document);\n\/\/# sourceURL=https:\/\/www.jazzzeitung.de\/cms\/wp-includes\/js\/wp-embed.min.js\n\/* ]]> *\/\n<\/script>\n","description":"Noch stehen alle unter dem Eindruck des unerwarteten Tods von S\u00e4nger Roger Cicero. Doch der Konzertbetrieb muss weitergehen.\u00a0\u201eWir sind sehr traurig und fassungslos. Roger Cicero war ein liebenswerter Mensch und gro\u00dfartiger Musiker. Unser tiefes Mitgef\u00fchl gilt seiner Familie\u201c, sagt der Leiter des Jazzfest Bonn, Peter Materna. Roger Cicero h\u00e4tte am 22. April mit seiner Band The Roger Cicero Jazz Experience beim Jazzfest Bonn in einem Doppelkonzert mit dem Bundesjazzorchester auftreten sollen. An seiner Stelle wird nun der S\u00e4nger Thomas Quasthoff samt Trio das Er\u00f6ffnungskonzert am 22.4. gemeinsam mit dem Bundesjazzorchester gestalten. \u00a0Thomas Quasthoff geh\u00f6rt zu der ersten Riege der internationalen Bass-Baritone, das Magazin Der Stern behauptet sogar, dieser Mann habe \u201edie sch\u00f6nste Stimme der Welt\u201c: Thomas Quasthoff setzt seit \u00fcber 25 Jahren musikalische Ma\u00dfst\u00e4be. Nun hat er sich bereit erkl\u00e4rt, kurzfristig mit einem Jazz-Programm beim Jazzfest Bonn aufzutreten. Thomas Quasthoff wird mit einem hochkar\u00e4tig besetzten Trio im Telekom Forum auf der B\u00fchne sein: mit dem Schlagzeuger Wolfgang Haffner, dem Pianisten Frank Chastenier und dem Bassisten Dieter Ilg wird er bekannte Standards neu interpretieren und eigens arrangierte St\u00fccke vorstellen. Das Bundesjazzorchester spielt, wie urspr\u00fcnglich geplant, im &hellip;","thumbnail_url":"http:\/\/www.jazzzeitung.de\/cms\/wp-content\/uploads\/2016\/04\/Quasthoff-150x150.jpg"}

Thomas Quasthoff eröffnet das Jazzfest Bonn - JazzZeitung

<blockquote class="wp-embedded-content" data-secret="F2dUvIyrUV"><a href="https://www.jazzzeitung.de/cms/2016/04/thomas-quasthoff-eroeffnet-das-jazzfest-bonn/">Thomas Quasthoff eröffnet das Jazzfest Bonn</a></blockquote><iframe sandbox="allow-scripts" security="restricted" src="https://www.jazzzeitung.de/cms/2016/04/thomas-quasthoff-eroeffnet-das-jazzfest-bonn/embed/#?secret=F2dUvIyrUV" width="600" height="338" title="&#8222;Thomas Quasthoff eröffnet das Jazzfest Bonn&#8220; &#8211; JazzZeitung" data-secret="F2dUvIyrUV" frameborder="0" marginwidth="0" marginheight="0" scrolling="no" class="wp-embedded-content"></iframe><script type="text/javascript">
/* <![CDATA[ */
/*! This file is auto-generated */
!function(d,l){"use strict";l.querySelector&&d.addEventListener&&"undefined"!=typeof URL&&(d.wp=d.wp||{},d.wp.receiveEmbedMessage||(d.wp.receiveEmbedMessage=function(e){var t=e.data;if((t||t.secret||t.message||t.value)&&!/[^a-zA-Z0-9]/.test(t.secret)){for(var s,r,n,a=l.querySelectorAll('iframe[data-secret="'+t.secret+'"]'),o=l.querySelectorAll('blockquote[data-secret="'+t.secret+'"]'),c=new RegExp("^https?:$","i"),i=0;i<o.length;i++)o[i].style.display="none";for(i=0;i<a.length;i++)s=a[i],e.source===s.contentWindow&&(s.removeAttribute("style"),"height"===t.message?(1e3<(r=parseInt(t.value,10))?r=1e3:~~r<200&&(r=200),s.height=r):"link"===t.message&&(r=new URL(s.getAttribute("src")),n=new URL(t.value),c.test(n.protocol))&&n.host===r.host&&l.activeElement===s&&(d.top.location.href=t.value))}},d.addEventListener("message",d.wp.receiveEmbedMessage,!1),l.addEventListener("DOMContentLoaded",function(){for(var e,t,s=l.querySelectorAll("iframe.wp-embedded-content"),r=0;r<s.length;r++)(t=(e=s[r]).getAttribute("data-secret"))||(t=Math.random().toString(36).substring(2,12),e.src+="#?secret="+t,e.setAttribute("data-secret",t)),e.contentWindow.postMessage({message:"ready",secret:t},"*")},!1)))}(window,document);
//# sourceURL=https://www.jazzzeitung.de/cms/wp-includes/js/wp-embed.min.js
/* ]]> */
</script>

Noch stehen alle unter dem Eindruck des unerwarteten Tods von Sänger Roger Cicero. Doch der Konzertbetrieb muss weitergehen. „Wir sind sehr traurig und fassungslos. Roger Cicero war ein liebenswerter Mensch und großartiger Musiker. Unser tiefes Mitgefühl gilt seiner Familie“, sagt der Leiter des Jazzfest Bonn, Peter Materna. Roger Cicero hätte am 22. April mit seiner Band The Roger Cicero Jazz Experience beim Jazzfest Bonn in einem Doppelkonzert mit dem Bundesjazzorchester auftreten sollen. An seiner Stelle wird nun der Sänger Thomas Quasthoff samt Trio das Eröffnungskonzert am 22.4. gemeinsam mit dem Bundesjazzorchester gestalten.  Thomas Quasthoff gehört zu der ersten Riege der internationalen Bass-Baritone, das Magazin Der Stern behauptet sogar, dieser Mann habe „die schönste Stimme der Welt“: Thomas Quasthoff setzt seit über 25 Jahren musikalische Maßstäbe. Nun hat er sich bereit erklärt, kurzfristig mit einem Jazz-Programm beim Jazzfest Bonn aufzutreten. Thomas Quasthoff wird mit einem hochkarätig besetzten Trio im Telekom Forum auf der Bühne sein: mit dem Schlagzeuger Wolfgang Haffner, dem Pianisten Frank Chastenier und dem Bassisten Dieter Ilg wird er bekannte Standards neu interpretieren und eigens arrangierte Stücke vorstellen. Das Bundesjazzorchester spielt, wie ursprünglich geplant, im &hellip;
