{"version":"1.0","provider_name":"JazzZeitung","provider_url":"https:\/\/www.jazzzeitung.de\/cms","author_name":"Redaktion JazzZeitung","author_url":"https:\/\/www.jazzzeitung.de\/cms\/author\/redaktion\/","title":"Neues vom BMW Welt Jazz Award - JazzZeitung","type":"rich","width":600,"height":338,"html":"<blockquote class=\"wp-embedded-content\" data-secret=\"rkHpseBtJJ\"><a href=\"https:\/\/www.jazzzeitung.de\/cms\/2016\/03\/neues-vom-bmw-jazz-award\/\">Neues vom BMW Welt Jazz Award<\/a><\/blockquote><iframe sandbox=\"allow-scripts\" security=\"restricted\" src=\"https:\/\/www.jazzzeitung.de\/cms\/2016\/03\/neues-vom-bmw-jazz-award\/embed\/#?secret=rkHpseBtJJ\" width=\"600\" height=\"338\" title=\"&#8222;Neues vom BMW Welt Jazz Award&#8220; &#8211; JazzZeitung\" data-secret=\"rkHpseBtJJ\" frameborder=\"0\" marginwidth=\"0\" marginheight=\"0\" scrolling=\"no\" class=\"wp-embedded-content\"><\/iframe><script type=\"text\/javascript\">\n\/* <![CDATA[ *\/\n\/*! This file is auto-generated *\/\n!function(d,l){\"use strict\";l.querySelector&&d.addEventListener&&\"undefined\"!=typeof URL&&(d.wp=d.wp||{},d.wp.receiveEmbedMessage||(d.wp.receiveEmbedMessage=function(e){var t=e.data;if((t||t.secret||t.message||t.value)&&!\/[^a-zA-Z0-9]\/.test(t.secret)){for(var s,r,n,a=l.querySelectorAll('iframe[data-secret=\"'+t.secret+'\"]'),o=l.querySelectorAll('blockquote[data-secret=\"'+t.secret+'\"]'),c=new RegExp(\"^https?:$\",\"i\"),i=0;i<o.length;i++)o[i].style.display=\"none\";for(i=0;i<a.length;i++)s=a[i],e.source===s.contentWindow&&(s.removeAttribute(\"style\"),\"height\"===t.message?(1e3<(r=parseInt(t.value,10))?r=1e3:~~r<200&&(r=200),s.height=r):\"link\"===t.message&&(r=new URL(s.getAttribute(\"src\")),n=new URL(t.value),c.test(n.protocol))&&n.host===r.host&&l.activeElement===s&&(d.top.location.href=t.value))}},d.addEventListener(\"message\",d.wp.receiveEmbedMessage,!1),l.addEventListener(\"DOMContentLoaded\",function(){for(var e,t,s=l.querySelectorAll(\"iframe.wp-embedded-content\"),r=0;r<s.length;r++)(t=(e=s[r]).getAttribute(\"data-secret\"))||(t=Math.random().toString(36).substring(2,12),e.src+=\"#?secret=\"+t,e.setAttribute(\"data-secret\",t)),e.contentWindow.postMessage({message:\"ready\",secret:t},\"*\")},!1)))}(window,document);\n\/\/# sourceURL=https:\/\/www.jazzzeitung.de\/cms\/wp-includes\/js\/wp-embed.min.js\n\/* ]]> *\/\n<\/script>\n","thumbnail_url":"https:\/\/i0.wp.com\/www.jazzzeitung.de\/cms\/wp-content\/uploads\/2016\/02\/P1170528-Rolfe-Foto-TJ-Krebs.jpg?fit=4404%2C2938&ssl=1","thumbnail_width":4404,"thumbnail_height":2938,"description":"Die Inspirationsquelle war die Musik von Bj\u00f6rk &#8211; das musikalische Ergebnis ist knalliger New Yorker Keller-Funk. Am vergangenen Sonntag stellte sich die f\u00fcnfte Band der Competition des BMW Welt Jazz Award: Der Schlagzeuger Karl Latham war zusammen mit Bassist Mark Egan, Keyborder Nick Rolfe sowie Trompeter Ryan Carniaux angetreten. Nach einem etwas l\u00e4ngeren Anlauf gelang es der Band im zweiten Set, das Publikum f\u00fcr sich zu gewinnen und zu Ovationen hinrei\u00dfen zu lassen. Das Event hat f\u00fcr uns der Fotograf Thomas J. Krebs mit den Bildern dieser Galerie dokumentiert."}

Die Inspirationsquelle war die Musik von Björk &#8211; das musikalische Ergebnis ist knalliger New Yorker Keller-Funk. Am vergangenen Sonntag stellte sich die fünfte Band der Competition des BMW Welt Jazz Award: Der Schlagzeuger Karl Latham war zusammen mit Bassist Mark Egan, Keyborder Nick Rolfe sowie Trompeter Ryan Carniaux angetreten. Nach einem etwas längeren Anlauf gelang es der Band im zweiten Set, das Publikum für sich zu gewinnen und zu Ovationen hinreißen zu lassen. Das Event hat für uns der Fotograf Thomas J. Krebs mit den Bildern dieser Galerie dokumentiert.
