{"version":"1.0","provider_name":"JazzZeitung","provider_url":"https:\/\/www.jazzzeitung.de\/cms","author_name":"Redaktion JazzZeitung","author_url":"https:\/\/www.jazzzeitung.de\/cms\/author\/redaktion\/","title":"JazzBaltica 2016 \u2013 Das Programm ist da - JazzZeitung","type":"rich","width":600,"height":338,"html":"<blockquote class=\"wp-embedded-content\" data-secret=\"jajfbRyDEz\"><a href=\"https:\/\/www.jazzzeitung.de\/cms\/2016\/03\/jazzbaltica-2016-das-programm-ist-da\/\">JazzBaltica 2016 \u2013 Das Programm ist da<\/a><\/blockquote><iframe sandbox=\"allow-scripts\" security=\"restricted\" src=\"https:\/\/www.jazzzeitung.de\/cms\/2016\/03\/jazzbaltica-2016-das-programm-ist-da\/embed\/#?secret=jajfbRyDEz\" width=\"600\" height=\"338\" title=\"&#8222;JazzBaltica 2016 \u2013 Das Programm ist da&#8220; &#8211; JazzZeitung\" data-secret=\"jajfbRyDEz\" frameborder=\"0\" marginwidth=\"0\" marginheight=\"0\" scrolling=\"no\" class=\"wp-embedded-content\"><\/iframe><script type=\"text\/javascript\">\n\/* <![CDATA[ *\/\n\/*! This file is auto-generated *\/\n!function(d,l){\"use strict\";l.querySelector&&d.addEventListener&&\"undefined\"!=typeof URL&&(d.wp=d.wp||{},d.wp.receiveEmbedMessage||(d.wp.receiveEmbedMessage=function(e){var t=e.data;if((t||t.secret||t.message||t.value)&&!\/[^a-zA-Z0-9]\/.test(t.secret)){for(var s,r,n,a=l.querySelectorAll('iframe[data-secret=\"'+t.secret+'\"]'),o=l.querySelectorAll('blockquote[data-secret=\"'+t.secret+'\"]'),c=new RegExp(\"^https?:$\",\"i\"),i=0;i<o.length;i++)o[i].style.display=\"none\";for(i=0;i<a.length;i++)s=a[i],e.source===s.contentWindow&&(s.removeAttribute(\"style\"),\"height\"===t.message?(1e3<(r=parseInt(t.value,10))?r=1e3:~~r<200&&(r=200),s.height=r):\"link\"===t.message&&(r=new URL(s.getAttribute(\"src\")),n=new URL(t.value),c.test(n.protocol))&&n.host===r.host&&l.activeElement===s&&(d.top.location.href=t.value))}},d.addEventListener(\"message\",d.wp.receiveEmbedMessage,!1),l.addEventListener(\"DOMContentLoaded\",function(){for(var e,t,s=l.querySelectorAll(\"iframe.wp-embedded-content\"),r=0;r<s.length;r++)(t=(e=s[r]).getAttribute(\"data-secret\"))||(t=Math.random().toString(36).substring(2,12),e.src+=\"#?secret=\"+t,e.setAttribute(\"data-secret\",t)),e.contentWindow.postMessage({message:\"ready\",secret:t},\"*\")},!1)))}(window,document);\n\/\/# sourceURL=https:\/\/www.jazzzeitung.de\/cms\/wp-includes\/js\/wp-embed.min.js\n\/* ]]> *\/\n<\/script>\n","description":"&#8222;Komm mit ans Meer&#8220;, hei\u00dft es in diesem Jahr bereits zum f\u00fcnften Mal, wenn JazzBaltica vom 24. bis zum 26. Juni 2016 auf dem Gel\u00e4nde der Niendorfer Evers-Werft und im Niendorfer Hafen der Gemeinde Timmendorfer Strand die Fahnen hisst. In seiner 26. Saison richtet das internationale Jazzfestival erneut einen Blick auf die baltische Jazzszene, aber auch dar\u00fcber hinaus. Es gibt Neuerungen, etwa die JazzBaltica All Star Band mit starken Charakteren wie Eva Kruse, Karin Hammar, Sandra Hempel, Tini Thomsen und Hildegunn \u00d8iseth, es kommen bekannte Gesichter in neuen Formationen wie etwa die Jazzpianisten Wolfgang Dauner oder Joachim K\u00fchn, und es finden Sologr\u00f6\u00dfen wie unter anderem die deutsch-iranische S\u00e4ngerin Cymin Samawatie, der Schlagzeuger Christian Lillinger mit seiner neuen Band Amok Amor und der polnische Geiger Adam Ba\u0142dych ihren Weg nach Niendorf. Der k\u00fcnstlerische Leiter Nils Landgren l\u00e4dt anl\u00e4sslich seines 60. Geburtstags gemeinsam mit seiner Funk Unit zu einer Dance-Night ein und wird au\u00dferdem als special guest auf Wunsch des legend\u00e4ren Berliner Quartetts Mo\u00b4Blow das Festival 2016 beschlie\u00dfen. Neben den Konzerten auf der gro\u00dfen B\u00fchne wird es ein kostenfreies Open&#8211;Air&#8211;Programm geben, auch der Eintritt zu den Konzerten &hellip;","thumbnail_url":"https:\/\/i0.wp.com\/www.jazzzeitung.de\/cms\/wp-content\/uploads\/2012\/01\/ipad-logo-200.png?fit=200%2C200&ssl=1","thumbnail_width":200,"thumbnail_height":200}

&#8222;Komm mit ans Meer&#8220;, heißt es in diesem Jahr bereits zum fünften Mal, wenn JazzBaltica vom 24. bis zum 26. Juni 2016 auf dem Gelände der Niendorfer Evers-Werft und im Niendorfer Hafen der Gemeinde Timmendorfer Strand die Fahnen hisst. In seiner 26. Saison richtet das internationale Jazzfestival erneut einen Blick auf die baltische Jazzszene, aber auch darüber hinaus. Es gibt Neuerungen, etwa die JazzBaltica All Star Band mit starken Charakteren wie Eva Kruse, Karin Hammar, Sandra Hempel, Tini Thomsen und Hildegunn Øiseth, es kommen bekannte Gesichter in neuen Formationen wie etwa die Jazzpianisten Wolfgang Dauner oder Joachim Kühn, und es finden Sologrößen wie unter anderem die deutsch-iranische Sängerin Cymin Samawatie, der Schlagzeuger Christian Lillinger mit seiner neuen Band Amok Amor und der polnische Geiger Adam Bałdych ihren Weg nach Niendorf. Der künstlerische Leiter Nils Landgren lädt anlässlich seines 60. Geburtstags gemeinsam mit seiner Funk Unit zu einer Dance-Night ein und wird außerdem als special guest auf Wunsch des legendären Berliner Quartetts Mo´Blow das Festival 2016 beschließen. Neben den Konzerten auf der großen Bühne wird es ein kostenfreies Open&#8211;Air&#8211;Programm geben, auch der Eintritt zu den Konzerten &hellip;
