{"version":"1.0","provider_name":"JazzZeitung","provider_url":"https:\/\/www.jazzzeitung.de\/cms","author_name":"Redaktion JazzZeitung","author_url":"https:\/\/www.jazzzeitung.de\/cms\/author\/redaktion\/","title":"Musik aus Stadt und Sand - Rudi Mahall und Istv\u00e1n Grencs\u00f3 ver\u00f6ffentlichen CD \u201eMarginal Music \/ R\u00e9tegzene\u201c - JazzZeitung","type":"rich","width":600,"height":338,"html":"<blockquote class=\"wp-embedded-content\" data-secret=\"aKq2G2JEMX\"><a href=\"https:\/\/www.jazzzeitung.de\/cms\/2016\/02\/musik-aus-stadt-und-sand\/\">Musik aus Stadt und Sand &#8211; Rudi Mahall und Istv\u00e1n Grencs\u00f3 ver\u00f6ffentlichen CD \u201eMarginal Music \/ R\u00e9tegzene\u201c<\/a><\/blockquote><iframe sandbox=\"allow-scripts\" security=\"restricted\" src=\"https:\/\/www.jazzzeitung.de\/cms\/2016\/02\/musik-aus-stadt-und-sand\/embed\/#?secret=aKq2G2JEMX\" width=\"600\" height=\"338\" title=\"&#8222;Musik aus Stadt und Sand &#8211; Rudi Mahall und Istv\u00e1n Grencs\u00f3 ver\u00f6ffentlichen CD \u201eMarginal Music \/ R\u00e9tegzene\u201c&#8220; &#8211; JazzZeitung\" data-secret=\"aKq2G2JEMX\" frameborder=\"0\" marginwidth=\"0\" marginheight=\"0\" scrolling=\"no\" class=\"wp-embedded-content\"><\/iframe><script type=\"text\/javascript\">\n\/* <![CDATA[ *\/\n\/*! This file is auto-generated *\/\n!function(d,l){\"use strict\";l.querySelector&&d.addEventListener&&\"undefined\"!=typeof URL&&(d.wp=d.wp||{},d.wp.receiveEmbedMessage||(d.wp.receiveEmbedMessage=function(e){var t=e.data;if((t||t.secret||t.message||t.value)&&!\/[^a-zA-Z0-9]\/.test(t.secret)){for(var s,r,n,a=l.querySelectorAll('iframe[data-secret=\"'+t.secret+'\"]'),o=l.querySelectorAll('blockquote[data-secret=\"'+t.secret+'\"]'),c=new RegExp(\"^https?:$\",\"i\"),i=0;i<o.length;i++)o[i].style.display=\"none\";for(i=0;i<a.length;i++)s=a[i],e.source===s.contentWindow&&(s.removeAttribute(\"style\"),\"height\"===t.message?(1e3<(r=parseInt(t.value,10))?r=1e3:~~r<200&&(r=200),s.height=r):\"link\"===t.message&&(r=new URL(s.getAttribute(\"src\")),n=new URL(t.value),c.test(n.protocol))&&n.host===r.host&&l.activeElement===s&&(d.top.location.href=t.value))}},d.addEventListener(\"message\",d.wp.receiveEmbedMessage,!1),l.addEventListener(\"DOMContentLoaded\",function(){for(var e,t,s=l.querySelectorAll(\"iframe.wp-embedded-content\"),r=0;r<s.length;r++)(t=(e=s[r]).getAttribute(\"data-secret\"))||(t=Math.random().toString(36).substring(2,12),e.src+=\"#?secret=\"+t,e.setAttribute(\"data-secret\",t)),e.contentWindow.postMessage({message:\"ready\",secret:t},\"*\")},!1)))}(window,document);\n\/\/# sourceURL=https:\/\/www.jazzzeitung.de\/cms\/wp-includes\/js\/wp-embed.min.js\n\/* ]]> *\/\n<\/script>\n","description":"Von Mathias B\u00e4umel &#8211; Da treffen zwei der fulminantesten und ausdrucksst\u00e4rksten Holzbl\u00e4ser ihrer L\u00e4nder \u2013 der Deutsche Rudi Mahall und der Ungar Istv\u00e1n Grencs\u00f3 \u2013 aufeinander, und was wird gespielt? Eine zwar kraftvolle, aber dennoch \u00fcberaus lyrische, atmosph\u00e4rische Musik. Die beiden kommen bekanntlich aus verschiedenen Freejazz-Kulturkreisen. Mahall ist stark gepr\u00e4gt von der Berliner Gro\u00dfstadt-Jazz-Atmosph\u00e4re, ist bekanntgeworden durch Gruppen wie Der Rote Bereich, G\u00fcnter Adler oder Die Entt\u00e4uschung, durch seine Zusammenarbeit mit Aki Takase und vor allem durch seine Mitwirkung am Projekt \u201eMonk\u2019s Casino\u201c, der einzigartigen Einspielung der Kompositionen Thelonius Monks. Mahall steht f\u00fcr eine souver\u00e4ne Verbindung von Free Jazz mit Bebop und dem Gro\u00dfstadt-Jazz fr\u00fcherer Zeitepochen. Grencs\u00f3 dagegen entstammt dem eher l\u00e4ndlichen Nordosten Ungarns, in dem auch slowakischer, ukrainischer und rum\u00e4nischer Kultureinfluss sp\u00fcrbar ist. Seit mehr als zwei Jahrzehnten mit eigenen Projekten eine individuelle Stimme im Jazz Ungarns, zeigt sich Istv\u00e1n Grencs\u00f3 doch stark gepr\u00e4gt vom gro\u00dfen Gy\u00f6rgy Szabados und dessen Balance von freien Improvisationen, folkloreinspirierten Melodien und vorgegebenen Strukturen. Durch seine Mitwirkung im Ungarischen K\u00f6niglichen Hoforchester (Magy\u00e1r Kir\u00e1lyi Udvari Zenekar \u2013 MAKUZ) hatte Grencs\u00f3 Anteil an der Einspielung der von Gy\u00f6rgy Ligeti hochgelobten CD &hellip;","thumbnail_url":"http:\/\/www.jazzzeitung.de\/cms\/wp-content\/uploads\/2016\/02\/222_650-150x150.jpg"}

Musik aus Stadt und Sand - Rudi Mahall und István Grencsó veröffentlichen CD „Marginal Music / Rétegzene“ - JazzZeitung

<blockquote class="wp-embedded-content" data-secret="aKq2G2JEMX"><a href="https://www.jazzzeitung.de/cms/2016/02/musik-aus-stadt-und-sand/">Musik aus Stadt und Sand &#8211; Rudi Mahall und István Grencsó veröffentlichen CD „Marginal Music / Rétegzene“</a></blockquote><iframe sandbox="allow-scripts" security="restricted" src="https://www.jazzzeitung.de/cms/2016/02/musik-aus-stadt-und-sand/embed/#?secret=aKq2G2JEMX" width="600" height="338" title="&#8222;Musik aus Stadt und Sand &#8211; Rudi Mahall und István Grencsó veröffentlichen CD „Marginal Music / Rétegzene“&#8220; &#8211; JazzZeitung" data-secret="aKq2G2JEMX" frameborder="0" marginwidth="0" marginheight="0" scrolling="no" class="wp-embedded-content"></iframe><script type="text/javascript">
/* <![CDATA[ */
/*! This file is auto-generated */
!function(d,l){"use strict";l.querySelector&&d.addEventListener&&"undefined"!=typeof URL&&(d.wp=d.wp||{},d.wp.receiveEmbedMessage||(d.wp.receiveEmbedMessage=function(e){var t=e.data;if((t||t.secret||t.message||t.value)&&!/[^a-zA-Z0-9]/.test(t.secret)){for(var s,r,n,a=l.querySelectorAll('iframe[data-secret="'+t.secret+'"]'),o=l.querySelectorAll('blockquote[data-secret="'+t.secret+'"]'),c=new RegExp("^https?:$","i"),i=0;i<o.length;i++)o[i].style.display="none";for(i=0;i<a.length;i++)s=a[i],e.source===s.contentWindow&&(s.removeAttribute("style"),"height"===t.message?(1e3<(r=parseInt(t.value,10))?r=1e3:~~r<200&&(r=200),s.height=r):"link"===t.message&&(r=new URL(s.getAttribute("src")),n=new URL(t.value),c.test(n.protocol))&&n.host===r.host&&l.activeElement===s&&(d.top.location.href=t.value))}},d.addEventListener("message",d.wp.receiveEmbedMessage,!1),l.addEventListener("DOMContentLoaded",function(){for(var e,t,s=l.querySelectorAll("iframe.wp-embedded-content"),r=0;r<s.length;r++)(t=(e=s[r]).getAttribute("data-secret"))||(t=Math.random().toString(36).substring(2,12),e.src+="#?secret="+t,e.setAttribute("data-secret",t)),e.contentWindow.postMessage({message:"ready",secret:t},"*")},!1)))}(window,document);
//# sourceURL=https://www.jazzzeitung.de/cms/wp-includes/js/wp-embed.min.js
/* ]]> */
</script>

Von Mathias Bäumel &#8211; Da treffen zwei der fulminantesten und ausdrucksstärksten Holzbläser ihrer Länder – der Deutsche Rudi Mahall und der Ungar István Grencsó – aufeinander, und was wird gespielt? Eine zwar kraftvolle, aber dennoch überaus lyrische, atmosphärische Musik. Die beiden kommen bekanntlich aus verschiedenen Freejazz-Kulturkreisen. Mahall ist stark geprägt von der Berliner Großstadt-Jazz-Atmosphäre, ist bekanntgeworden durch Gruppen wie Der Rote Bereich, Günter Adler oder Die Enttäuschung, durch seine Zusammenarbeit mit Aki Takase und vor allem durch seine Mitwirkung am Projekt „Monk’s Casino“, der einzigartigen Einspielung der Kompositionen Thelonius Monks. Mahall steht für eine souveräne Verbindung von Free Jazz mit Bebop und dem Großstadt-Jazz früherer Zeitepochen. Grencsó dagegen entstammt dem eher ländlichen Nordosten Ungarns, in dem auch slowakischer, ukrainischer und rumänischer Kultureinfluss spürbar ist. Seit mehr als zwei Jahrzehnten mit eigenen Projekten eine individuelle Stimme im Jazz Ungarns, zeigt sich István Grencsó doch stark geprägt vom großen György Szabados und dessen Balance von freien Improvisationen, folkloreinspirierten Melodien und vorgegebenen Strukturen. Durch seine Mitwirkung im Ungarischen Königlichen Hoforchester (Magyár Királyi Udvari Zenekar – MAKUZ) hatte Grencsó Anteil an der Einspielung der von György Ligeti hochgelobten CD &hellip;
