{"version":"1.0","provider_name":"JazzZeitung","provider_url":"https:\/\/www.jazzzeitung.de\/cms","author_name":"Redaktion JazzZeitung","author_url":"https:\/\/www.jazzzeitung.de\/cms\/author\/redaktion\/","title":"Montreux Jazz Festival 2016 - das halbe Jahrhundert - JazzZeitung","type":"rich","width":600,"height":338,"html":"<blockquote class=\"wp-embedded-content\" data-secret=\"5AHQTIuQUt\"><a href=\"https:\/\/www.jazzzeitung.de\/cms\/2016\/02\/montreux-jazz-festival-2016-das-halbe-jahrhundert\/\">Montreux Jazz Festival 2016 &#8211; das halbe Jahrhundert<\/a><\/blockquote><iframe sandbox=\"allow-scripts\" security=\"restricted\" src=\"https:\/\/www.jazzzeitung.de\/cms\/2016\/02\/montreux-jazz-festival-2016-das-halbe-jahrhundert\/embed\/#?secret=5AHQTIuQUt\" width=\"600\" height=\"338\" title=\"&#8222;Montreux Jazz Festival 2016 &#8211; das halbe Jahrhundert&#8220; &#8211; JazzZeitung\" data-secret=\"5AHQTIuQUt\" frameborder=\"0\" marginwidth=\"0\" marginheight=\"0\" scrolling=\"no\" class=\"wp-embedded-content\"><\/iframe><script type=\"text\/javascript\">\n\/* <![CDATA[ *\/\n\/*! This file is auto-generated *\/\n!function(d,l){\"use strict\";l.querySelector&&d.addEventListener&&\"undefined\"!=typeof URL&&(d.wp=d.wp||{},d.wp.receiveEmbedMessage||(d.wp.receiveEmbedMessage=function(e){var t=e.data;if((t||t.secret||t.message||t.value)&&!\/[^a-zA-Z0-9]\/.test(t.secret)){for(var s,r,n,a=l.querySelectorAll('iframe[data-secret=\"'+t.secret+'\"]'),o=l.querySelectorAll('blockquote[data-secret=\"'+t.secret+'\"]'),c=new RegExp(\"^https?:$\",\"i\"),i=0;i<o.length;i++)o[i].style.display=\"none\";for(i=0;i<a.length;i++)s=a[i],e.source===s.contentWindow&&(s.removeAttribute(\"style\"),\"height\"===t.message?(1e3<(r=parseInt(t.value,10))?r=1e3:~~r<200&&(r=200),s.height=r):\"link\"===t.message&&(r=new URL(s.getAttribute(\"src\")),n=new URL(t.value),c.test(n.protocol))&&n.host===r.host&&l.activeElement===s&&(d.top.location.href=t.value))}},d.addEventListener(\"message\",d.wp.receiveEmbedMessage,!1),l.addEventListener(\"DOMContentLoaded\",function(){for(var e,t,s=l.querySelectorAll(\"iframe.wp-embedded-content\"),r=0;r<s.length;r++)(t=(e=s[r]).getAttribute(\"data-secret\"))||(t=Math.random().toString(36).substring(2,12),e.src+=\"#?secret=\"+t,e.setAttribute(\"data-secret\",t)),e.contentWindow.postMessage({message:\"ready\",secret:t},\"*\")},!1)))}(window,document);\n\/\/# sourceURL=https:\/\/www.jazzzeitung.de\/cms\/wp-includes\/js\/wp-embed.min.js\n\/* ]]> *\/\n<\/script>\n","description":"Text und Fotos von Ralf Dombrowski &#8211; 50 Jahre, ein stolzes Alter: im Sommer 1967 brachte Claude Nobs, gelernter Koch und begeisterter Musikfan, in seiner Heimatstadt Montreux ein Festival auf den Weg. Dem an zunehmender Bedeutungslosigkeit leidenden, wenn auch einst strahlenden Kurbad am Genfer See passierte damit ein Gl\u00fccksgriff, der ihm zu neuer Gr\u00f6\u00dfe verhalf. Denn jener Vision\u00e4r, der am 4. Februar 80 Jahre alt geworden w\u00e4re, baute das Montreux Jazz Festival nicht nur zu einem der wichtigsten sommerlichen Musiktreffpunkte in Europa, sondern auch zu einem der am besten dokumentierten Verstaltungsreihen der Konzertwelt auf. Es gibt also etwas zu feiern in diesem Sommer. Zwar schweigt sich die Programmleitung des Festivals bis April \u00fcber das kommende Line-Up aus. Trotzdem aber wurde schon einmal zum Stelldichein in das Chalet Nobs hoch \u00fcber dem Genfer See geladen. Denn erstens wurde das Jubil\u00e4ums-Plakat vorgestellt, f\u00fcr das der Waadtl\u00e4nder K\u00fcnstler Giovanni Riva das Logo des Festivals mit Details der vorangegangenen 49.Ausgaben hinterlegte. Am Berg wurde daf\u00fcr eigens eine leuchtende Skulptur mit den Schriftzug aufgestellt, das von der anwesenden Medienwelt auch ausgiebig abgelichtet wurde. Weit spannender aber waren zweitens zwei andere &hellip;","thumbnail_url":"https:\/\/i0.wp.com\/www.jazzzeitung.de\/cms\/wp-content\/uploads\/2016\/02\/0K3A6173.jpg?w=354&#038;h=236&#038;ssl=1"}

Text und Fotos von Ralf Dombrowski &#8211; 50 Jahre, ein stolzes Alter: im Sommer 1967 brachte Claude Nobs, gelernter Koch und begeisterter Musikfan, in seiner Heimatstadt Montreux ein Festival auf den Weg. Dem an zunehmender Bedeutungslosigkeit leidenden, wenn auch einst strahlenden Kurbad am Genfer See passierte damit ein Glücksgriff, der ihm zu neuer Größe verhalf. Denn jener Visionär, der am 4. Februar 80 Jahre alt geworden wäre, baute das Montreux Jazz Festival nicht nur zu einem der wichtigsten sommerlichen Musiktreffpunkte in Europa, sondern auch zu einem der am besten dokumentierten Verstaltungsreihen der Konzertwelt auf. Es gibt also etwas zu feiern in diesem Sommer. Zwar schweigt sich die Programmleitung des Festivals bis April über das kommende Line-Up aus. Trotzdem aber wurde schon einmal zum Stelldichein in das Chalet Nobs hoch über dem Genfer See geladen. Denn erstens wurde das Jubiläums-Plakat vorgestellt, für das der Waadtländer Künstler Giovanni Riva das Logo des Festivals mit Details der vorangegangenen 49.Ausgaben hinterlegte. Am Berg wurde dafür eigens eine leuchtende Skulptur mit den Schriftzug aufgestellt, das von der anwesenden Medienwelt auch ausgiebig abgelichtet wurde. Weit spannender aber waren zweitens zwei andere &hellip;
