{"version":"1.0","provider_name":"JazzZeitung","provider_url":"https:\/\/www.jazzzeitung.de\/cms","author_name":"Redaktion JazzZeitung","author_url":"https:\/\/www.jazzzeitung.de\/cms\/author\/redaktion\/","title":"Wie der Jazz nach Deutschland kam: ein Filmprojekt - JazzZeitung","type":"rich","width":600,"height":338,"html":"<blockquote class=\"wp-embedded-content\" data-secret=\"6Szy2K2PYo\"><a href=\"https:\/\/www.jazzzeitung.de\/cms\/2015\/12\/jazz-deutschland-ein-filmprojekt\/\">Wie der Jazz nach Deutschland kam: ein Filmprojekt<\/a><\/blockquote><iframe sandbox=\"allow-scripts\" security=\"restricted\" src=\"https:\/\/www.jazzzeitung.de\/cms\/2015\/12\/jazz-deutschland-ein-filmprojekt\/embed\/#?secret=6Szy2K2PYo\" width=\"600\" height=\"338\" title=\"&#8222;Wie der Jazz nach Deutschland kam: ein Filmprojekt&#8220; &#8211; JazzZeitung\" data-secret=\"6Szy2K2PYo\" frameborder=\"0\" marginwidth=\"0\" marginheight=\"0\" scrolling=\"no\" class=\"wp-embedded-content\"><\/iframe><script type=\"text\/javascript\">\n\/* <![CDATA[ *\/\n\/*! This file is auto-generated *\/\n!function(d,l){\"use strict\";l.querySelector&&d.addEventListener&&\"undefined\"!=typeof URL&&(d.wp=d.wp||{},d.wp.receiveEmbedMessage||(d.wp.receiveEmbedMessage=function(e){var t=e.data;if((t||t.secret||t.message||t.value)&&!\/[^a-zA-Z0-9]\/.test(t.secret)){for(var s,r,n,a=l.querySelectorAll('iframe[data-secret=\"'+t.secret+'\"]'),o=l.querySelectorAll('blockquote[data-secret=\"'+t.secret+'\"]'),c=new RegExp(\"^https?:$\",\"i\"),i=0;i<o.length;i++)o[i].style.display=\"none\";for(i=0;i<a.length;i++)s=a[i],e.source===s.contentWindow&&(s.removeAttribute(\"style\"),\"height\"===t.message?(1e3<(r=parseInt(t.value,10))?r=1e3:~~r<200&&(r=200),s.height=r):\"link\"===t.message&&(r=new URL(s.getAttribute(\"src\")),n=new URL(t.value),c.test(n.protocol))&&n.host===r.host&&l.activeElement===s&&(d.top.location.href=t.value))}},d.addEventListener(\"message\",d.wp.receiveEmbedMessage,!1),l.addEventListener(\"DOMContentLoaded\",function(){for(var e,t,s=l.querySelectorAll(\"iframe.wp-embedded-content\"),r=0;r<s.length;r++)(t=(e=s[r]).getAttribute(\"data-secret\"))||(t=Math.random().toString(36).substring(2,12),e.src+=\"#?secret=\"+t,e.setAttribute(\"data-secret\",t)),e.contentWindow.postMessage({message:\"ready\",secret:t},\"*\")},!1)))}(window,document);\n\/\/# sourceURL=https:\/\/www.jazzzeitung.de\/cms\/wp-includes\/js\/wp-embed.min.js\n\/* ]]> *\/\n<\/script>\n","description":"Die Filmemacher Andreas Heinrich und Reinhard Kungel von rk-film arbeiten an einem Dokumentarfilm \u00fcber Anfang und Verbreitung des Jazz in Deutschland. Einen ersten Eindruck vermittelt ihr Trailer, der auf folgender Internet-Seite frei zug\u00e4nglich ist: http:\/\/jazz2germany.de In der Finanzierung ihres Projektes gehen die Filmemacher neue Wege. Gemeinsam mit der Internetplattform Startnext versucht man den schwierigen Marktbedingungen im Dokumentarfilm zu trotzen: mittels Crowdfunding. http:\/\/startnext.com\/entering-germany Jazz- und Filmliebhaber haben hierbei die M\u00f6glichkeit, das Filmvorhaben direkt und sofort finanziell zu unterst\u00fctzten. Optional winken verschiedene &#8222;Dankesch\u00f6ns&#8220; als Gegenwert &#8211; ganz abgesehen vom ideellen Wert, dieses Projekt mitrealisiert zu haben. ENTERING GERMANY \u2013 WIE DER JAZZ NACH DEUTSCHLAND KAM Ein Filmprojekt von Reinhard Kungel und Andreas Heinrich Kein Dokumentarfilm hat bisher umfassend die Geschichte des deutschen Jazz erz\u00e4hlt. Reinhard Kungel m\u00f6chte dies \u00e4ndern und arbeitet seit sieben Jahren mit seiner Produktionsfirma rk-film an der Realisierung von &#8222;Entering Germany | Wie der Jazz nach Deutschland kam&#8220;. Jazz-Legenden in ausf\u00fchrlichen Interviews festzuhalten, darunter Coco Schumann, Paul Kuhn (\u2020), Rolf K\u00fchn, Max Greger (\u2020), Klaus Doldinger, Hugo Strasser, Peter Thomas und &#8222;DDR-Jazz-Papst&#8220; Karlheinz Drechsel. Hinzu kommen bisher unver\u00f6ffentlichte Konzertaufzeichnungen, darunter das legend\u00e4re letzte Live-Konzert &hellip;","thumbnail_url":"http:\/\/www.jazzzeitung.de\/cms\/wp-content\/uploads\/2015\/12\/Jazz_Titelfoto_3-150x150.jpg"}

Die Filmemacher Andreas Heinrich und Reinhard Kungel von rk-film arbeiten an einem Dokumentarfilm über Anfang und Verbreitung des Jazz in Deutschland. Einen ersten Eindruck vermittelt ihr Trailer, der auf folgender Internet-Seite frei zugänglich ist: http://jazz2germany.de In der Finanzierung ihres Projektes gehen die Filmemacher neue Wege. Gemeinsam mit der Internetplattform Startnext versucht man den schwierigen Marktbedingungen im Dokumentarfilm zu trotzen: mittels Crowdfunding. http://startnext.com/entering-germany Jazz- und Filmliebhaber haben hierbei die Möglichkeit, das Filmvorhaben direkt und sofort finanziell zu unterstützten. Optional winken verschiedene &#8222;Dankeschöns&#8220; als Gegenwert &#8211; ganz abgesehen vom ideellen Wert, dieses Projekt mitrealisiert zu haben. ENTERING GERMANY – WIE DER JAZZ NACH DEUTSCHLAND KAM Ein Filmprojekt von Reinhard Kungel und Andreas Heinrich Kein Dokumentarfilm hat bisher umfassend die Geschichte des deutschen Jazz erzählt. Reinhard Kungel möchte dies ändern und arbeitet seit sieben Jahren mit seiner Produktionsfirma rk-film an der Realisierung von &#8222;Entering Germany | Wie der Jazz nach Deutschland kam&#8220;. Jazz-Legenden in ausführlichen Interviews festzuhalten, darunter Coco Schumann, Paul Kuhn (†), Rolf Kühn, Max Greger (†), Klaus Doldinger, Hugo Strasser, Peter Thomas und &#8222;DDR-Jazz-Papst&#8220; Karlheinz Drechsel. Hinzu kommen bisher unveröffentlichte Konzertaufzeichnungen, darunter das legendäre letzte Live-Konzert &hellip;
