{"version":"1.0","provider_name":"JazzZeitung","provider_url":"https:\/\/www.jazzzeitung.de\/cms","title":"\u201eAlles ist Jazz \u2013 irgendwie\u201c: Jazzfest M\u00fcnchen 2015 - JazzZeitung","type":"rich","width":600,"height":338,"html":"<blockquote class=\"wp-embedded-content\" data-secret=\"37o7gKtlsN\"><a href=\"https:\/\/www.jazzzeitung.de\/cms\/2015\/12\/alles-ist-jazz-irgendwie-jazzfest-muenchen-2015\/\">\u201eAlles ist Jazz \u2013 irgendwie\u201c: Jazzfest M\u00fcnchen 2015<\/a><\/blockquote><iframe sandbox=\"allow-scripts\" security=\"restricted\" src=\"https:\/\/www.jazzzeitung.de\/cms\/2015\/12\/alles-ist-jazz-irgendwie-jazzfest-muenchen-2015\/embed\/#?secret=37o7gKtlsN\" width=\"600\" height=\"338\" title=\"&#8222;\u201eAlles ist Jazz \u2013 irgendwie\u201c: Jazzfest M\u00fcnchen 2015&#8220; &#8211; JazzZeitung\" data-secret=\"37o7gKtlsN\" frameborder=\"0\" marginwidth=\"0\" marginheight=\"0\" scrolling=\"no\" class=\"wp-embedded-content\"><\/iframe><script type=\"text\/javascript\">\n\/* <![CDATA[ *\/\n\/*! This file is auto-generated *\/\n!function(d,l){\"use strict\";l.querySelector&&d.addEventListener&&\"undefined\"!=typeof URL&&(d.wp=d.wp||{},d.wp.receiveEmbedMessage||(d.wp.receiveEmbedMessage=function(e){var t=e.data;if((t||t.secret||t.message||t.value)&&!\/[^a-zA-Z0-9]\/.test(t.secret)){for(var s,r,n,a=l.querySelectorAll('iframe[data-secret=\"'+t.secret+'\"]'),o=l.querySelectorAll('blockquote[data-secret=\"'+t.secret+'\"]'),c=new RegExp(\"^https?:$\",\"i\"),i=0;i<o.length;i++)o[i].style.display=\"none\";for(i=0;i<a.length;i++)s=a[i],e.source===s.contentWindow&&(s.removeAttribute(\"style\"),\"height\"===t.message?(1e3<(r=parseInt(t.value,10))?r=1e3:~~r<200&&(r=200),s.height=r):\"link\"===t.message&&(r=new URL(s.getAttribute(\"src\")),n=new URL(t.value),c.test(n.protocol))&&n.host===r.host&&l.activeElement===s&&(d.top.location.href=t.value))}},d.addEventListener(\"message\",d.wp.receiveEmbedMessage,!1),l.addEventListener(\"DOMContentLoaded\",function(){for(var e,t,s=l.querySelectorAll(\"iframe.wp-embedded-content\"),r=0;r<s.length;r++)(t=(e=s[r]).getAttribute(\"data-secret\"))||(t=Math.random().toString(36).substring(2,12),e.src+=\"#?secret=\"+t,e.setAttribute(\"data-secret\",t)),e.contentWindow.postMessage({message:\"ready\",secret:t},\"*\")},!1)))}(window,document);\n\/\/# sourceURL=https:\/\/www.jazzzeitung.de\/cms\/wp-includes\/js\/wp-embed.min.js\n\/* ]]> *\/\n<\/script>\n","description":"Von Godehard Lutz &#8211; \u201eAlles ist Jazz \u2013 irgendwie\u201c: Diese augenzwinkernde Aussage des Pianisten Andy Lutter kennzeichnete mehr oder weniger trefflich die beiden ersten Konzerte am Er\u00f6ffnungsabend des 26. Jazzfest der Jazzmusiker-Iniative M\u00fcnchen. Deren Vorsitzender und bew\u00e4hrter Festivalleiter ist Lutter seit langem. Im Verdacht, der Jazzpolizei anzugeh\u00f6ren, stehen eher und sein Verein eh nicht. Die musikalischen Grenzen waren beim Jazzfest nie ganz eng und wurden in den letzten Jahren (auch geographisch) eher weiter gezogen. Wenn also am Donnerstagabend, den 10. Dezember in der Black Box des Gasteig sechs extrovertierte Stra\u00dfenmusikanten auf der B\u00fchne standen, die sonst eher in der M\u00fcnchener Fu\u00dfg\u00e4ngerzone anzutreffen sind und von einer besinnlichen Singersongwriterin aus der Schweiz abgel\u00f6st wurden, konnte, musste man sich aber nicht wundern. Jazz boten \u201eKonnexion Balkon\u201c und Katharina Busch und ihre Band nicht, aber sie entsprachen voll dem Festival-Motto \u201eH\u00f6ren Sie Stimmen!\u201c Und es bereitete Freude, ihnen zuzuh\u00f6ren. Darein mischte sich beim Auftakt von der Stra\u00dfe eine geh\u00f6rige Portion Verbl\u00fcffung und Spa\u00df \u00fcber diese \u201eupcyclete Musik\u201c, die vor der genialen Verwertung keiner Komposition aus Klassik und Pop zur\u00fcckschreckt und nebenbei das Schlagcello erfunden hat, das so gewisserma\u00dfen &hellip;","thumbnail_url":"https:\/\/i0.wp.com\/www.jazzzeitung.de\/cms\/wp-content\/uploads\/2015\/12\/ROSCHERMonikaMCC\u00a9Godehard.Lutz@bayern-mail.de_IMGP4113.jpg?w=557&#038;h=369&#038;ssl=1"}

„Alles ist Jazz – irgendwie“: Jazzfest München 2015 - JazzZeitung

<blockquote class="wp-embedded-content" data-secret="37o7gKtlsN"><a href="https://www.jazzzeitung.de/cms/2015/12/alles-ist-jazz-irgendwie-jazzfest-muenchen-2015/">„Alles ist Jazz – irgendwie“: Jazzfest München 2015</a></blockquote><iframe sandbox="allow-scripts" security="restricted" src="https://www.jazzzeitung.de/cms/2015/12/alles-ist-jazz-irgendwie-jazzfest-muenchen-2015/embed/#?secret=37o7gKtlsN" width="600" height="338" title="&#8222;„Alles ist Jazz – irgendwie“: Jazzfest München 2015&#8220; &#8211; JazzZeitung" data-secret="37o7gKtlsN" frameborder="0" marginwidth="0" marginheight="0" scrolling="no" class="wp-embedded-content"></iframe><script type="text/javascript">
/* <![CDATA[ */
/*! This file is auto-generated */
!function(d,l){"use strict";l.querySelector&&d.addEventListener&&"undefined"!=typeof URL&&(d.wp=d.wp||{},d.wp.receiveEmbedMessage||(d.wp.receiveEmbedMessage=function(e){var t=e.data;if((t||t.secret||t.message||t.value)&&!/[^a-zA-Z0-9]/.test(t.secret)){for(var s,r,n,a=l.querySelectorAll('iframe[data-secret="'+t.secret+'"]'),o=l.querySelectorAll('blockquote[data-secret="'+t.secret+'"]'),c=new RegExp("^https?:$","i"),i=0;i<o.length;i++)o[i].style.display="none";for(i=0;i<a.length;i++)s=a[i],e.source===s.contentWindow&&(s.removeAttribute("style"),"height"===t.message?(1e3<(r=parseInt(t.value,10))?r=1e3:~~r<200&&(r=200),s.height=r):"link"===t.message&&(r=new URL(s.getAttribute("src")),n=new URL(t.value),c.test(n.protocol))&&n.host===r.host&&l.activeElement===s&&(d.top.location.href=t.value))}},d.addEventListener("message",d.wp.receiveEmbedMessage,!1),l.addEventListener("DOMContentLoaded",function(){for(var e,t,s=l.querySelectorAll("iframe.wp-embedded-content"),r=0;r<s.length;r++)(t=(e=s[r]).getAttribute("data-secret"))||(t=Math.random().toString(36).substring(2,12),e.src+="#?secret="+t,e.setAttribute("data-secret",t)),e.contentWindow.postMessage({message:"ready",secret:t},"*")},!1)))}(window,document);
//# sourceURL=https://www.jazzzeitung.de/cms/wp-includes/js/wp-embed.min.js
/* ]]> */
</script>

Von Godehard Lutz &#8211; „Alles ist Jazz – irgendwie“: Diese augenzwinkernde Aussage des Pianisten Andy Lutter kennzeichnete mehr oder weniger trefflich die beiden ersten Konzerte am Eröffnungsabend des 26. Jazzfest der Jazzmusiker-Iniative München. Deren Vorsitzender und bewährter Festivalleiter ist Lutter seit langem. Im Verdacht, der Jazzpolizei anzugehören, stehen eher und sein Verein eh nicht. Die musikalischen Grenzen waren beim Jazzfest nie ganz eng und wurden in den letzten Jahren (auch geographisch) eher weiter gezogen. Wenn also am Donnerstagabend, den 10. Dezember in der Black Box des Gasteig sechs extrovertierte Straßenmusikanten auf der Bühne standen, die sonst eher in der Münchener Fußgängerzone anzutreffen sind und von einer besinnlichen Singersongwriterin aus der Schweiz abgelöst wurden, konnte, musste man sich aber nicht wundern. Jazz boten „Konnexion Balkon“ und Katharina Busch und ihre Band nicht, aber sie entsprachen voll dem Festival-Motto „Hören Sie Stimmen!“ Und es bereitete Freude, ihnen zuzuhören. Darein mischte sich beim Auftakt von der Straße eine gehörige Portion Verblüffung und Spaß über diese „upcyclete Musik“, die vor der genialen Verwertung keiner Komposition aus Klassik und Pop zurückschreckt und nebenbei das Schlagcello erfunden hat, das so gewissermaßen &hellip;
