{"version":"1.0","provider_name":"JazzZeitung","provider_url":"https:\/\/www.jazzzeitung.de\/cms","title":"I got rhythm. Kunst und Jazz von 1920 bis heute - JazzZeitung","type":"rich","width":600,"height":338,"html":"<blockquote class=\"wp-embedded-content\" data-secret=\"Upmf6SVHpC\"><a href=\"https:\/\/www.jazzzeitung.de\/cms\/2015\/11\/rhythm-kunst-und-jazz-von-1920-bis-heute\/\">I got rhythm. Kunst und Jazz von 1920 bis heute<\/a><\/blockquote><iframe sandbox=\"allow-scripts\" security=\"restricted\" src=\"https:\/\/www.jazzzeitung.de\/cms\/2015\/11\/rhythm-kunst-und-jazz-von-1920-bis-heute\/embed\/#?secret=Upmf6SVHpC\" width=\"600\" height=\"338\" title=\"&#8222;I got rhythm. Kunst und Jazz von 1920 bis heute&#8220; &#8211; JazzZeitung\" data-secret=\"Upmf6SVHpC\" frameborder=\"0\" marginwidth=\"0\" marginheight=\"0\" scrolling=\"no\" class=\"wp-embedded-content\"><\/iframe><script type=\"text\/javascript\">\n\/* <![CDATA[ *\/\n\/*! This file is auto-generated *\/\n!function(d,l){\"use strict\";l.querySelector&&d.addEventListener&&\"undefined\"!=typeof URL&&(d.wp=d.wp||{},d.wp.receiveEmbedMessage||(d.wp.receiveEmbedMessage=function(e){var t=e.data;if((t||t.secret||t.message||t.value)&&!\/[^a-zA-Z0-9]\/.test(t.secret)){for(var s,r,n,a=l.querySelectorAll('iframe[data-secret=\"'+t.secret+'\"]'),o=l.querySelectorAll('blockquote[data-secret=\"'+t.secret+'\"]'),c=new RegExp(\"^https?:$\",\"i\"),i=0;i<o.length;i++)o[i].style.display=\"none\";for(i=0;i<a.length;i++)s=a[i],e.source===s.contentWindow&&(s.removeAttribute(\"style\"),\"height\"===t.message?(1e3<(r=parseInt(t.value,10))?r=1e3:~~r<200&&(r=200),s.height=r):\"link\"===t.message&&(r=new URL(s.getAttribute(\"src\")),n=new URL(t.value),c.test(n.protocol))&&n.host===r.host&&l.activeElement===s&&(d.top.location.href=t.value))}},d.addEventListener(\"message\",d.wp.receiveEmbedMessage,!1),l.addEventListener(\"DOMContentLoaded\",function(){for(var e,t,s=l.querySelectorAll(\"iframe.wp-embedded-content\"),r=0;r<s.length;r++)(t=(e=s[r]).getAttribute(\"data-secret\"))||(t=Math.random().toString(36).substring(2,12),e.src+=\"#?secret=\"+t,e.setAttribute(\"data-secret\",t)),e.contentWindow.postMessage({message:\"ready\",secret:t},\"*\")},!1)))}(window,document);\n\/\/# sourceURL=https:\/\/www.jazzzeitung.de\/cms\/wp-includes\/js\/wp-embed.min.js\n\/* ]]> *\/\n<\/script>\n","description":"Menschen mit umgehangenen Audio-Guides, die durch ein Museum laufen, sind heute wirklich nichts Au\u00dfergew\u00f6hnliches. Aber was ist das f\u00fcr eine Ausstellung, in der die Menschen dabei l\u00e4cheln, mit Kopf und H\u00fcfte wippen und andere Besucher zum Tanz auffordern? So geschehen und gesehen in der gro\u00dfen Sonderausstellung \u201eI Got Rhythm. Kunst und Jazz seit 1920\u201c im Kunstmuseum Stuttgart und noch m\u00f6glich bis zum 16. M\u00e4rz 2016. Die Ausstellung untersucht die vielf\u00e4ltigen Wechselwirkungen von Jazz und Bildender Kunst. Vom Futurismus bis zur Gegenwart reicht die Who\u2019s Who-Liste der bildenden K\u00fcnstler, die Jazzfans waren. Zu Beginn des 20. Jahrhunderts war der Jazz die Zukunft der Musik und zugleich das erste weltweite Pop-Ph\u00e4nomen. Anhand spektakul\u00e4rer Leihgaben aus internationalen Museen und Sammlungen zeigt die gro\u00dfe Sonderausstellung \u201eI Got Rhythm. Kunst und Jazz seit 1920\u201c, dass der Jazz in den letzten einhundert Jahren und bis in die Gegenwart hinein ein internationaler Impulsgeber war. Eine umfassendere Schau zur Wechselbeziehung zwischen bildender Kunst und Jazz hat es bislang in Deutschland nicht gegeben. Die Ausstellung ist der H\u00f6hepunkt zum 10-j\u00e4hrigen Jubil\u00e4um des Kunstmuseum Stuttgart, das unter dem Thema \u201eKunst &amp; Musik\u201c steht. Innerhalb k\u00fcrzester &hellip;","thumbnail_url":"http:\/\/www.jazzzeitung.de\/cms\/wp-content\/uploads\/2015\/11\/BECKMANN_Begin-the-Beguine_a06df4-150x150.jpg"}

Menschen mit umgehangenen Audio-Guides, die durch ein Museum laufen, sind heute wirklich nichts Außergewöhnliches. Aber was ist das für eine Ausstellung, in der die Menschen dabei lächeln, mit Kopf und Hüfte wippen und andere Besucher zum Tanz auffordern? So geschehen und gesehen in der großen Sonderausstellung „I Got Rhythm. Kunst und Jazz seit 1920“ im Kunstmuseum Stuttgart und noch möglich bis zum 16. März 2016. Die Ausstellung untersucht die vielfältigen Wechselwirkungen von Jazz und Bildender Kunst. Vom Futurismus bis zur Gegenwart reicht die Who’s Who-Liste der bildenden Künstler, die Jazzfans waren. Zu Beginn des 20. Jahrhunderts war der Jazz die Zukunft der Musik und zugleich das erste weltweite Pop-Phänomen. Anhand spektakulärer Leihgaben aus internationalen Museen und Sammlungen zeigt die große Sonderausstellung „I Got Rhythm. Kunst und Jazz seit 1920“, dass der Jazz in den letzten einhundert Jahren und bis in die Gegenwart hinein ein internationaler Impulsgeber war. Eine umfassendere Schau zur Wechselbeziehung zwischen bildender Kunst und Jazz hat es bislang in Deutschland nicht gegeben. Die Ausstellung ist der Höhepunkt zum 10-jährigen Jubiläum des Kunstmuseum Stuttgart, das unter dem Thema „Kunst &amp; Musik“ steht. Innerhalb kürzester &hellip;
