{"version":"1.0","provider_name":"JazzZeitung","provider_url":"https:\/\/www.jazzzeitung.de\/cms","author_name":"Redaktion JazzZeitung","author_url":"https:\/\/www.jazzzeitung.de\/cms\/author\/redaktion\/","title":"Frederik K\u00f6ster & Sebastian Sternal mit neuer CD: Canada - JazzZeitung","type":"rich","width":600,"height":338,"html":"<blockquote class=\"wp-embedded-content\" data-secret=\"Zy1wWmVY8I\"><a href=\"https:\/\/www.jazzzeitung.de\/cms\/2015\/11\/frederik-koester-sebastian-sternal-mit-neuer-cd-canada\/\">Frederik K\u00f6ster &#038; Sebastian Sternal mit neuer CD: Canada<\/a><\/blockquote><iframe sandbox=\"allow-scripts\" security=\"restricted\" src=\"https:\/\/www.jazzzeitung.de\/cms\/2015\/11\/frederik-koester-sebastian-sternal-mit-neuer-cd-canada\/embed\/#?secret=Zy1wWmVY8I\" width=\"600\" height=\"338\" title=\"&#8222;Frederik K\u00f6ster &#038; Sebastian Sternal mit neuer CD: Canada&#8220; &#8211; JazzZeitung\" data-secret=\"Zy1wWmVY8I\" frameborder=\"0\" marginwidth=\"0\" marginheight=\"0\" scrolling=\"no\" class=\"wp-embedded-content\"><\/iframe><script type=\"text\/javascript\">\n\/* <![CDATA[ *\/\n\/*! This file is auto-generated *\/\n!function(d,l){\"use strict\";l.querySelector&&d.addEventListener&&\"undefined\"!=typeof URL&&(d.wp=d.wp||{},d.wp.receiveEmbedMessage||(d.wp.receiveEmbedMessage=function(e){var t=e.data;if((t||t.secret||t.message||t.value)&&!\/[^a-zA-Z0-9]\/.test(t.secret)){for(var s,r,n,a=l.querySelectorAll('iframe[data-secret=\"'+t.secret+'\"]'),o=l.querySelectorAll('blockquote[data-secret=\"'+t.secret+'\"]'),c=new RegExp(\"^https?:$\",\"i\"),i=0;i<o.length;i++)o[i].style.display=\"none\";for(i=0;i<a.length;i++)s=a[i],e.source===s.contentWindow&&(s.removeAttribute(\"style\"),\"height\"===t.message?(1e3<(r=parseInt(t.value,10))?r=1e3:~~r<200&&(r=200),s.height=r):\"link\"===t.message&&(r=new URL(s.getAttribute(\"src\")),n=new URL(t.value),c.test(n.protocol))&&n.host===r.host&&l.activeElement===s&&(d.top.location.href=t.value))}},d.addEventListener(\"message\",d.wp.receiveEmbedMessage,!1),l.addEventListener(\"DOMContentLoaded\",function(){for(var e,t,s=l.querySelectorAll(\"iframe.wp-embedded-content\"),r=0;r<s.length;r++)(t=(e=s[r]).getAttribute(\"data-secret\"))||(t=Math.random().toString(36).substring(2,12),e.src+=\"#?secret=\"+t,e.setAttribute(\"data-secret\",t)),e.contentWindow.postMessage({message:\"ready\",secret:t},\"*\")},!1)))}(window,document);\n\/\/# sourceURL=https:\/\/www.jazzzeitung.de\/cms\/wp-includes\/js\/wp-embed.min.js\n\/* ]]> *\/\n<\/script>\n","description":"Frederik K\u00f6ster und Sebastian Sternal geh\u00f6ren zu den gesetzten Vertretern der jungen deutschen Jazzszene, sind gemeinsame Weggef\u00e4hrten und spielen, in verschiedenen Besetzungen, mittlerweile seit gut 10 Jahren zusammen. Auf Einladung von Professor Thilo Schaller, ein Bekannter K\u00f6sters an der University of Lethbridge \/Calgary, ergab sich f\u00fcr die beiden Musiker die Gelegenheit eines Trips nach Kanada, bei dem diese herrliche Duoaufnahme entstanden ist. Die Kombination Fl\u00fcgelhorn-Piano hat einen ganz eigenen Reiz und ist eine durchaus erprobte Klangsynthese. Ohne Ankl\u00e4nge an Vorbilder oder bereits bestehende Duoaufnahmen dieses Genres begeben sich Frederik K\u00f6ster und Sebastian Sternal auf eine eigene Klangreise in komplett relaxtem Ambiente w\u00e4hrend ihres 10-t\u00e4gigen Kanada Aufenthaltes. Herausgekommen sind dabei kammermusikalisch feinstrukturierte St\u00fccke \u00fcberwiegend &#8211; bis auf zwei Ausnahmen &#8211; aus der Feder von K\u00f6ster und Sternal. Selten hat man die beiden Musiker zuvor so nah, so intim musizieren und improvisieren h\u00f6ren k\u00f6nnen. Inspiriert durch die Landschaft Kanadas und Erlebnisse w\u00e4hrend dieser Zeit ist ein atmosph\u00e4risch unerh\u00f6rt dichtes Album entstanden. So f\u00fcgen sich auch die beiden Kompositionen der Kanadierin Joni Mitchell \u201eA Case Of You\u201c und \u201eFor Jan\u201c von Kenny Wheeler, der ebenfalls aus Kanada stammte, &hellip;","thumbnail_url":"https:\/\/i0.wp.com\/www.jazzzeitung.de\/cms\/wp-content\/uploads\/2012\/01\/ipad-logo-200.png?fit=200%2C200&ssl=1","thumbnail_width":200,"thumbnail_height":200}

Frederik Köster & Sebastian Sternal mit neuer CD: Canada - JazzZeitung

<blockquote class="wp-embedded-content" data-secret="Zy1wWmVY8I"><a href="https://www.jazzzeitung.de/cms/2015/11/frederik-koester-sebastian-sternal-mit-neuer-cd-canada/">Frederik Köster &#038; Sebastian Sternal mit neuer CD: Canada</a></blockquote><iframe sandbox="allow-scripts" security="restricted" src="https://www.jazzzeitung.de/cms/2015/11/frederik-koester-sebastian-sternal-mit-neuer-cd-canada/embed/#?secret=Zy1wWmVY8I" width="600" height="338" title="&#8222;Frederik Köster &#038; Sebastian Sternal mit neuer CD: Canada&#8220; &#8211; JazzZeitung" data-secret="Zy1wWmVY8I" frameborder="0" marginwidth="0" marginheight="0" scrolling="no" class="wp-embedded-content"></iframe><script type="text/javascript">
/* <![CDATA[ */
/*! This file is auto-generated */
!function(d,l){"use strict";l.querySelector&&d.addEventListener&&"undefined"!=typeof URL&&(d.wp=d.wp||{},d.wp.receiveEmbedMessage||(d.wp.receiveEmbedMessage=function(e){var t=e.data;if((t||t.secret||t.message||t.value)&&!/[^a-zA-Z0-9]/.test(t.secret)){for(var s,r,n,a=l.querySelectorAll('iframe[data-secret="'+t.secret+'"]'),o=l.querySelectorAll('blockquote[data-secret="'+t.secret+'"]'),c=new RegExp("^https?:$","i"),i=0;i<o.length;i++)o[i].style.display="none";for(i=0;i<a.length;i++)s=a[i],e.source===s.contentWindow&&(s.removeAttribute("style"),"height"===t.message?(1e3<(r=parseInt(t.value,10))?r=1e3:~~r<200&&(r=200),s.height=r):"link"===t.message&&(r=new URL(s.getAttribute("src")),n=new URL(t.value),c.test(n.protocol))&&n.host===r.host&&l.activeElement===s&&(d.top.location.href=t.value))}},d.addEventListener("message",d.wp.receiveEmbedMessage,!1),l.addEventListener("DOMContentLoaded",function(){for(var e,t,s=l.querySelectorAll("iframe.wp-embedded-content"),r=0;r<s.length;r++)(t=(e=s[r]).getAttribute("data-secret"))||(t=Math.random().toString(36).substring(2,12),e.src+="#?secret="+t,e.setAttribute("data-secret",t)),e.contentWindow.postMessage({message:"ready",secret:t},"*")},!1)))}(window,document);
//# sourceURL=https://www.jazzzeitung.de/cms/wp-includes/js/wp-embed.min.js
/* ]]> */
</script>

Frederik Köster und Sebastian Sternal gehören zu den gesetzten Vertretern der jungen deutschen Jazzszene, sind gemeinsame Weggefährten und spielen, in verschiedenen Besetzungen, mittlerweile seit gut 10 Jahren zusammen. Auf Einladung von Professor Thilo Schaller, ein Bekannter Kösters an der University of Lethbridge /Calgary, ergab sich für die beiden Musiker die Gelegenheit eines Trips nach Kanada, bei dem diese herrliche Duoaufnahme entstanden ist. Die Kombination Flügelhorn-Piano hat einen ganz eigenen Reiz und ist eine durchaus erprobte Klangsynthese. Ohne Anklänge an Vorbilder oder bereits bestehende Duoaufnahmen dieses Genres begeben sich Frederik Köster und Sebastian Sternal auf eine eigene Klangreise in komplett relaxtem Ambiente während ihres 10-tägigen Kanada Aufenthaltes. Herausgekommen sind dabei kammermusikalisch feinstrukturierte Stücke überwiegend &#8211; bis auf zwei Ausnahmen &#8211; aus der Feder von Köster und Sternal. Selten hat man die beiden Musiker zuvor so nah, so intim musizieren und improvisieren hören können. Inspiriert durch die Landschaft Kanadas und Erlebnisse während dieser Zeit ist ein atmosphärisch unerhört dichtes Album entstanden. So fügen sich auch die beiden Kompositionen der Kanadierin Joni Mitchell „A Case Of You“ und „For Jan“ von Kenny Wheeler, der ebenfalls aus Kanada stammte, &hellip;
