{"version":"1.0","provider_name":"JazzZeitung","provider_url":"https:\/\/www.jazzzeitung.de\/cms","author_name":"Redaktion JazzZeitung","author_url":"https:\/\/www.jazzzeitung.de\/cms\/author\/redaktion\/","title":"Jazzfest Bonn 2016 legt Schwerpunkt auf Klavier und Gesang - JazzZeitung","type":"rich","width":600,"height":338,"html":"<blockquote class=\"wp-embedded-content\" data-secret=\"q7b9yU6bkI\"><a href=\"https:\/\/www.jazzzeitung.de\/cms\/2015\/11\/7819\/\">Jazzfest Bonn 2016 legt Schwerpunkt auf Klavier und Gesang<\/a><\/blockquote><iframe sandbox=\"allow-scripts\" security=\"restricted\" src=\"https:\/\/www.jazzzeitung.de\/cms\/2015\/11\/7819\/embed\/#?secret=q7b9yU6bkI\" width=\"600\" height=\"338\" title=\"&#8222;Jazzfest Bonn 2016 legt Schwerpunkt auf Klavier und Gesang&#8220; &#8211; JazzZeitung\" data-secret=\"q7b9yU6bkI\" frameborder=\"0\" marginwidth=\"0\" marginheight=\"0\" scrolling=\"no\" class=\"wp-embedded-content\"><\/iframe><script type=\"text\/javascript\">\n\/* <![CDATA[ *\/\n\/*! This file is auto-generated *\/\n!function(d,l){\"use strict\";l.querySelector&&d.addEventListener&&\"undefined\"!=typeof URL&&(d.wp=d.wp||{},d.wp.receiveEmbedMessage||(d.wp.receiveEmbedMessage=function(e){var t=e.data;if((t||t.secret||t.message||t.value)&&!\/[^a-zA-Z0-9]\/.test(t.secret)){for(var s,r,n,a=l.querySelectorAll('iframe[data-secret=\"'+t.secret+'\"]'),o=l.querySelectorAll('blockquote[data-secret=\"'+t.secret+'\"]'),c=new RegExp(\"^https?:$\",\"i\"),i=0;i<o.length;i++)o[i].style.display=\"none\";for(i=0;i<a.length;i++)s=a[i],e.source===s.contentWindow&&(s.removeAttribute(\"style\"),\"height\"===t.message?(1e3<(r=parseInt(t.value,10))?r=1e3:~~r<200&&(r=200),s.height=r):\"link\"===t.message&&(r=new URL(s.getAttribute(\"src\")),n=new URL(t.value),c.test(n.protocol))&&n.host===r.host&&l.activeElement===s&&(d.top.location.href=t.value))}},d.addEventListener(\"message\",d.wp.receiveEmbedMessage,!1),l.addEventListener(\"DOMContentLoaded\",function(){for(var e,t,s=l.querySelectorAll(\"iframe.wp-embedded-content\"),r=0;r<s.length;r++)(t=(e=s[r]).getAttribute(\"data-secret\"))||(t=Math.random().toString(36).substring(2,12),e.src+=\"#?secret=\"+t,e.setAttribute(\"data-secret\",t)),e.contentWindow.postMessage({message:\"ready\",secret:t},\"*\")},!1)))}(window,document);\n\/\/# sourceURL=https:\/\/www.jazzzeitung.de\/cms\/wp-includes\/js\/wp-embed.min.js\n\/* ]]> *\/\n<\/script>\n","description":"Das neue Jahr r\u00fcckt n\u00e4her und es wird Zeit, sich die Termine der zentralen Festivals im Kalender zu blocken. Seit heute ist das Programm des Jazzfest Bonn online, das wieder einmal gewachsen ist. In seinem siebten Jahr pr\u00e4sentiert Festivalchef Peter Materna und sein Team Jazz an elf Konzertabenden, verteilt \u00fcber insgesamt drei Wochen. Einer der Schwerpunkte liegt im Festivaljahr 2016 beim Klavier: Mit Ram\u00f3n Valle, Matt Herskowitz, Wolfgang Dauner, Vijay Iyer, Richie Beirach und Michael Wollny hat der Saxophonist Materna au\u00dfergew\u00f6hnliche Pianisten eingeladen, die in ihrem kulturellen Hintergrund, ihrer inhaltlichen Ausrichtung und ihrem technischen Ansatz jedoch kaum miteinander zu vergleichen sind. Ein weiterer Schwerpunkt des neuen Festivaljahres ist der Gesang: Mit Bettye LaVette kommt eine Koryph\u00e4e des Souls nach Bonn, au\u00dferdem werden uns Sidsel Endresen, Lisa Bassenge, Lisa Simone und Roger Cicero mit Band.","thumbnail_url":"http:\/\/www.jazzzeitung.de\/cms\/wp-content\/uploads\/2015\/11\/JfB16ProgrammFINlay-150x150.jpg"}

Das neue Jahr rückt näher und es wird Zeit, sich die Termine der zentralen Festivals im Kalender zu blocken. Seit heute ist das Programm des Jazzfest Bonn online, das wieder einmal gewachsen ist. In seinem siebten Jahr präsentiert Festivalchef Peter Materna und sein Team Jazz an elf Konzertabenden, verteilt über insgesamt drei Wochen. Einer der Schwerpunkte liegt im Festivaljahr 2016 beim Klavier: Mit Ramón Valle, Matt Herskowitz, Wolfgang Dauner, Vijay Iyer, Richie Beirach und Michael Wollny hat der Saxophonist Materna außergewöhnliche Pianisten eingeladen, die in ihrem kulturellen Hintergrund, ihrer inhaltlichen Ausrichtung und ihrem technischen Ansatz jedoch kaum miteinander zu vergleichen sind. Ein weiterer Schwerpunkt des neuen Festivaljahres ist der Gesang: Mit Bettye LaVette kommt eine Koryphäe des Souls nach Bonn, außerdem werden uns Sidsel Endresen, Lisa Bassenge, Lisa Simone und Roger Cicero mit Band.
