{"version":"1.0","provider_name":"JazzZeitung","provider_url":"https:\/\/www.jazzzeitung.de\/cms","author_name":"Redaktion JazzZeitung","author_url":"https:\/\/www.jazzzeitung.de\/cms\/author\/redaktion\/","title":"Leichtes mit internationalem Format: Ulita Knaus - JazzZeitung","type":"rich","width":600,"height":338,"html":"<blockquote class=\"wp-embedded-content\" data-secret=\"tkoLhrW2BP\"><a href=\"https:\/\/www.jazzzeitung.de\/cms\/2015\/09\/leichtes-mit-internationalem-format-ulita-knaus\/\">Leichtes mit internationalem Format: Ulita Knaus<\/a><\/blockquote><iframe sandbox=\"allow-scripts\" security=\"restricted\" src=\"https:\/\/www.jazzzeitung.de\/cms\/2015\/09\/leichtes-mit-internationalem-format-ulita-knaus\/embed\/#?secret=tkoLhrW2BP\" width=\"600\" height=\"338\" title=\"&#8222;Leichtes mit internationalem Format: Ulita Knaus&#8220; &#8211; JazzZeitung\" data-secret=\"tkoLhrW2BP\" frameborder=\"0\" marginwidth=\"0\" marginheight=\"0\" scrolling=\"no\" class=\"wp-embedded-content\"><\/iframe><script type=\"text\/javascript\">\n\/* <![CDATA[ *\/\n\/*! This file is auto-generated *\/\n!function(d,l){\"use strict\";l.querySelector&&d.addEventListener&&\"undefined\"!=typeof URL&&(d.wp=d.wp||{},d.wp.receiveEmbedMessage||(d.wp.receiveEmbedMessage=function(e){var t=e.data;if((t||t.secret||t.message||t.value)&&!\/[^a-zA-Z0-9]\/.test(t.secret)){for(var s,r,n,a=l.querySelectorAll('iframe[data-secret=\"'+t.secret+'\"]'),o=l.querySelectorAll('blockquote[data-secret=\"'+t.secret+'\"]'),c=new RegExp(\"^https?:$\",\"i\"),i=0;i<o.length;i++)o[i].style.display=\"none\";for(i=0;i<a.length;i++)s=a[i],e.source===s.contentWindow&&(s.removeAttribute(\"style\"),\"height\"===t.message?(1e3<(r=parseInt(t.value,10))?r=1e3:~~r<200&&(r=200),s.height=r):\"link\"===t.message&&(r=new URL(s.getAttribute(\"src\")),n=new URL(t.value),c.test(n.protocol))&&n.host===r.host&&l.activeElement===s&&(d.top.location.href=t.value))}},d.addEventListener(\"message\",d.wp.receiveEmbedMessage,!1),l.addEventListener(\"DOMContentLoaded\",function(){for(var e,t,s=l.querySelectorAll(\"iframe.wp-embedded-content\"),r=0;r<s.length;r++)(t=(e=s[r]).getAttribute(\"data-secret\"))||(t=Math.random().toString(36).substring(2,12),e.src+=\"#?secret=\"+t,e.setAttribute(\"data-secret\",t)),e.contentWindow.postMessage({message:\"ready\",secret:t},\"*\")},!1)))}(window,document);\n\/\/# sourceURL=https:\/\/www.jazzzeitung.de\/cms\/wp-includes\/js\/wp-embed.min.js\n\/* ]]> *\/\n<\/script>\n","description":"Text und Fotos: Michael Scheiner &#8211; Bei ihrem ersten Gastspiel im Jazzclub Regensburg stellte Ulita Knaus vornehmlich Songs aus ihrem Album \u201eThe Moon On My Doorstep\u201c vor. Mit dem Berliner Pianisten Tino Derado \u2013 ein geb\u00fcrtiger M\u00fcnchner \u2013 und Schlagzeuger T\u00fapac Mantilla aus Kolumbien hatte sie zwei exzellente Begleiter dabei. Den Eindruck, dass bei einer solchen Minimalbesetzung etwas fehlen w\u00fcrde, lie\u00dfen die trefflich harmonierenden Musiker gar nicht erst aufkommen. Zwar stand der Gesang von Knaus deutlich im Mittelpunkt, dennoch hatten die beiden gen\u00fcgend Spielraum f\u00fcr eigene Akzente. Sein leichtes, manchmal fast zartes Schlagzeugspiel gestaltete Mantilla mit verschiedenen Schlegeln, Metallst\u00e4ben und Besen, bis hin zum gemeinen Hofbesen. Vergn\u00fcgt trommelte er mit diesem auf die Snaredrum ein. Den Vogel schoss der schm\u00e4chtige S\u00fcdamerikaner mit einer umwerfend groovenden Bodypercussion ab, mit welcher er Knaus in einem chinesisch anmutenden Song t\u00e4nzelnd begleitete. Danach brach sich die bis dato etwas zur\u00fcckhaltende Stimmung des Publikums in einem Beifallsturm Bahn. Schon zuvor hatte Derado die konzentrierten Zuh\u00f6rer mit einer Instrumentalkomposition f\u00fcr sich eingenommen. Mit dem herb-wehm\u00fctigen \u201eI never said I would believe in\u201c kroch er ihnen geradezu unter die Haut und lie\u00df &hellip;","thumbnail_url":"http:\/\/www.jazzzeitung.de\/cms\/wp-content\/uploads\/2015\/09\/Knaus-Ulita_44-150x150.jpg"}

Text und Fotos: Michael Scheiner &#8211; Bei ihrem ersten Gastspiel im Jazzclub Regensburg stellte Ulita Knaus vornehmlich Songs aus ihrem Album „The Moon On My Doorstep“ vor. Mit dem Berliner Pianisten Tino Derado – ein gebürtiger Münchner – und Schlagzeuger Túpac Mantilla aus Kolumbien hatte sie zwei exzellente Begleiter dabei. Den Eindruck, dass bei einer solchen Minimalbesetzung etwas fehlen würde, ließen die trefflich harmonierenden Musiker gar nicht erst aufkommen. Zwar stand der Gesang von Knaus deutlich im Mittelpunkt, dennoch hatten die beiden genügend Spielraum für eigene Akzente. Sein leichtes, manchmal fast zartes Schlagzeugspiel gestaltete Mantilla mit verschiedenen Schlegeln, Metallstäben und Besen, bis hin zum gemeinen Hofbesen. Vergnügt trommelte er mit diesem auf die Snaredrum ein. Den Vogel schoss der schmächtige Südamerikaner mit einer umwerfend groovenden Bodypercussion ab, mit welcher er Knaus in einem chinesisch anmutenden Song tänzelnd begleitete. Danach brach sich die bis dato etwas zurückhaltende Stimmung des Publikums in einem Beifallsturm Bahn. Schon zuvor hatte Derado die konzentrierten Zuhörer mit einer Instrumentalkomposition für sich eingenommen. Mit dem herb-wehmütigen „I never said I would believe in“ kroch er ihnen geradezu unter die Haut und ließ &hellip;
