{"version":"1.0","provider_name":"JazzZeitung","provider_url":"https:\/\/www.jazzzeitung.de\/cms","author_name":"Redaktion JazzZeitung","author_url":"https:\/\/www.jazzzeitung.de\/cms\/author\/redaktion\/","title":"Albert-Mangelsdorff-Preis 2015 geht an Achim Kaufmann - JazzZeitung","type":"rich","width":600,"height":338,"html":"<blockquote class=\"wp-embedded-content\" data-secret=\"o1Hgrzp4aG\"><a href=\"https:\/\/www.jazzzeitung.de\/cms\/2015\/09\/albert-mangelsdorff-preis-2015-geht-achim-kaufmann\/\">Albert-Mangelsdorff-Preis 2015 geht an Achim Kaufmann<\/a><\/blockquote><iframe sandbox=\"allow-scripts\" security=\"restricted\" src=\"https:\/\/www.jazzzeitung.de\/cms\/2015\/09\/albert-mangelsdorff-preis-2015-geht-achim-kaufmann\/embed\/#?secret=o1Hgrzp4aG\" width=\"600\" height=\"338\" title=\"&#8222;Albert-Mangelsdorff-Preis 2015 geht an Achim Kaufmann&#8220; &#8211; JazzZeitung\" data-secret=\"o1Hgrzp4aG\" frameborder=\"0\" marginwidth=\"0\" marginheight=\"0\" scrolling=\"no\" class=\"wp-embedded-content\"><\/iframe><script type=\"text\/javascript\">\n\/* <![CDATA[ *\/\n\/*! This file is auto-generated *\/\n!function(d,l){\"use strict\";l.querySelector&&d.addEventListener&&\"undefined\"!=typeof URL&&(d.wp=d.wp||{},d.wp.receiveEmbedMessage||(d.wp.receiveEmbedMessage=function(e){var t=e.data;if((t||t.secret||t.message||t.value)&&!\/[^a-zA-Z0-9]\/.test(t.secret)){for(var s,r,n,a=l.querySelectorAll('iframe[data-secret=\"'+t.secret+'\"]'),o=l.querySelectorAll('blockquote[data-secret=\"'+t.secret+'\"]'),c=new RegExp(\"^https?:$\",\"i\"),i=0;i<o.length;i++)o[i].style.display=\"none\";for(i=0;i<a.length;i++)s=a[i],e.source===s.contentWindow&&(s.removeAttribute(\"style\"),\"height\"===t.message?(1e3<(r=parseInt(t.value,10))?r=1e3:~~r<200&&(r=200),s.height=r):\"link\"===t.message&&(r=new URL(s.getAttribute(\"src\")),n=new URL(t.value),c.test(n.protocol))&&n.host===r.host&&l.activeElement===s&&(d.top.location.href=t.value))}},d.addEventListener(\"message\",d.wp.receiveEmbedMessage,!1),l.addEventListener(\"DOMContentLoaded\",function(){for(var e,t,s=l.querySelectorAll(\"iframe.wp-embedded-content\"),r=0;r<s.length;r++)(t=(e=s[r]).getAttribute(\"data-secret\"))||(t=Math.random().toString(36).substring(2,12),e.src+=\"#?secret=\"+t,e.setAttribute(\"data-secret\",t)),e.contentWindow.postMessage({message:\"ready\",secret:t},\"*\")},!1)))}(window,document);\n\/\/# sourceURL=https:\/\/www.jazzzeitung.de\/cms\/wp-includes\/js\/wp-embed.min.js\n\/* ]]> *\/\n<\/script>\n","description":"Der Pianist Achim Kaufmann wird mit dem von der Union Deutscher Jazzmusiker vergebenen Albert-Mangelsdorff-Preis (Deutscher Jazzpreis) geehrt. Der von GEMA-Stiftung, GVL und F\u00f6rderungs- und Hilfsfonds des Deutschen Komponistenverbandes mit 15.000 Euro dotierte Preis wird alle zwei Jahre an eine herausragende Pers\u00f6nlichkeit der deutschen Jazzszene verliehen. Er ist einer der bedeutendsten Jazzpreise im deutschen Sprachraum. Aus der Begr\u00fcndung der Jury: &#8222;Achim Kaufmann geh\u00f6rt seit vielen Jahren zu den an- und aufregendsten Pers\u00f6nlichkeiten der europ\u00e4ischen Jazz- und Improvisationsszene. Seine Musik zeugt von harmonischer Feinsinnigkeit und strukturellem Tiefgang; als brillanter Pianist und Komponist hat er \u00fcber die reflektierte Auseinandersetzung mit der Tradition zu einer nuancierten, jetzt-zeitigen Klangsprache gefunden, in der Poesie, Energie und Abstraktion gleicherma\u00dfen pr\u00e4sent sind. Wie breit dabei auch sein stilistisches Spektrum ist, zeigen nicht nur Achim Kaufmanns j\u00fcngste Solo-Aufnahmen und die Duo-Ver\u00f6ffentlichungen mit dem Klarinettisten Michael Moore, sondern auch sein Mitwirken in so unterschiedlichen Ensembles wie &#8218;gr\u00fcnen&#8216; (mit Robert Landfermann und Christian Lillinger), &#8218;Skein&#8216; (u.a. mit Frank Gratkowski und Wilbert de Joode) oder Christian Lillingers &#8218;GRUND&#8216;. Der 1962 in Aachen geborene und in Berlin lebende Pianist und Komponist Achim Kaufmann verbindet in seiner Musik Einfl\u00fcsse &hellip;","thumbnail_url":"http:\/\/www.jazzzeitung.de\/cms\/wp-content\/uploads\/2015\/09\/AMP-SkulpturcUlla_C._Binder-900x600.jpg"}

Der Pianist Achim Kaufmann wird mit dem von der Union Deutscher Jazzmusiker vergebenen Albert-Mangelsdorff-Preis (Deutscher Jazzpreis) geehrt. Der von GEMA-Stiftung, GVL und Förderungs- und Hilfsfonds des Deutschen Komponistenverbandes mit 15.000 Euro dotierte Preis wird alle zwei Jahre an eine herausragende Persönlichkeit der deutschen Jazzszene verliehen. Er ist einer der bedeutendsten Jazzpreise im deutschen Sprachraum. Aus der Begründung der Jury: &#8222;Achim Kaufmann gehört seit vielen Jahren zu den an- und aufregendsten Persönlichkeiten der europäischen Jazz- und Improvisationsszene. Seine Musik zeugt von harmonischer Feinsinnigkeit und strukturellem Tiefgang; als brillanter Pianist und Komponist hat er über die reflektierte Auseinandersetzung mit der Tradition zu einer nuancierten, jetzt-zeitigen Klangsprache gefunden, in der Poesie, Energie und Abstraktion gleichermaßen präsent sind. Wie breit dabei auch sein stilistisches Spektrum ist, zeigen nicht nur Achim Kaufmanns jüngste Solo-Aufnahmen und die Duo-Veröffentlichungen mit dem Klarinettisten Michael Moore, sondern auch sein Mitwirken in so unterschiedlichen Ensembles wie &#8218;grünen&#8216; (mit Robert Landfermann und Christian Lillinger), &#8218;Skein&#8216; (u.a. mit Frank Gratkowski und Wilbert de Joode) oder Christian Lillingers &#8218;GRUND&#8216;. Der 1962 in Aachen geborene und in Berlin lebende Pianist und Komponist Achim Kaufmann verbindet in seiner Musik Einflüsse &hellip;
