{"version":"1.0","provider_name":"JazzZeitung","provider_url":"https:\/\/www.jazzzeitung.de\/cms","author_name":"Redaktion JazzZeitung","author_url":"https:\/\/www.jazzzeitung.de\/cms\/author\/redaktion\/","title":"Mit Michael Wollny durch herbstliche Jazzn\u00e4chte - JazzZeitung","type":"rich","width":600,"height":338,"html":"<blockquote class=\"wp-embedded-content\" data-secret=\"ljMfN0Xz7F\"><a href=\"https:\/\/www.jazzzeitung.de\/cms\/2015\/08\/michael-wollnys-herbstliche-jazznaechte\/\">Mit Michael Wollny durch herbstliche Jazzn\u00e4chte<\/a><\/blockquote><iframe sandbox=\"allow-scripts\" security=\"restricted\" src=\"https:\/\/www.jazzzeitung.de\/cms\/2015\/08\/michael-wollnys-herbstliche-jazznaechte\/embed\/#?secret=ljMfN0Xz7F\" width=\"600\" height=\"338\" title=\"&#8222;Mit Michael Wollny durch herbstliche Jazzn\u00e4chte&#8220; &#8211; JazzZeitung\" data-secret=\"ljMfN0Xz7F\" frameborder=\"0\" marginwidth=\"0\" marginheight=\"0\" scrolling=\"no\" class=\"wp-embedded-content\"><\/iframe><script type=\"text\/javascript\">\n\/* <![CDATA[ *\/\n\/*! This file is auto-generated *\/\n!function(d,l){\"use strict\";l.querySelector&&d.addEventListener&&\"undefined\"!=typeof URL&&(d.wp=d.wp||{},d.wp.receiveEmbedMessage||(d.wp.receiveEmbedMessage=function(e){var t=e.data;if((t||t.secret||t.message||t.value)&&!\/[^a-zA-Z0-9]\/.test(t.secret)){for(var s,r,n,a=l.querySelectorAll('iframe[data-secret=\"'+t.secret+'\"]'),o=l.querySelectorAll('blockquote[data-secret=\"'+t.secret+'\"]'),c=new RegExp(\"^https?:$\",\"i\"),i=0;i<o.length;i++)o[i].style.display=\"none\";for(i=0;i<a.length;i++)s=a[i],e.source===s.contentWindow&&(s.removeAttribute(\"style\"),\"height\"===t.message?(1e3<(r=parseInt(t.value,10))?r=1e3:~~r<200&&(r=200),s.height=r):\"link\"===t.message&&(r=new URL(s.getAttribute(\"src\")),n=new URL(t.value),c.test(n.protocol))&&n.host===r.host&&l.activeElement===s&&(d.top.location.href=t.value))}},d.addEventListener(\"message\",d.wp.receiveEmbedMessage,!1),l.addEventListener(\"DOMContentLoaded\",function(){for(var e,t,s=l.querySelectorAll(\"iframe.wp-embedded-content\"),r=0;r<s.length;r++)(t=(e=s[r]).getAttribute(\"data-secret\"))||(t=Math.random().toString(36).substring(2,12),e.src+=\"#?secret=\"+t,e.setAttribute(\"data-secret\",t)),e.contentWindow.postMessage({message:\"ready\",secret:t},\"*\")},!1)))}(window,document);\n\/\/# sourceURL=https:\/\/www.jazzzeitung.de\/cms\/wp-includes\/js\/wp-embed.min.js\n\/* ]]> *\/\n<\/script>\n","description":"Mit 36 Jahren ist Michael Wollny bereits gelungen, wof\u00fcr andere Jazzmusiker erst zu biblischem Alter gelangen mussten. Der Pianist z\u00e4hlt zu den meist geh\u00f6rten, am lautesten bewunderten und, in seinem Genre mittlerweile selten gewordenes Attribut, auffallend hei\u00df diskutierten K\u00fcnstlern. Seine Alben &#8222;Hexentanz&#8220;, &#8222;Wunderkammer&#8220; und &#8222;Weltentraum&#8220; gelten als zukunftsweisend vor allem deshalb, weil Expeditionsleiter Wollny sich und seinen musikalischen Partnern v\u00f6llig ergebnisoffen neue R\u00e4ume erschlie\u00dft. Nachdem er in den letzten Jahren in stetig wechseln den Formaten, vom Solo bis zur Versuchsanordnung mit Orchester, nach neuen Sounds gesucht hatte, reicht sein Spektrum momentan vom Solo bis zum Trio. Mit Eric Schaefer, Weggef\u00e4hrte schon seit legend\u00e4ren Tagen mit [em], am Schlagzeug und Christian Weber am Bass , der den US-Amerikaner Tim Lefebvre ersetzt, wird Wollny im Herbst auf Tour durch \u00fcber zehn deutsche St\u00e4dte\u00a0 gehen. Wie konkurrenzlos Wollny momentan im deutschen wie auch internationalen Jazz dasteht, bewies schon sein Trio [em] 2009, als es sich den BMW Welt Jazz Award gegen starke Konkurrenz erspielte, aber auch 2012 mit dem zweiten gewonnenen ECHO f\u00fcr das Al- bum &#8222;Wasted &amp; Wanted&#8220;. Modern, emotional, intelligent, virtuos und offen nach allen Richtungen. &hellip;","thumbnail_url":"http:\/\/www.jazzzeitung.de\/cms\/wp-content\/uploads\/2015\/08\/Wollny-150x150.jpg"}

Mit Michael Wollny durch herbstliche Jazznächte - JazzZeitung

<blockquote class="wp-embedded-content" data-secret="ljMfN0Xz7F"><a href="https://www.jazzzeitung.de/cms/2015/08/michael-wollnys-herbstliche-jazznaechte/">Mit Michael Wollny durch herbstliche Jazznächte</a></blockquote><iframe sandbox="allow-scripts" security="restricted" src="https://www.jazzzeitung.de/cms/2015/08/michael-wollnys-herbstliche-jazznaechte/embed/#?secret=ljMfN0Xz7F" width="600" height="338" title="&#8222;Mit Michael Wollny durch herbstliche Jazznächte&#8220; &#8211; JazzZeitung" data-secret="ljMfN0Xz7F" frameborder="0" marginwidth="0" marginheight="0" scrolling="no" class="wp-embedded-content"></iframe><script type="text/javascript">
/* <![CDATA[ */
/*! This file is auto-generated */
!function(d,l){"use strict";l.querySelector&&d.addEventListener&&"undefined"!=typeof URL&&(d.wp=d.wp||{},d.wp.receiveEmbedMessage||(d.wp.receiveEmbedMessage=function(e){var t=e.data;if((t||t.secret||t.message||t.value)&&!/[^a-zA-Z0-9]/.test(t.secret)){for(var s,r,n,a=l.querySelectorAll('iframe[data-secret="'+t.secret+'"]'),o=l.querySelectorAll('blockquote[data-secret="'+t.secret+'"]'),c=new RegExp("^https?:$","i"),i=0;i<o.length;i++)o[i].style.display="none";for(i=0;i<a.length;i++)s=a[i],e.source===s.contentWindow&&(s.removeAttribute("style"),"height"===t.message?(1e3<(r=parseInt(t.value,10))?r=1e3:~~r<200&&(r=200),s.height=r):"link"===t.message&&(r=new URL(s.getAttribute("src")),n=new URL(t.value),c.test(n.protocol))&&n.host===r.host&&l.activeElement===s&&(d.top.location.href=t.value))}},d.addEventListener("message",d.wp.receiveEmbedMessage,!1),l.addEventListener("DOMContentLoaded",function(){for(var e,t,s=l.querySelectorAll("iframe.wp-embedded-content"),r=0;r<s.length;r++)(t=(e=s[r]).getAttribute("data-secret"))||(t=Math.random().toString(36).substring(2,12),e.src+="#?secret="+t,e.setAttribute("data-secret",t)),e.contentWindow.postMessage({message:"ready",secret:t},"*")},!1)))}(window,document);
//# sourceURL=https://www.jazzzeitung.de/cms/wp-includes/js/wp-embed.min.js
/* ]]> */
</script>

Mit 36 Jahren ist Michael Wollny bereits gelungen, wofür andere Jazzmusiker erst zu biblischem Alter gelangen mussten. Der Pianist zählt zu den meist gehörten, am lautesten bewunderten und, in seinem Genre mittlerweile selten gewordenes Attribut, auffallend heiß diskutierten Künstlern. Seine Alben &#8222;Hexentanz&#8220;, &#8222;Wunderkammer&#8220; und &#8222;Weltentraum&#8220; gelten als zukunftsweisend vor allem deshalb, weil Expeditionsleiter Wollny sich und seinen musikalischen Partnern völlig ergebnisoffen neue Räume erschließt. Nachdem er in den letzten Jahren in stetig wechseln den Formaten, vom Solo bis zur Versuchsanordnung mit Orchester, nach neuen Sounds gesucht hatte, reicht sein Spektrum momentan vom Solo bis zum Trio. Mit Eric Schaefer, Weggefährte schon seit legendären Tagen mit [em], am Schlagzeug und Christian Weber am Bass , der den US-Amerikaner Tim Lefebvre ersetzt, wird Wollny im Herbst auf Tour durch über zehn deutsche Städte  gehen. Wie konkurrenzlos Wollny momentan im deutschen wie auch internationalen Jazz dasteht, bewies schon sein Trio [em] 2009, als es sich den BMW Welt Jazz Award gegen starke Konkurrenz erspielte, aber auch 2012 mit dem zweiten gewonnenen ECHO für das Al- bum &#8222;Wasted &amp; Wanted&#8220;. Modern, emotional, intelligent, virtuos und offen nach allen Richtungen. &hellip;
