{"version":"1.0","provider_name":"JazzZeitung","provider_url":"https:\/\/www.jazzzeitung.de\/cms","author_name":"Redaktion JazzZeitung","author_url":"https:\/\/www.jazzzeitung.de\/cms\/author\/redaktion\/","title":"jazzopen stuttgart erwarten f\u00fcr 2015 Besucherrekord - JazzZeitung","type":"rich","width":600,"height":338,"html":"<blockquote class=\"wp-embedded-content\" data-secret=\"iut6a9NZlh\"><a href=\"https:\/\/www.jazzzeitung.de\/cms\/2015\/07\/jazzopen-stuttgart-erwarten-fuer-2015-besucherrekord\/\">jazzopen stuttgart erwarten f\u00fcr 2015 Besucherrekord<\/a><\/blockquote><iframe sandbox=\"allow-scripts\" security=\"restricted\" src=\"https:\/\/www.jazzzeitung.de\/cms\/2015\/07\/jazzopen-stuttgart-erwarten-fuer-2015-besucherrekord\/embed\/#?secret=iut6a9NZlh\" width=\"600\" height=\"338\" title=\"&#8222;jazzopen stuttgart erwarten f\u00fcr 2015 Besucherrekord&#8220; &#8211; JazzZeitung\" data-secret=\"iut6a9NZlh\" frameborder=\"0\" marginwidth=\"0\" marginheight=\"0\" scrolling=\"no\" class=\"wp-embedded-content\"><\/iframe><script type=\"text\/javascript\">\n\/* <![CDATA[ *\/\n\/*! This file is auto-generated *\/\n!function(d,l){\"use strict\";l.querySelector&&d.addEventListener&&\"undefined\"!=typeof URL&&(d.wp=d.wp||{},d.wp.receiveEmbedMessage||(d.wp.receiveEmbedMessage=function(e){var t=e.data;if((t||t.secret||t.message||t.value)&&!\/[^a-zA-Z0-9]\/.test(t.secret)){for(var s,r,n,a=l.querySelectorAll('iframe[data-secret=\"'+t.secret+'\"]'),o=l.querySelectorAll('blockquote[data-secret=\"'+t.secret+'\"]'),c=new RegExp(\"^https?:$\",\"i\"),i=0;i<o.length;i++)o[i].style.display=\"none\";for(i=0;i<a.length;i++)s=a[i],e.source===s.contentWindow&&(s.removeAttribute(\"style\"),\"height\"===t.message?(1e3<(r=parseInt(t.value,10))?r=1e3:~~r<200&&(r=200),s.height=r):\"link\"===t.message&&(r=new URL(s.getAttribute(\"src\")),n=new URL(t.value),c.test(n.protocol))&&n.host===r.host&&l.activeElement===s&&(d.top.location.href=t.value))}},d.addEventListener(\"message\",d.wp.receiveEmbedMessage,!1),l.addEventListener(\"DOMContentLoaded\",function(){for(var e,t,s=l.querySelectorAll(\"iframe.wp-embedded-content\"),r=0;r<s.length;r++)(t=(e=s[r]).getAttribute(\"data-secret\"))||(t=Math.random().toString(36).substring(2,12),e.src+=\"#?secret=\"+t,e.setAttribute(\"data-secret\",t)),e.contentWindow.postMessage({message:\"ready\",secret:t},\"*\")},!1)))}(window,document);\n\/\/# sourceURL=https:\/\/www.jazzzeitung.de\/cms\/wp-includes\/js\/wp-embed.min.js\n\/* ]]> *\/\n<\/script>\n","description":"Vom 3. bis 12. Juli 2015 pr\u00e4sentieren die jazzopen stuttgart Stars der internationalen Jazz-, Blues-, Soul- und Pop-Szene auf sechs B\u00fchnen \u2013 darunter Gregory Porter &amp; Dianne Reeves, Jamie Cullum, Zaz &amp; SWR Big Band, Max Herre, Caro Emerald, Mariza und viele mehr. Diesen Freitag, den 3. Juli beginnt die 22. Ausgabe des Festivals. mit der Verleihung der German Jazz Trophy an den Gitarristen, Komponisten und Bandleader Ralph Towner im Eventcenter SpardaWelt. Anschlie\u00dfend tritt der Geehrte selbst solo sowie mit Muthspiel-Grigoryan-Towner auf:\u00a0 MGT &#8211; Wolfgang Muthspiel, Slava Grigoryan &amp; Ralph Towner, das sind drei unterschiedliche Herangehensweisen an das Gitarrenspiel, drei Individualisten, drei Generationen aus drei Kontinenten. Tags darauf startet das Programm auf der Open Air B\u00fchne am Mercedes-Benz Museum. Hier finden vier Konzertabende statt: die niederl\u00e4ndische Chart-St\u00fcrmerin Caro Emerald und der sizilianische Soul-Jazz-S\u00e4nger Mario Biondi am 4. Juli, der Boomtown-Rats-S\u00e4nger und Band-Aid-Gr\u00fcnder Bob Geldof sowie der\u00a0 Gitarrist\u00a0 Carl Verheyen am 5. Juli, die portugiesische Fado-S\u00e4ngerin Mariza und zuvor die aus Kuba stammende Addys Mercedes am 6. Juli sowie Jazz-Bassist und Miles Davis-Weggef\u00e4hrte Marcus Miller und zuvor Tenorsaxophonist Joshua Redman mit seinem Jazz-Rock-Trio The Bad Plus. &hellip;","thumbnail_url":"http:\/\/www.jazzzeitung.de\/cms\/wp-content\/uploads\/2015\/07\/MercedesBenz-Museum-150x150.jpg"}

jazzopen stuttgart erwarten für 2015 Besucherrekord - JazzZeitung

<blockquote class="wp-embedded-content" data-secret="iut6a9NZlh"><a href="https://www.jazzzeitung.de/cms/2015/07/jazzopen-stuttgart-erwarten-fuer-2015-besucherrekord/">jazzopen stuttgart erwarten für 2015 Besucherrekord</a></blockquote><iframe sandbox="allow-scripts" security="restricted" src="https://www.jazzzeitung.de/cms/2015/07/jazzopen-stuttgart-erwarten-fuer-2015-besucherrekord/embed/#?secret=iut6a9NZlh" width="600" height="338" title="&#8222;jazzopen stuttgart erwarten für 2015 Besucherrekord&#8220; &#8211; JazzZeitung" data-secret="iut6a9NZlh" frameborder="0" marginwidth="0" marginheight="0" scrolling="no" class="wp-embedded-content"></iframe><script type="text/javascript">
/* <![CDATA[ */
/*! This file is auto-generated */
!function(d,l){"use strict";l.querySelector&&d.addEventListener&&"undefined"!=typeof URL&&(d.wp=d.wp||{},d.wp.receiveEmbedMessage||(d.wp.receiveEmbedMessage=function(e){var t=e.data;if((t||t.secret||t.message||t.value)&&!/[^a-zA-Z0-9]/.test(t.secret)){for(var s,r,n,a=l.querySelectorAll('iframe[data-secret="'+t.secret+'"]'),o=l.querySelectorAll('blockquote[data-secret="'+t.secret+'"]'),c=new RegExp("^https?:$","i"),i=0;i<o.length;i++)o[i].style.display="none";for(i=0;i<a.length;i++)s=a[i],e.source===s.contentWindow&&(s.removeAttribute("style"),"height"===t.message?(1e3<(r=parseInt(t.value,10))?r=1e3:~~r<200&&(r=200),s.height=r):"link"===t.message&&(r=new URL(s.getAttribute("src")),n=new URL(t.value),c.test(n.protocol))&&n.host===r.host&&l.activeElement===s&&(d.top.location.href=t.value))}},d.addEventListener("message",d.wp.receiveEmbedMessage,!1),l.addEventListener("DOMContentLoaded",function(){for(var e,t,s=l.querySelectorAll("iframe.wp-embedded-content"),r=0;r<s.length;r++)(t=(e=s[r]).getAttribute("data-secret"))||(t=Math.random().toString(36).substring(2,12),e.src+="#?secret="+t,e.setAttribute("data-secret",t)),e.contentWindow.postMessage({message:"ready",secret:t},"*")},!1)))}(window,document);
//# sourceURL=https://www.jazzzeitung.de/cms/wp-includes/js/wp-embed.min.js
/* ]]> */
</script>

Vom 3. bis 12. Juli 2015 präsentieren die jazzopen stuttgart Stars der internationalen Jazz-, Blues-, Soul- und Pop-Szene auf sechs Bühnen – darunter Gregory Porter &amp; Dianne Reeves, Jamie Cullum, Zaz &amp; SWR Big Band, Max Herre, Caro Emerald, Mariza und viele mehr. Diesen Freitag, den 3. Juli beginnt die 22. Ausgabe des Festivals. mit der Verleihung der German Jazz Trophy an den Gitarristen, Komponisten und Bandleader Ralph Towner im Eventcenter SpardaWelt. Anschließend tritt der Geehrte selbst solo sowie mit Muthspiel-Grigoryan-Towner auf:  MGT &#8211; Wolfgang Muthspiel, Slava Grigoryan &amp; Ralph Towner, das sind drei unterschiedliche Herangehensweisen an das Gitarrenspiel, drei Individualisten, drei Generationen aus drei Kontinenten. Tags darauf startet das Programm auf der Open Air Bühne am Mercedes-Benz Museum. Hier finden vier Konzertabende statt: die niederländische Chart-Stürmerin Caro Emerald und der sizilianische Soul-Jazz-Sänger Mario Biondi am 4. Juli, der Boomtown-Rats-Sänger und Band-Aid-Gründer Bob Geldof sowie der  Gitarrist  Carl Verheyen am 5. Juli, die portugiesische Fado-Sängerin Mariza und zuvor die aus Kuba stammende Addys Mercedes am 6. Juli sowie Jazz-Bassist und Miles Davis-Weggefährte Marcus Miller und zuvor Tenorsaxophonist Joshua Redman mit seinem Jazz-Rock-Trio The Bad Plus. &hellip;
