{"version":"1.0","provider_name":"JazzZeitung","provider_url":"https:\/\/www.jazzzeitung.de\/cms","title":"Familienfest: das 34. Bayerische Jazzweekend im Juli - JazzZeitung","type":"rich","width":600,"height":338,"html":"<blockquote class=\"wp-embedded-content\" data-secret=\"73qMyzbZkT\"><a href=\"https:\/\/www.jazzzeitung.de\/cms\/2015\/06\/familienfest-das-34-bayerische-jazzweekend-im-juli\/\">Familienfest: das 34. Bayerische Jazzweekend im Juli<\/a><\/blockquote><iframe sandbox=\"allow-scripts\" security=\"restricted\" src=\"https:\/\/www.jazzzeitung.de\/cms\/2015\/06\/familienfest-das-34-bayerische-jazzweekend-im-juli\/embed\/#?secret=73qMyzbZkT\" width=\"600\" height=\"338\" title=\"&#8222;Familienfest: das 34. Bayerische Jazzweekend im Juli&#8220; &#8211; JazzZeitung\" data-secret=\"73qMyzbZkT\" frameborder=\"0\" marginwidth=\"0\" marginheight=\"0\" scrolling=\"no\" class=\"wp-embedded-content\"><\/iframe><script type=\"text\/javascript\">\n\/* <![CDATA[ *\/\n\/*! This file is auto-generated *\/\n!function(d,l){\"use strict\";l.querySelector&&d.addEventListener&&\"undefined\"!=typeof URL&&(d.wp=d.wp||{},d.wp.receiveEmbedMessage||(d.wp.receiveEmbedMessage=function(e){var t=e.data;if((t||t.secret||t.message||t.value)&&!\/[^a-zA-Z0-9]\/.test(t.secret)){for(var s,r,n,a=l.querySelectorAll('iframe[data-secret=\"'+t.secret+'\"]'),o=l.querySelectorAll('blockquote[data-secret=\"'+t.secret+'\"]'),c=new RegExp(\"^https?:$\",\"i\"),i=0;i<o.length;i++)o[i].style.display=\"none\";for(i=0;i<a.length;i++)s=a[i],e.source===s.contentWindow&&(s.removeAttribute(\"style\"),\"height\"===t.message?(1e3<(r=parseInt(t.value,10))?r=1e3:~~r<200&&(r=200),s.height=r):\"link\"===t.message&&(r=new URL(s.getAttribute(\"src\")),n=new URL(t.value),c.test(n.protocol))&&n.host===r.host&&l.activeElement===s&&(d.top.location.href=t.value))}},d.addEventListener(\"message\",d.wp.receiveEmbedMessage,!1),l.addEventListener(\"DOMContentLoaded\",function(){for(var e,t,s=l.querySelectorAll(\"iframe.wp-embedded-content\"),r=0;r<s.length;r++)(t=(e=s[r]).getAttribute(\"data-secret\"))||(t=Math.random().toString(36).substring(2,12),e.src+=\"#?secret=\"+t,e.setAttribute(\"data-secret\",t)),e.contentWindow.postMessage({message:\"ready\",secret:t},\"*\")},!1)))}(window,document);\n\/\/# sourceURL=https:\/\/www.jazzzeitung.de\/cms\/wp-includes\/js\/wp-embed.min.js\n\/* ]]> *\/\n<\/script>\n","description":"Von Ursula Gaisa \u2013 Von Donnerstag, den 9. bis 12. Juli 2015 findet im Gewerbepark Regensburg und auf elf B\u00fchnen in der historischen Altstadt des Welterbe zum 34. Mal das Bayerische Jazzweekend statt. Heute, am 30. Juni, lud das Kulturamt der Stadt Regensburg zu einem Pressegespr\u00e4ch ein. Rund 95 Veranstaltungen \u2013 90 Konzerten und 5 Sessions \u2013 k\u00f6nnen die Besucher des &#8222;Familienfestes des Jazz&#8220; kostenlos genie\u00dfen. Die stilistische Bandbreite reicht von Blues, Swing, Fusionjazz oder Popjazz bis hin zu so ausgefallenen Events wie \u201eLivelooping mit Didgeridoo\u201c (Analogue Birds), \u201eImprovisationstanz um die Drehorgel (De Strawanza) und \u201eSaitenstarkem Kaffeehausjazz\u201c (Barcarole), so Weekend-Intendantin Sylke Merbold vom Bayerischen Jazzinstitut, das inzwischen nicht mehr unter der Tr\u00e4gerschaft der LAG Jazz in Bayern, sondern der Bayerischen Sing- und Musikschulen (VBSM) steht (die neue musikzeitung berichtete). 22-mal musste die ehrenamtliche Jury \u2013 bestehend aus \u201eStudenten, Rentnern, Musikern und Jazzenthusiasten\u201c, so Merbold, in diesem Jahr tagen, um die diesj\u00e4hrigen Teilnehmer auszuw\u00e4hlen, 100 Bands gingen dabei leer aus. Der Startschuss f\u00e4llt wie schon seit vielen Jahren auf der Piazza des Gewerbeparks Regensburg: mit De Strawanza aus \u00d6sterreich, die rund um eine Drehorgel improvisieren. Au\u00dferdem &hellip;","thumbnail_url":"http:\/\/www.jazzzeitung.de\/cms\/wp-content\/uploads\/2015\/06\/Sax4quattro_2-150x150.jpg"}

Von Ursula Gaisa – Von Donnerstag, den 9. bis 12. Juli 2015 findet im Gewerbepark Regensburg und auf elf Bühnen in der historischen Altstadt des Welterbe zum 34. Mal das Bayerische Jazzweekend statt. Heute, am 30. Juni, lud das Kulturamt der Stadt Regensburg zu einem Pressegespräch ein. Rund 95 Veranstaltungen – 90 Konzerten und 5 Sessions – können die Besucher des &#8222;Familienfestes des Jazz&#8220; kostenlos genießen. Die stilistische Bandbreite reicht von Blues, Swing, Fusionjazz oder Popjazz bis hin zu so ausgefallenen Events wie „Livelooping mit Didgeridoo“ (Analogue Birds), „Improvisationstanz um die Drehorgel (De Strawanza) und „Saitenstarkem Kaffeehausjazz“ (Barcarole), so Weekend-Intendantin Sylke Merbold vom Bayerischen Jazzinstitut, das inzwischen nicht mehr unter der Trägerschaft der LAG Jazz in Bayern, sondern der Bayerischen Sing- und Musikschulen (VBSM) steht (die neue musikzeitung berichtete). 22-mal musste die ehrenamtliche Jury – bestehend aus „Studenten, Rentnern, Musikern und Jazzenthusiasten“, so Merbold, in diesem Jahr tagen, um die diesjährigen Teilnehmer auszuwählen, 100 Bands gingen dabei leer aus. Der Startschuss fällt wie schon seit vielen Jahren auf der Piazza des Gewerbeparks Regensburg: mit De Strawanza aus Österreich, die rund um eine Drehorgel improvisieren. Außerdem &hellip;
