{"version":"1.0","provider_name":"JazzZeitung","provider_url":"https:\/\/www.jazzzeitung.de\/cms","author_name":"Redaktion JazzZeitung","author_url":"https:\/\/www.jazzzeitung.de\/cms\/author\/redaktion\/","title":"Film \u00fcber Jazz-Legende Carlo Bohl\u00e4nder uraufgef\u00fchrt - JazzZeitung","type":"rich","width":600,"height":338,"html":"<blockquote class=\"wp-embedded-content\" data-secret=\"fFXcHXBGpv\"><a href=\"https:\/\/www.jazzzeitung.de\/cms\/2015\/03\/film-ueber-jazz-legende-carlo-bohlaender-uraufgefuehrt\/\">Film \u00fcber Jazz-Legende Carlo Bohl\u00e4nder uraufgef\u00fchrt<\/a><\/blockquote><iframe sandbox=\"allow-scripts\" security=\"restricted\" src=\"https:\/\/www.jazzzeitung.de\/cms\/2015\/03\/film-ueber-jazz-legende-carlo-bohlaender-uraufgefuehrt\/embed\/#?secret=fFXcHXBGpv\" width=\"600\" height=\"338\" title=\"&#8222;Film \u00fcber Jazz-Legende Carlo Bohl\u00e4nder uraufgef\u00fchrt&#8220; &#8211; JazzZeitung\" data-secret=\"fFXcHXBGpv\" frameborder=\"0\" marginwidth=\"0\" marginheight=\"0\" scrolling=\"no\" class=\"wp-embedded-content\"><\/iframe><script type=\"text\/javascript\">\n\/* <![CDATA[ *\/\n\/*! This file is auto-generated *\/\n!function(d,l){\"use strict\";l.querySelector&&d.addEventListener&&\"undefined\"!=typeof URL&&(d.wp=d.wp||{},d.wp.receiveEmbedMessage||(d.wp.receiveEmbedMessage=function(e){var t=e.data;if((t||t.secret||t.message||t.value)&&!\/[^a-zA-Z0-9]\/.test(t.secret)){for(var s,r,n,a=l.querySelectorAll('iframe[data-secret=\"'+t.secret+'\"]'),o=l.querySelectorAll('blockquote[data-secret=\"'+t.secret+'\"]'),c=new RegExp(\"^https?:$\",\"i\"),i=0;i<o.length;i++)o[i].style.display=\"none\";for(i=0;i<a.length;i++)s=a[i],e.source===s.contentWindow&&(s.removeAttribute(\"style\"),\"height\"===t.message?(1e3<(r=parseInt(t.value,10))?r=1e3:~~r<200&&(r=200),s.height=r):\"link\"===t.message&&(r=new URL(s.getAttribute(\"src\")),n=new URL(t.value),c.test(n.protocol))&&n.host===r.host&&l.activeElement===s&&(d.top.location.href=t.value))}},d.addEventListener(\"message\",d.wp.receiveEmbedMessage,!1),l.addEventListener(\"DOMContentLoaded\",function(){for(var e,t,s=l.querySelectorAll(\"iframe.wp-embedded-content\"),r=0;r<s.length;r++)(t=(e=s[r]).getAttribute(\"data-secret\"))||(t=Math.random().toString(36).substring(2,12),e.src+=\"#?secret=\"+t,e.setAttribute(\"data-secret\",t)),e.contentWindow.postMessage({message:\"ready\",secret:t},\"*\")},!1)))}(window,document);\n\/\/# sourceURL=https:\/\/www.jazzzeitung.de\/cms\/wp-includes\/js\/wp-embed.min.js\n\/* ]]> *\/\n<\/script>\n","description":"Von Dietrich Schlegel &#8211; Vom vollen Haus mit gro\u00dfem Beifall bedacht wurde der Film \u201eCarlo, Keep Swingin'&#8220; \u00fcber Carlo Bohl\u00e4nder (1919-2004), die Frankfurter Jazz-Legende aus den 50er- und 60er-Jahren, im Rahmen des\u00a0 8. Lichter Filmfest Frankfurt International uraufgef\u00fchrt. Bisher war der biographische Dokumentarfilm nur im Herbst einer Jury des Hessischen Filmpreises vorgef\u00fchrt worden (siehe nmz 11\/14). Im Cantate-Saal neben dem Goethe-Museum hatten sich nicht nur alte und \u00e4ltere Zuschauer eingefunden, sondern erstaunlich viele junge Menschen. Bohl\u00e4nder, der Trompeter, Jazz-Club-Betreiber (u. a. \u201eDomicil du Jazz&#8220;) und Autor musiktheoretischer Fachb\u00fccher, ist anscheinend in Frankfurt und dar\u00fcber hinaus noch in bester Erinnerung. Das merkte man auch w\u00e4hrend der Vorf\u00fchrung durch viele Zwischenrufe und erkennende Heiterkeit bei gewissen Szenen, die den \u201elocal hero&#8220; in seinen auch skurrilen Charakterz\u00fcgen zeigen. Doch die wahre Bedeutung Bohl\u00e4nders als F\u00f6rderer des Jazz im Nachkriegsdeutschland wie auch zahlreicher junger Talente zeigte die Regisseurin und Drehbuchautorin Elizabeth Ok durch Interviews und Statements von Wegbegleitern und Zeitzeugen wie Paul Kuhn, Emil und Albert Mangelsdorff, G\u00fcnter Lenz, Gustl Mayer, Fritz Rau. Besonders letzterer hob Bohl\u00e4nders Engagement f\u00fcr den Jazz als Musik der Freiheit hervor. Er hatte 1941, &hellip;","thumbnail_url":"https:\/\/i0.wp.com\/www.jazzzeitung.de\/cms\/wp-content\/uploads\/2012\/01\/ipad-logo-200.png?fit=200%2C200&ssl=1","thumbnail_width":200,"thumbnail_height":200}

Film über Jazz-Legende Carlo Bohländer uraufgeführt - JazzZeitung

<blockquote class="wp-embedded-content" data-secret="fFXcHXBGpv"><a href="https://www.jazzzeitung.de/cms/2015/03/film-ueber-jazz-legende-carlo-bohlaender-uraufgefuehrt/">Film über Jazz-Legende Carlo Bohländer uraufgeführt</a></blockquote><iframe sandbox="allow-scripts" security="restricted" src="https://www.jazzzeitung.de/cms/2015/03/film-ueber-jazz-legende-carlo-bohlaender-uraufgefuehrt/embed/#?secret=fFXcHXBGpv" width="600" height="338" title="&#8222;Film über Jazz-Legende Carlo Bohländer uraufgeführt&#8220; &#8211; JazzZeitung" data-secret="fFXcHXBGpv" frameborder="0" marginwidth="0" marginheight="0" scrolling="no" class="wp-embedded-content"></iframe><script type="text/javascript">
/* <![CDATA[ */
/*! This file is auto-generated */
!function(d,l){"use strict";l.querySelector&&d.addEventListener&&"undefined"!=typeof URL&&(d.wp=d.wp||{},d.wp.receiveEmbedMessage||(d.wp.receiveEmbedMessage=function(e){var t=e.data;if((t||t.secret||t.message||t.value)&&!/[^a-zA-Z0-9]/.test(t.secret)){for(var s,r,n,a=l.querySelectorAll('iframe[data-secret="'+t.secret+'"]'),o=l.querySelectorAll('blockquote[data-secret="'+t.secret+'"]'),c=new RegExp("^https?:$","i"),i=0;i<o.length;i++)o[i].style.display="none";for(i=0;i<a.length;i++)s=a[i],e.source===s.contentWindow&&(s.removeAttribute("style"),"height"===t.message?(1e3<(r=parseInt(t.value,10))?r=1e3:~~r<200&&(r=200),s.height=r):"link"===t.message&&(r=new URL(s.getAttribute("src")),n=new URL(t.value),c.test(n.protocol))&&n.host===r.host&&l.activeElement===s&&(d.top.location.href=t.value))}},d.addEventListener("message",d.wp.receiveEmbedMessage,!1),l.addEventListener("DOMContentLoaded",function(){for(var e,t,s=l.querySelectorAll("iframe.wp-embedded-content"),r=0;r<s.length;r++)(t=(e=s[r]).getAttribute("data-secret"))||(t=Math.random().toString(36).substring(2,12),e.src+="#?secret="+t,e.setAttribute("data-secret",t)),e.contentWindow.postMessage({message:"ready",secret:t},"*")},!1)))}(window,document);
//# sourceURL=https://www.jazzzeitung.de/cms/wp-includes/js/wp-embed.min.js
/* ]]> */
</script>

Von Dietrich Schlegel &#8211; Vom vollen Haus mit großem Beifall bedacht wurde der Film „Carlo, Keep Swingin'&#8220; über Carlo Bohländer (1919-2004), die Frankfurter Jazz-Legende aus den 50er- und 60er-Jahren, im Rahmen des  8. Lichter Filmfest Frankfurt International uraufgeführt. Bisher war der biographische Dokumentarfilm nur im Herbst einer Jury des Hessischen Filmpreises vorgeführt worden (siehe nmz 11/14). Im Cantate-Saal neben dem Goethe-Museum hatten sich nicht nur alte und ältere Zuschauer eingefunden, sondern erstaunlich viele junge Menschen. Bohländer, der Trompeter, Jazz-Club-Betreiber (u. a. „Domicil du Jazz&#8220;) und Autor musiktheoretischer Fachbücher, ist anscheinend in Frankfurt und darüber hinaus noch in bester Erinnerung. Das merkte man auch während der Vorführung durch viele Zwischenrufe und erkennende Heiterkeit bei gewissen Szenen, die den „local hero&#8220; in seinen auch skurrilen Charakterzügen zeigen. Doch die wahre Bedeutung Bohländers als Förderer des Jazz im Nachkriegsdeutschland wie auch zahlreicher junger Talente zeigte die Regisseurin und Drehbuchautorin Elizabeth Ok durch Interviews und Statements von Wegbegleitern und Zeitzeugen wie Paul Kuhn, Emil und Albert Mangelsdorff, Günter Lenz, Gustl Mayer, Fritz Rau. Besonders letzterer hob Bohländers Engagement für den Jazz als Musik der Freiheit hervor. Er hatte 1941, &hellip;
