{"version":"1.0","provider_name":"JazzZeitung","provider_url":"https:\/\/www.jazzzeitung.de\/cms","author_name":"Redaktion JazzZeitung","author_url":"https:\/\/www.jazzzeitung.de\/cms\/author\/redaktion\/","title":"Das Lukas Brenner Trio in Ochsenhausen - JazzZeitung","type":"rich","width":600,"height":338,"html":"<blockquote class=\"wp-embedded-content\" data-secret=\"AwuxexYu23\"><a href=\"https:\/\/www.jazzzeitung.de\/cms\/2015\/02\/das-lukas-brenner-trio-ochsenhausen\/\">Das Lukas Brenner Trio in  Ochsenhausen<\/a><\/blockquote><iframe sandbox=\"allow-scripts\" security=\"restricted\" src=\"https:\/\/www.jazzzeitung.de\/cms\/2015\/02\/das-lukas-brenner-trio-ochsenhausen\/embed\/#?secret=AwuxexYu23\" width=\"600\" height=\"338\" title=\"&#8222;Das Lukas Brenner Trio in  Ochsenhausen&#8220; &#8211; JazzZeitung\" data-secret=\"AwuxexYu23\" frameborder=\"0\" marginwidth=\"0\" marginheight=\"0\" scrolling=\"no\" class=\"wp-embedded-content\"><\/iframe><script type=\"text\/javascript\">\n\/* <![CDATA[ *\/\n\/*! This file is auto-generated *\/\n!function(d,l){\"use strict\";l.querySelector&&d.addEventListener&&\"undefined\"!=typeof URL&&(d.wp=d.wp||{},d.wp.receiveEmbedMessage||(d.wp.receiveEmbedMessage=function(e){var t=e.data;if((t||t.secret||t.message||t.value)&&!\/[^a-zA-Z0-9]\/.test(t.secret)){for(var s,r,n,a=l.querySelectorAll('iframe[data-secret=\"'+t.secret+'\"]'),o=l.querySelectorAll('blockquote[data-secret=\"'+t.secret+'\"]'),c=new RegExp(\"^https?:$\",\"i\"),i=0;i<o.length;i++)o[i].style.display=\"none\";for(i=0;i<a.length;i++)s=a[i],e.source===s.contentWindow&&(s.removeAttribute(\"style\"),\"height\"===t.message?(1e3<(r=parseInt(t.value,10))?r=1e3:~~r<200&&(r=200),s.height=r):\"link\"===t.message&&(r=new URL(s.getAttribute(\"src\")),n=new URL(t.value),c.test(n.protocol))&&n.host===r.host&&l.activeElement===s&&(d.top.location.href=t.value))}},d.addEventListener(\"message\",d.wp.receiveEmbedMessage,!1),l.addEventListener(\"DOMContentLoaded\",function(){for(var e,t,s=l.querySelectorAll(\"iframe.wp-embedded-content\"),r=0;r<s.length;r++)(t=(e=s[r]).getAttribute(\"data-secret\"))||(t=Math.random().toString(36).substring(2,12),e.src+=\"#?secret=\"+t,e.setAttribute(\"data-secret\",t)),e.contentWindow.postMessage({message:\"ready\",secret:t},\"*\")},!1)))}(window,document);\n\/\/# sourceURL=https:\/\/www.jazzzeitung.de\/cms\/wp-includes\/js\/wp-embed.min.js\n\/* ]]> *\/\n<\/script>\n","description":"Von Andreas Kolb &#8211; Zuerst waren da die Geige und das Schulmusikstudium an der Musikhochschule Stuttgart. Doch das war Lukas Brenner nicht genug: Er studierte Jazzklavier und ist seit f\u00fcnf Jahren mit seinem eigenen, dem Lukas Brenner Trio unterwegs. Gemeinsam mit Nico Amrehn (Bass) und Felix Schrack (Schlagzeug) war Brenner am 27. Januar von Stuttgart nach Oberschwaben in die Landesakademie f\u00fcr die musizierende Jugend in Baden-W\u00fcrttemberg gekommen, um im legend\u00e4ren Bibliothekssaal des ehemaligen Klosters ein Festkonzert der besonderen Art zugeben. Der Arbeitskreis der Musikbildungsst\u00e4tten in Deutschland feierte an diesem Tag sein 30-j\u00e4hriges Bestehen sowie die Neugr\u00fcndung eines Verbands der Bundes- und Landesakademien. In der Atmosph\u00e4re eines Privatkonzertes wie es die \u00c4bte in barocken fr\u00fcheren Zeiten pflegten, entf\u00fchrte das Brenner Trio die rund 20 Akademiedirektoren in eine Jazz-Klangwelt, die nicht nur von Standards wie \u201eSomeday my Prince will come\u201c oder \u201eStella by Starlight\u201c inspiriert war, sondern vor allem durch die Eigenkompositionen des jungen Pianisten gepr\u00e4gt. Das Konzert im Stil moderner Klassik pr\u00e4sentierte Melodisches, inspiriert von den Beatles, den Modi eines Olivier Messiaen und dem Spielgestus der \u201eJungen Lyrischen\u201c. &nbsp;","thumbnail_url":"http:\/\/www.jazzzeitung.de\/cms\/wp-content\/uploads\/2015\/01\/image3-150x150.jpeg"}

Von Andreas Kolb &#8211; Zuerst waren da die Geige und das Schulmusikstudium an der Musikhochschule Stuttgart. Doch das war Lukas Brenner nicht genug: Er studierte Jazzklavier und ist seit fünf Jahren mit seinem eigenen, dem Lukas Brenner Trio unterwegs. Gemeinsam mit Nico Amrehn (Bass) und Felix Schrack (Schlagzeug) war Brenner am 27. Januar von Stuttgart nach Oberschwaben in die Landesakademie für die musizierende Jugend in Baden-Württemberg gekommen, um im legendären Bibliothekssaal des ehemaligen Klosters ein Festkonzert der besonderen Art zugeben. Der Arbeitskreis der Musikbildungsstätten in Deutschland feierte an diesem Tag sein 30-jähriges Bestehen sowie die Neugründung eines Verbands der Bundes- und Landesakademien. In der Atmosphäre eines Privatkonzertes wie es die Äbte in barocken früheren Zeiten pflegten, entführte das Brenner Trio die rund 20 Akademiedirektoren in eine Jazz-Klangwelt, die nicht nur von Standards wie „Someday my Prince will come“ oder „Stella by Starlight“ inspiriert war, sondern vor allem durch die Eigenkompositionen des jungen Pianisten geprägt. Das Konzert im Stil moderner Klassik präsentierte Melodisches, inspiriert von den Beatles, den Modi eines Olivier Messiaen und dem Spielgestus der „Jungen Lyrischen“. &nbsp;
