{"version":"1.0","provider_name":"JazzZeitung","provider_url":"https:\/\/www.jazzzeitung.de\/cms","author_name":"Redaktion JazzZeitung","author_url":"https:\/\/www.jazzzeitung.de\/cms\/author\/redaktion\/","title":"Ray Charles Tribute im Regensburger Velodrom - JazzZeitung","type":"rich","width":600,"height":338,"html":"<blockquote class=\"wp-embedded-content\" data-secret=\"pGjZhA0aKp\"><a href=\"https:\/\/www.jazzzeitung.de\/cms\/2015\/01\/ray-charles-tribute-im-regensburger-velodrom\/\">Ray Charles Tribute im Regensburger Velodrom<\/a><\/blockquote><iframe sandbox=\"allow-scripts\" security=\"restricted\" src=\"https:\/\/www.jazzzeitung.de\/cms\/2015\/01\/ray-charles-tribute-im-regensburger-velodrom\/embed\/#?secret=pGjZhA0aKp\" width=\"600\" height=\"338\" title=\"&#8222;Ray Charles Tribute im Regensburger Velodrom&#8220; &#8211; JazzZeitung\" data-secret=\"pGjZhA0aKp\" frameborder=\"0\" marginwidth=\"0\" marginheight=\"0\" scrolling=\"no\" class=\"wp-embedded-content\"><\/iframe><script type=\"text\/javascript\">\n\/* <![CDATA[ *\/\n\/*! This file is auto-generated *\/\n!function(d,l){\"use strict\";l.querySelector&&d.addEventListener&&\"undefined\"!=typeof URL&&(d.wp=d.wp||{},d.wp.receiveEmbedMessage||(d.wp.receiveEmbedMessage=function(e){var t=e.data;if((t||t.secret||t.message||t.value)&&!\/[^a-zA-Z0-9]\/.test(t.secret)){for(var s,r,n,a=l.querySelectorAll('iframe[data-secret=\"'+t.secret+'\"]'),o=l.querySelectorAll('blockquote[data-secret=\"'+t.secret+'\"]'),c=new RegExp(\"^https?:$\",\"i\"),i=0;i<o.length;i++)o[i].style.display=\"none\";for(i=0;i<a.length;i++)s=a[i],e.source===s.contentWindow&&(s.removeAttribute(\"style\"),\"height\"===t.message?(1e3<(r=parseInt(t.value,10))?r=1e3:~~r<200&&(r=200),s.height=r):\"link\"===t.message&&(r=new URL(s.getAttribute(\"src\")),n=new URL(t.value),c.test(n.protocol))&&n.host===r.host&&l.activeElement===s&&(d.top.location.href=t.value))}},d.addEventListener(\"message\",d.wp.receiveEmbedMessage,!1),l.addEventListener(\"DOMContentLoaded\",function(){for(var e,t,s=l.querySelectorAll(\"iframe.wp-embedded-content\"),r=0;r<s.length;r++)(t=(e=s[r]).getAttribute(\"data-secret\"))||(t=Math.random().toString(36).substring(2,12),e.src+=\"#?secret=\"+t,e.setAttribute(\"data-secret\",t)),e.contentWindow.postMessage({message:\"ready\",secret:t},\"*\")},!1)))}(window,document);\n\/\/# sourceURL=https:\/\/www.jazzzeitung.de\/cms\/wp-includes\/js\/wp-embed.min.js\n\/* ]]> *\/\n<\/script>\n","description":"An zwei ausverkauften Abenden im Regensburger Velodrom pr\u00e4sentierte das Uni Jazzorchester Regensburg (UJO) sein umjubeltes und beim Festival \u201eJazzAscona\u201c preisgekr\u00f6ntes Ray Charles Tribute Programm. Neben Energieb\u00fcndel und Ray-Charles-Soundalike Uros Peric war Sheila Raye Charles mit gro\u00dfer Stimme und B\u00fchnenpr\u00e4senz Garantin f\u00fcr ein authentisches Weitertragen der Musik ihres Vaters in die Gegenwart. Das UJO unter der Leitung von Christian Sommerer zeigte sich in bestechender Form und changierte m\u00fchelos zwischen Swing, Rhythm &amp; Blues, Soul und einer Prise Funk. jmk","thumbnail_url":"http:\/\/www.jazzzeitung.de\/cms\/wp-content\/uploads\/2015\/01\/UJO-Sheila-Ray-Charles-web-c-jm-koch-150x150.jpg"}

An zwei ausverkauften Abenden im Regensburger Velodrom präsentierte das Uni Jazzorchester Regensburg (UJO) sein umjubeltes und beim Festival „JazzAscona“ preisgekröntes Ray Charles Tribute Programm. Neben Energiebündel und Ray-Charles-Soundalike Uros Peric war Sheila Raye Charles mit großer Stimme und Bühnenpräsenz Garantin für ein authentisches Weitertragen der Musik ihres Vaters in die Gegenwart. Das UJO unter der Leitung von Christian Sommerer zeigte sich in bestechender Form und changierte mühelos zwischen Swing, Rhythm &amp; Blues, Soul und einer Prise Funk. jmk
