{"version":"1.0","provider_name":"JazzZeitung","provider_url":"https:\/\/www.jazzzeitung.de\/cms","author_name":"Redaktion JazzZeitung","author_url":"https:\/\/www.jazzzeitung.de\/cms\/author\/redaktion\/","title":"Johanna Borchert zu ihrem Solo-Deb\u00fct \"FM Biography\" - JazzZeitung","type":"rich","width":600,"height":338,"html":"<blockquote class=\"wp-embedded-content\" data-secret=\"bnvnDtgDuX\"><a href=\"https:\/\/www.jazzzeitung.de\/cms\/2015\/01\/johanna-borchert-zu-ihrem-solo-debuet-fm-biography\/\">Johanna Borchert zu ihrem Solo-Deb\u00fct &#8222;FM Biography&#8220;<\/a><\/blockquote><iframe sandbox=\"allow-scripts\" security=\"restricted\" src=\"https:\/\/www.jazzzeitung.de\/cms\/2015\/01\/johanna-borchert-zu-ihrem-solo-debuet-fm-biography\/embed\/#?secret=bnvnDtgDuX\" width=\"600\" height=\"338\" title=\"&#8222;Johanna Borchert zu ihrem Solo-Deb\u00fct &#8222;FM Biography&#8220;&#8220; &#8211; JazzZeitung\" data-secret=\"bnvnDtgDuX\" frameborder=\"0\" marginwidth=\"0\" marginheight=\"0\" scrolling=\"no\" class=\"wp-embedded-content\"><\/iframe><script type=\"text\/javascript\">\n\/* <![CDATA[ *\/\n\/*! This file is auto-generated *\/\n!function(d,l){\"use strict\";l.querySelector&&d.addEventListener&&\"undefined\"!=typeof URL&&(d.wp=d.wp||{},d.wp.receiveEmbedMessage||(d.wp.receiveEmbedMessage=function(e){var t=e.data;if((t||t.secret||t.message||t.value)&&!\/[^a-zA-Z0-9]\/.test(t.secret)){for(var s,r,n,a=l.querySelectorAll('iframe[data-secret=\"'+t.secret+'\"]'),o=l.querySelectorAll('blockquote[data-secret=\"'+t.secret+'\"]'),c=new RegExp(\"^https?:$\",\"i\"),i=0;i<o.length;i++)o[i].style.display=\"none\";for(i=0;i<a.length;i++)s=a[i],e.source===s.contentWindow&&(s.removeAttribute(\"style\"),\"height\"===t.message?(1e3<(r=parseInt(t.value,10))?r=1e3:~~r<200&&(r=200),s.height=r):\"link\"===t.message&&(r=new URL(s.getAttribute(\"src\")),n=new URL(t.value),c.test(n.protocol))&&n.host===r.host&&l.activeElement===s&&(d.top.location.href=t.value))}},d.addEventListener(\"message\",d.wp.receiveEmbedMessage,!1),l.addEventListener(\"DOMContentLoaded\",function(){for(var e,t,s=l.querySelectorAll(\"iframe.wp-embedded-content\"),r=0;r<s.length;r++)(t=(e=s[r]).getAttribute(\"data-secret\"))||(t=Math.random().toString(36).substring(2,12),e.src+=\"#?secret=\"+t,e.setAttribute(\"data-secret\",t)),e.contentWindow.postMessage({message:\"ready\",secret:t},\"*\")},!1)))}(window,document);\n\/\/# sourceURL=https:\/\/www.jazzzeitung.de\/cms\/wp-includes\/js\/wp-embed.min.js\n\/* ]]> *\/\n<\/script>\n","description":"Von Oliver Hochkeppel, in Ausz\u00fcgen gedruckt in SILBERHORN 1-15: Der Name Johanna Borchert war bislang nur Experten bekannt, die sich f\u00fcr Bandbesetzungen interessieren: Als eine H\u00e4lfte des Duos Little Red Suitcase mit der Geigerin Elena Seti\u00e9n und Teil des &#8211; 2012 mit dem Neuen Deutschen Jazzpreis ausgezeichneten &#8211; Quartetts Schneewei\u00df &amp; Rosenrot. Das hat sich f\u00fcr die unter anderem bei Hubert Nuss und David Friedman in Berlin und Django Bates in Kopenhagen ausgebildete Pianistin, Komponistin und S\u00e4ngerin mit ihrem fulminanten, bei Enja Yellowbird erschienenen Leader-Deb\u00fct \u201eFM Biography\u201c nun schlagartig ge\u00e4ndert. Der mit dem Gitarrenguru Fred Frith, dem Schweizer Schlagwerker Julian Sartorius und dem New Yorker Multiinstrumentalisten und Produzenten Shahzad Ismaily eingespielte, v\u00f6llig eigenst\u00e4ndige Stilmix mit Gesamtkunstwerk-Charakter \u2013 wovon nicht zuletzt zwei Videos zeugen, siehe www.johannaborchert.de \u2013 sorgte f\u00fcr Aufsehen und brachte ihr als nahezu einzige heimische junge Jazzerin eine Einladung zum Jubil\u00e4ums-Jazzfest Berlin. Ihr Album klingt alles andere als nach Radiokost. Wieso hei\u00dft es \u201eFM Biography\u201c? Wie das bei K\u00fcnstlern so ist. Am Schluss kommt etwas ganz Intuitives heraus, aus Einf\u00e4llen, Gef\u00fchlen, Begebenheiten, die pl\u00f6tzlich einen Sinne ergeben. Der Titel stammt von Agnieszka Wolny-Hamkalo, einer &hellip;","thumbnail_url":"https:\/\/i0.wp.com\/www.jazzzeitung.de\/cms\/wp-content\/uploads\/2012\/01\/ipad-logo-200.png?fit=200%2C200&ssl=1","thumbnail_width":200,"thumbnail_height":200}

Johanna Borchert zu ihrem Solo-Debüt "FM Biography" - JazzZeitung

<blockquote class="wp-embedded-content" data-secret="bnvnDtgDuX"><a href="https://www.jazzzeitung.de/cms/2015/01/johanna-borchert-zu-ihrem-solo-debuet-fm-biography/">Johanna Borchert zu ihrem Solo-Debüt &#8222;FM Biography&#8220;</a></blockquote><iframe sandbox="allow-scripts" security="restricted" src="https://www.jazzzeitung.de/cms/2015/01/johanna-borchert-zu-ihrem-solo-debuet-fm-biography/embed/#?secret=bnvnDtgDuX" width="600" height="338" title="&#8222;Johanna Borchert zu ihrem Solo-Debüt &#8222;FM Biography&#8220;&#8220; &#8211; JazzZeitung" data-secret="bnvnDtgDuX" frameborder="0" marginwidth="0" marginheight="0" scrolling="no" class="wp-embedded-content"></iframe><script type="text/javascript">
/* <![CDATA[ */
/*! This file is auto-generated */
!function(d,l){"use strict";l.querySelector&&d.addEventListener&&"undefined"!=typeof URL&&(d.wp=d.wp||{},d.wp.receiveEmbedMessage||(d.wp.receiveEmbedMessage=function(e){var t=e.data;if((t||t.secret||t.message||t.value)&&!/[^a-zA-Z0-9]/.test(t.secret)){for(var s,r,n,a=l.querySelectorAll('iframe[data-secret="'+t.secret+'"]'),o=l.querySelectorAll('blockquote[data-secret="'+t.secret+'"]'),c=new RegExp("^https?:$","i"),i=0;i<o.length;i++)o[i].style.display="none";for(i=0;i<a.length;i++)s=a[i],e.source===s.contentWindow&&(s.removeAttribute("style"),"height"===t.message?(1e3<(r=parseInt(t.value,10))?r=1e3:~~r<200&&(r=200),s.height=r):"link"===t.message&&(r=new URL(s.getAttribute("src")),n=new URL(t.value),c.test(n.protocol))&&n.host===r.host&&l.activeElement===s&&(d.top.location.href=t.value))}},d.addEventListener("message",d.wp.receiveEmbedMessage,!1),l.addEventListener("DOMContentLoaded",function(){for(var e,t,s=l.querySelectorAll("iframe.wp-embedded-content"),r=0;r<s.length;r++)(t=(e=s[r]).getAttribute("data-secret"))||(t=Math.random().toString(36).substring(2,12),e.src+="#?secret="+t,e.setAttribute("data-secret",t)),e.contentWindow.postMessage({message:"ready",secret:t},"*")},!1)))}(window,document);
//# sourceURL=https://www.jazzzeitung.de/cms/wp-includes/js/wp-embed.min.js
/* ]]> */
</script>

Von Oliver Hochkeppel, in Auszügen gedruckt in SILBERHORN 1-15: Der Name Johanna Borchert war bislang nur Experten bekannt, die sich für Bandbesetzungen interessieren: Als eine Hälfte des Duos Little Red Suitcase mit der Geigerin Elena Setién und Teil des &#8211; 2012 mit dem Neuen Deutschen Jazzpreis ausgezeichneten &#8211; Quartetts Schneeweiß &amp; Rosenrot. Das hat sich für die unter anderem bei Hubert Nuss und David Friedman in Berlin und Django Bates in Kopenhagen ausgebildete Pianistin, Komponistin und Sängerin mit ihrem fulminanten, bei Enja Yellowbird erschienenen Leader-Debüt „FM Biography“ nun schlagartig geändert. Der mit dem Gitarrenguru Fred Frith, dem Schweizer Schlagwerker Julian Sartorius und dem New Yorker Multiinstrumentalisten und Produzenten Shahzad Ismaily eingespielte, völlig eigenständige Stilmix mit Gesamtkunstwerk-Charakter – wovon nicht zuletzt zwei Videos zeugen, siehe www.johannaborchert.de – sorgte für Aufsehen und brachte ihr als nahezu einzige heimische junge Jazzerin eine Einladung zum Jubiläums-Jazzfest Berlin. Ihr Album klingt alles andere als nach Radiokost. Wieso heißt es „FM Biography“? Wie das bei Künstlern so ist. Am Schluss kommt etwas ganz Intuitives heraus, aus Einfällen, Gefühlen, Begebenheiten, die plötzlich einen Sinne ergeben. Der Titel stammt von Agnieszka Wolny-Hamkalo, einer &hellip;
