{"version":"1.0","provider_name":"JazzZeitung","provider_url":"https:\/\/www.jazzzeitung.de\/cms","author_name":"Redaktion JazzZeitung","author_url":"https:\/\/www.jazzzeitung.de\/cms\/author\/redaktion\/","title":"Das Portal zum Jazz w\u00fcnscht frohe Weihnachten - JazzZeitung","type":"rich","width":600,"height":338,"html":"<blockquote class=\"wp-embedded-content\" data-secret=\"JBTYAVDNmF\"><a href=\"https:\/\/www.jazzzeitung.de\/cms\/2014\/12\/das-portal-zum-jazz-wuenscht-frohe-weihnachten\/\">Das Portal zum Jazz w\u00fcnscht frohe Weihnachten<\/a><\/blockquote><iframe sandbox=\"allow-scripts\" security=\"restricted\" src=\"https:\/\/www.jazzzeitung.de\/cms\/2014\/12\/das-portal-zum-jazz-wuenscht-frohe-weihnachten\/embed\/#?secret=JBTYAVDNmF\" width=\"600\" height=\"338\" title=\"&#8222;Das Portal zum Jazz w\u00fcnscht frohe Weihnachten&#8220; &#8211; JazzZeitung\" data-secret=\"JBTYAVDNmF\" frameborder=\"0\" marginwidth=\"0\" marginheight=\"0\" scrolling=\"no\" class=\"wp-embedded-content\"><\/iframe><script type=\"text\/javascript\">\n\/* <![CDATA[ *\/\n\/*! This file is auto-generated *\/\n!function(d,l){\"use strict\";l.querySelector&&d.addEventListener&&\"undefined\"!=typeof URL&&(d.wp=d.wp||{},d.wp.receiveEmbedMessage||(d.wp.receiveEmbedMessage=function(e){var t=e.data;if((t||t.secret||t.message||t.value)&&!\/[^a-zA-Z0-9]\/.test(t.secret)){for(var s,r,n,a=l.querySelectorAll('iframe[data-secret=\"'+t.secret+'\"]'),o=l.querySelectorAll('blockquote[data-secret=\"'+t.secret+'\"]'),c=new RegExp(\"^https?:$\",\"i\"),i=0;i<o.length;i++)o[i].style.display=\"none\";for(i=0;i<a.length;i++)s=a[i],e.source===s.contentWindow&&(s.removeAttribute(\"style\"),\"height\"===t.message?(1e3<(r=parseInt(t.value,10))?r=1e3:~~r<200&&(r=200),s.height=r):\"link\"===t.message&&(r=new URL(s.getAttribute(\"src\")),n=new URL(t.value),c.test(n.protocol))&&n.host===r.host&&l.activeElement===s&&(d.top.location.href=t.value))}},d.addEventListener(\"message\",d.wp.receiveEmbedMessage,!1),l.addEventListener(\"DOMContentLoaded\",function(){for(var e,t,s=l.querySelectorAll(\"iframe.wp-embedded-content\"),r=0;r<s.length;r++)(t=(e=s[r]).getAttribute(\"data-secret\"))||(t=Math.random().toString(36).substring(2,12),e.src+=\"#?secret=\"+t,e.setAttribute(\"data-secret\",t)),e.contentWindow.postMessage({message:\"ready\",secret:t},\"*\")},!1)))}(window,document);\n\/\/# sourceURL=https:\/\/www.jazzzeitung.de\/cms\/wp-includes\/js\/wp-embed.min.js\n\/* ]]> *\/\n<\/script>\n","description":"Mit ein paar Last-Minute-Geschenk-Tipps m\u00f6chten wir uns f\u00fcr 2014 von unseren Leserinnen und Lesern verabschieden. Wir machen &#8211; wie alle &#8211; ein bisschen Urlaub und werden ab 5. Januar wieder zur\u00fcck sein mit einem News-\u00dcberblick und t\u00e4glich neuen Beitr\u00e4gen. Danke f\u00fcr alle Kommentare, Besuche und Ihre Treue. Und los geht&#8217;s mit einem Buch-Tipp: Startrompeter Till Br\u00f6nner ist n\u00e4mlich auch eine guter Fotograf, wie vielleicht noch nicht alle wissen. Sein Fotoband ist im Verlag TeNeues erschienen und hei\u00dft &#8222;Till Br\u00f6nner: Faces of Talent&#8220; (Kempen 2014, 208 Seiten, 98 Euro (ISBN 978-3-8327-9865-9)) &#8211; und hier die Rezension von Reiner Kobe:\u00a0 Ein Talent Till Br\u00f6nners blieb bislang verborgen, das als Fotograf. Jetzt legt der Trompeter gleich einen ganzen Band seiner eindr\u00fccklichen Schwarz\/Wei\u00df-Fotos vor. Die meisten Aufnahmen sind spontan entstanden, wie es sich f\u00fcr einen Jazzmusiker geh\u00f6rt, also ohne Set und k\u00fcnstliches Licht. Br\u00f6nner trifft dabei nicht nur den richtigen Ton, sondern auch den richtigen Punkt, um auf den Abzug seiner Leica zu dr\u00fccken. In seinem reduzierten Stil f\u00f6rdert Br\u00f6nner auch unbekannte Seiten bekannter Pers\u00f6nlichkeiten zu Tage. Offen blicken deren Gesichter in die Kamera, meist freundlich, selten skeptisch. Dass &hellip;","thumbnail_url":"http:\/\/www.jazzzeitung.de\/cms\/wp-content\/uploads\/2014\/12\/Home-Cover-Thumb-150x150.jpg"}

Das Portal zum Jazz wünscht frohe Weihnachten - JazzZeitung

<blockquote class="wp-embedded-content" data-secret="JBTYAVDNmF"><a href="https://www.jazzzeitung.de/cms/2014/12/das-portal-zum-jazz-wuenscht-frohe-weihnachten/">Das Portal zum Jazz wünscht frohe Weihnachten</a></blockquote><iframe sandbox="allow-scripts" security="restricted" src="https://www.jazzzeitung.de/cms/2014/12/das-portal-zum-jazz-wuenscht-frohe-weihnachten/embed/#?secret=JBTYAVDNmF" width="600" height="338" title="&#8222;Das Portal zum Jazz wünscht frohe Weihnachten&#8220; &#8211; JazzZeitung" data-secret="JBTYAVDNmF" frameborder="0" marginwidth="0" marginheight="0" scrolling="no" class="wp-embedded-content"></iframe><script type="text/javascript">
/* <![CDATA[ */
/*! This file is auto-generated */
!function(d,l){"use strict";l.querySelector&&d.addEventListener&&"undefined"!=typeof URL&&(d.wp=d.wp||{},d.wp.receiveEmbedMessage||(d.wp.receiveEmbedMessage=function(e){var t=e.data;if((t||t.secret||t.message||t.value)&&!/[^a-zA-Z0-9]/.test(t.secret)){for(var s,r,n,a=l.querySelectorAll('iframe[data-secret="'+t.secret+'"]'),o=l.querySelectorAll('blockquote[data-secret="'+t.secret+'"]'),c=new RegExp("^https?:$","i"),i=0;i<o.length;i++)o[i].style.display="none";for(i=0;i<a.length;i++)s=a[i],e.source===s.contentWindow&&(s.removeAttribute("style"),"height"===t.message?(1e3<(r=parseInt(t.value,10))?r=1e3:~~r<200&&(r=200),s.height=r):"link"===t.message&&(r=new URL(s.getAttribute("src")),n=new URL(t.value),c.test(n.protocol))&&n.host===r.host&&l.activeElement===s&&(d.top.location.href=t.value))}},d.addEventListener("message",d.wp.receiveEmbedMessage,!1),l.addEventListener("DOMContentLoaded",function(){for(var e,t,s=l.querySelectorAll("iframe.wp-embedded-content"),r=0;r<s.length;r++)(t=(e=s[r]).getAttribute("data-secret"))||(t=Math.random().toString(36).substring(2,12),e.src+="#?secret="+t,e.setAttribute("data-secret",t)),e.contentWindow.postMessage({message:"ready",secret:t},"*")},!1)))}(window,document);
//# sourceURL=https://www.jazzzeitung.de/cms/wp-includes/js/wp-embed.min.js
/* ]]> */
</script>

Mit ein paar Last-Minute-Geschenk-Tipps möchten wir uns für 2014 von unseren Leserinnen und Lesern verabschieden. Wir machen &#8211; wie alle &#8211; ein bisschen Urlaub und werden ab 5. Januar wieder zurück sein mit einem News-Überblick und täglich neuen Beiträgen. Danke für alle Kommentare, Besuche und Ihre Treue. Und los geht&#8217;s mit einem Buch-Tipp: Startrompeter Till Brönner ist nämlich auch eine guter Fotograf, wie vielleicht noch nicht alle wissen. Sein Fotoband ist im Verlag TeNeues erschienen und heißt &#8222;Till Brönner: Faces of Talent&#8220; (Kempen 2014, 208 Seiten, 98 Euro (ISBN 978-3-8327-9865-9)) &#8211; und hier die Rezension von Reiner Kobe:  Ein Talent Till Brönners blieb bislang verborgen, das als Fotograf. Jetzt legt der Trompeter gleich einen ganzen Band seiner eindrücklichen Schwarz/Weiß-Fotos vor. Die meisten Aufnahmen sind spontan entstanden, wie es sich für einen Jazzmusiker gehört, also ohne Set und künstliches Licht. Brönner trifft dabei nicht nur den richtigen Ton, sondern auch den richtigen Punkt, um auf den Abzug seiner Leica zu drücken. In seinem reduzierten Stil fördert Brönner auch unbekannte Seiten bekannter Persönlichkeiten zu Tage. Offen blicken deren Gesichter in die Kamera, meist freundlich, selten skeptisch. Dass &hellip;
