{"version":"1.0","provider_name":"JazzZeitung","provider_url":"https:\/\/www.jazzzeitung.de\/cms","title":"Showcase-Bewerbungsphase f\u00fcr jazzahead endet heute - JazzZeitung","type":"rich","width":600,"height":338,"html":"<blockquote class=\"wp-embedded-content\" data-secret=\"itS1G2rGFK\"><a href=\"https:\/\/www.jazzzeitung.de\/cms\/2014\/11\/showcase-bewerbungsphase-fuer-jazzahead-endet-heute\/\">Showcase-Bewerbungsphase f\u00fcr jazzahead endet heute<\/a><\/blockquote><iframe sandbox=\"allow-scripts\" security=\"restricted\" src=\"https:\/\/www.jazzzeitung.de\/cms\/2014\/11\/showcase-bewerbungsphase-fuer-jazzahead-endet-heute\/embed\/#?secret=itS1G2rGFK\" width=\"600\" height=\"338\" title=\"&#8222;Showcase-Bewerbungsphase f\u00fcr jazzahead endet heute&#8220; &#8211; JazzZeitung\" data-secret=\"itS1G2rGFK\" frameborder=\"0\" marginwidth=\"0\" marginheight=\"0\" scrolling=\"no\" class=\"wp-embedded-content\"><\/iframe><script type=\"text\/javascript\">\n\/* <![CDATA[ *\/\n\/*! This file is auto-generated *\/\n!function(d,l){\"use strict\";l.querySelector&&d.addEventListener&&\"undefined\"!=typeof URL&&(d.wp=d.wp||{},d.wp.receiveEmbedMessage||(d.wp.receiveEmbedMessage=function(e){var t=e.data;if((t||t.secret||t.message||t.value)&&!\/[^a-zA-Z0-9]\/.test(t.secret)){for(var s,r,n,a=l.querySelectorAll('iframe[data-secret=\"'+t.secret+'\"]'),o=l.querySelectorAll('blockquote[data-secret=\"'+t.secret+'\"]'),c=new RegExp(\"^https?:$\",\"i\"),i=0;i<o.length;i++)o[i].style.display=\"none\";for(i=0;i<a.length;i++)s=a[i],e.source===s.contentWindow&&(s.removeAttribute(\"style\"),\"height\"===t.message?(1e3<(r=parseInt(t.value,10))?r=1e3:~~r<200&&(r=200),s.height=r):\"link\"===t.message&&(r=new URL(s.getAttribute(\"src\")),n=new URL(t.value),c.test(n.protocol))&&n.host===r.host&&l.activeElement===s&&(d.top.location.href=t.value))}},d.addEventListener(\"message\",d.wp.receiveEmbedMessage,!1),l.addEventListener(\"DOMContentLoaded\",function(){for(var e,t,s=l.querySelectorAll(\"iframe.wp-embedded-content\"),r=0;r<s.length;r++)(t=(e=s[r]).getAttribute(\"data-secret\"))||(t=Math.random().toString(36).substring(2,12),e.src+=\"#?secret=\"+t,e.setAttribute(\"data-secret\",t)),e.contentWindow.postMessage({message:\"ready\",secret:t},\"*\")},!1)))}(window,document);\n\/\/# sourceURL=https:\/\/www.jazzzeitung.de\/cms\/wp-includes\/js\/wp-embed.min.js\n\/* ]]> *\/\n<\/script>\n","thumbnail_url":"https:\/\/i0.wp.com\/www.jazzzeitung.de\/cms\/wp-content\/uploads\/2014\/11\/Photo1-MonikaGr\u00fctters-c_Quelle-Christof-Rieken_800KB.jpg?fit=1000%2C1501&ssl=1","thumbnail_width":1000,"thumbnail_height":1501,"description":"Showcase-Bewerbungsphase endet am 11. November 2014 Bewerbungen f\u00fcr die 40 Showcases auf der zehnten jazzahead! k\u00f6nnen f\u00fcr die Module German Jazz Expo (K\u00fcnstler aus Deutschland), French Night (Jazz aus dem Partnerland 2015: Frankreich), European Jazz Meeting (europ\u00e4ische Jazzformationen) und Overseas Night (Jazz aus \u00dcbersee) eingereicht werden. Konditionen f\u00fcr eine Bewerbung k\u00f6nnen auf der Webseite nachgelesen werden. Die Bewerbungsfrist endet am 11. November 2014. Seit zehn Jahren ist die jazzahead! der Branchentreff f\u00fcr die internationale Jazzszene. An vier Messetagen und bei 40 Showcase- Konzerten kommen die Protagonisten der Szene zusammen. Zus\u00e4tzlich zieht die jazzahead! clubnight am Samstag, 25. April 2015, das Publikum in 30 Clubs und Spielst\u00e4tten der Stadt, um bei rund 60 Konzerten die Nacht zum Tage zu machen. Um ein j\u00e4hrlich wechselndes Partnerland, dessen Jazzszene auf der Messe vorgestellt wird, hat sich ein Kulturfestival entwickelt. Dieses zeigt \u00fcber einen Zeitraum von zweieinhalb Wochen die zeitgen\u00f6ssische Kunst- und Kulturszene des jeweiligen Partnerlandes in Bremen. Zu Messe und Kulturfestival werden rund 25.000 Besucher erwartet. Die Musikmesse findet statt vom 23. bis 26. April 2015, das Kulturfestival der jazzahead! vom 9. bis 26. April 2015. Highlights zum &hellip;"}

Showcase-Bewerbungsphase für jazzahead endet heute - JazzZeitung

<blockquote class="wp-embedded-content" data-secret="itS1G2rGFK"><a href="https://www.jazzzeitung.de/cms/2014/11/showcase-bewerbungsphase-fuer-jazzahead-endet-heute/">Showcase-Bewerbungsphase für jazzahead endet heute</a></blockquote><iframe sandbox="allow-scripts" security="restricted" src="https://www.jazzzeitung.de/cms/2014/11/showcase-bewerbungsphase-fuer-jazzahead-endet-heute/embed/#?secret=itS1G2rGFK" width="600" height="338" title="&#8222;Showcase-Bewerbungsphase für jazzahead endet heute&#8220; &#8211; JazzZeitung" data-secret="itS1G2rGFK" frameborder="0" marginwidth="0" marginheight="0" scrolling="no" class="wp-embedded-content"></iframe><script type="text/javascript">
/* <![CDATA[ */
/*! This file is auto-generated */
!function(d,l){"use strict";l.querySelector&&d.addEventListener&&"undefined"!=typeof URL&&(d.wp=d.wp||{},d.wp.receiveEmbedMessage||(d.wp.receiveEmbedMessage=function(e){var t=e.data;if((t||t.secret||t.message||t.value)&&!/[^a-zA-Z0-9]/.test(t.secret)){for(var s,r,n,a=l.querySelectorAll('iframe[data-secret="'+t.secret+'"]'),o=l.querySelectorAll('blockquote[data-secret="'+t.secret+'"]'),c=new RegExp("^https?:$","i"),i=0;i<o.length;i++)o[i].style.display="none";for(i=0;i<a.length;i++)s=a[i],e.source===s.contentWindow&&(s.removeAttribute("style"),"height"===t.message?(1e3<(r=parseInt(t.value,10))?r=1e3:~~r<200&&(r=200),s.height=r):"link"===t.message&&(r=new URL(s.getAttribute("src")),n=new URL(t.value),c.test(n.protocol))&&n.host===r.host&&l.activeElement===s&&(d.top.location.href=t.value))}},d.addEventListener("message",d.wp.receiveEmbedMessage,!1),l.addEventListener("DOMContentLoaded",function(){for(var e,t,s=l.querySelectorAll("iframe.wp-embedded-content"),r=0;r<s.length;r++)(t=(e=s[r]).getAttribute("data-secret"))||(t=Math.random().toString(36).substring(2,12),e.src+="#?secret="+t,e.setAttribute("data-secret",t)),e.contentWindow.postMessage({message:"ready",secret:t},"*")},!1)))}(window,document);
//# sourceURL=https://www.jazzzeitung.de/cms/wp-includes/js/wp-embed.min.js
/* ]]> */
</script>

https://i0.wp.com/www.jazzzeitung.de/cms/wp-content/uploads/2014/11/Photo1-MonikaGrütters-c_Quelle-Christof-Rieken_800KB.jpg?fit=1000%2C1501&ssl=1

Showcase-Bewerbungsphase endet am 11. November 2014 Bewerbungen für die 40 Showcases auf der zehnten jazzahead! können für die Module German Jazz Expo (Künstler aus Deutschland), French Night (Jazz aus dem Partnerland 2015: Frankreich), European Jazz Meeting (europäische Jazzformationen) und Overseas Night (Jazz aus Übersee) eingereicht werden. Konditionen für eine Bewerbung können auf der Webseite nachgelesen werden. Die Bewerbungsfrist endet am 11. November 2014. Seit zehn Jahren ist die jazzahead! der Branchentreff für die internationale Jazzszene. An vier Messetagen und bei 40 Showcase- Konzerten kommen die Protagonisten der Szene zusammen. Zusätzlich zieht die jazzahead! clubnight am Samstag, 25. April 2015, das Publikum in 30 Clubs und Spielstätten der Stadt, um bei rund 60 Konzerten die Nacht zum Tage zu machen. Um ein jährlich wechselndes Partnerland, dessen Jazzszene auf der Messe vorgestellt wird, hat sich ein Kulturfestival entwickelt. Dieses zeigt über einen Zeitraum von zweieinhalb Wochen die zeitgenössische Kunst- und Kulturszene des jeweiligen Partnerlandes in Bremen. Zu Messe und Kulturfestival werden rund 25.000 Besucher erwartet. Die Musikmesse findet statt vom 23. bis 26. April 2015, das Kulturfestival der jazzahead! vom 9. bis 26. April 2015. Highlights zum &hellip;
