{"version":"1.0","provider_name":"JazzZeitung","provider_url":"https:\/\/www.jazzzeitung.de\/cms","title":"Der \u201eJazz Pott\u201c 2014 geht an Georg Graewe - JazzZeitung","type":"rich","width":600,"height":338,"html":"<blockquote class=\"wp-embedded-content\" data-secret=\"3V7KsLHaDw\"><a href=\"https:\/\/www.jazzzeitung.de\/cms\/2014\/09\/der-jazz-pott-2014-geht-georg-graewe\/\">Der \u201eJazz Pott\u201c 2014 geht an Georg Graewe<\/a><\/blockquote><iframe sandbox=\"allow-scripts\" security=\"restricted\" src=\"https:\/\/www.jazzzeitung.de\/cms\/2014\/09\/der-jazz-pott-2014-geht-georg-graewe\/embed\/#?secret=3V7KsLHaDw\" width=\"600\" height=\"338\" title=\"&#8222;Der \u201eJazz Pott\u201c 2014 geht an Georg Graewe&#8220; &#8211; JazzZeitung\" data-secret=\"3V7KsLHaDw\" frameborder=\"0\" marginwidth=\"0\" marginheight=\"0\" scrolling=\"no\" class=\"wp-embedded-content\"><\/iframe><script type=\"text\/javascript\">\n\/* <![CDATA[ *\/\n\/*! This file is auto-generated *\/\n!function(d,l){\"use strict\";l.querySelector&&d.addEventListener&&\"undefined\"!=typeof URL&&(d.wp=d.wp||{},d.wp.receiveEmbedMessage||(d.wp.receiveEmbedMessage=function(e){var t=e.data;if((t||t.secret||t.message||t.value)&&!\/[^a-zA-Z0-9]\/.test(t.secret)){for(var s,r,n,a=l.querySelectorAll('iframe[data-secret=\"'+t.secret+'\"]'),o=l.querySelectorAll('blockquote[data-secret=\"'+t.secret+'\"]'),c=new RegExp(\"^https?:$\",\"i\"),i=0;i<o.length;i++)o[i].style.display=\"none\";for(i=0;i<a.length;i++)s=a[i],e.source===s.contentWindow&&(s.removeAttribute(\"style\"),\"height\"===t.message?(1e3<(r=parseInt(t.value,10))?r=1e3:~~r<200&&(r=200),s.height=r):\"link\"===t.message&&(r=new URL(s.getAttribute(\"src\")),n=new URL(t.value),c.test(n.protocol))&&n.host===r.host&&l.activeElement===s&&(d.top.location.href=t.value))}},d.addEventListener(\"message\",d.wp.receiveEmbedMessage,!1),l.addEventListener(\"DOMContentLoaded\",function(){for(var e,t,s=l.querySelectorAll(\"iframe.wp-embedded-content\"),r=0;r<s.length;r++)(t=(e=s[r]).getAttribute(\"data-secret\"))||(t=Math.random().toString(36).substring(2,12),e.src+=\"#?secret=\"+t,e.setAttribute(\"data-secret\",t)),e.contentWindow.postMessage({message:\"ready\",secret:t},\"*\")},!1)))}(window,document);\n\/\/# sourceURL=https:\/\/www.jazzzeitung.de\/cms\/wp-includes\/js\/wp-embed.min.js\n\/* ]]> *\/\n<\/script>\n","description":"Essen. Zum Auftakt jeder neuen \u201eJazz in Essen\u201c-Saison wird traditionell der \u201eJazz Pott\u201c verliehen. In diesem Jahr geht der Preis, der von Viktor Seroneit (\u2020) und Niklaus Troxler initiiert wurde und mit dem seit 1998 unter dem Motto \u201ebest progressive artist\u201c innovative Jazzmusiker ausgezeichnet werden, an Georg Graewe. Womit sich nun auch ein Kreis schlie\u00dft, denn Graewe geh\u00f6rte zu den Geburtshelfern von \u201eJazz in Essen\u201c: Im Duo mit Theo J\u00f6rgensmann er\u00f6ffnete er 1984 die Konzertreihe, als Support von Steps Ahead. Da hatte der Pianist\/Kompo\u00adnist aus Bochum sich l\u00e4ngst mit einem Quintett sowie mit seinem GrubenKlangOrchester einen Namen gemacht. Heute ist Graewe eine feste Gr\u00f6\u00dfe in der internationalen Improvisations\u00adszene, au\u00dferdem komponiert er Kammer-\/Orchestermusik und Opern. F\u00fcr die Kulturhauptstadt RUHR.2010 entwarf er das ambitionierte Projekt \u201egrubenklang.reloaded\u201c, das mehrere Konzertreihen und Einzelkonzerte an wechselnden Spielorten umfasste. Mit dem Cellisten Ernst Reijseger und dem Schlagzeuger Gerry Hemingway bildet Graewe seit 25 Jahren ein unorthodox besetztes Trio, das zu den aufregendsten der Jazzlandschaft geh\u00f6rt. Derzeit ist es auf Jubil\u00e4umstour und erntete beim Auftakt im Rahmen der Nickelsdorfer \u201eKonfrontationen\u201c bereits enthusiastische Kritiken: \u201eDen musikalischen H\u00f6hepunkt der 20 Konzerte lieferte das Trio &hellip;","thumbnail_url":"http:\/\/www.jazzzeitung.de\/cms\/wp-content\/uploads\/2014\/09\/GRH-2011-Foto_Helmut-Rizy_2-300x199.jpg"}

Essen. Zum Auftakt jeder neuen „Jazz in Essen“-Saison wird traditionell der „Jazz Pott“ verliehen. In diesem Jahr geht der Preis, der von Viktor Seroneit (†) und Niklaus Troxler initiiert wurde und mit dem seit 1998 unter dem Motto „best progressive artist“ innovative Jazzmusiker ausgezeichnet werden, an Georg Graewe. Womit sich nun auch ein Kreis schließt, denn Graewe gehörte zu den Geburtshelfern von „Jazz in Essen“: Im Duo mit Theo Jörgensmann eröffnete er 1984 die Konzertreihe, als Support von Steps Ahead. Da hatte der Pianist/Kompo­nist aus Bochum sich längst mit einem Quintett sowie mit seinem GrubenKlangOrchester einen Namen gemacht. Heute ist Graewe eine feste Größe in der internationalen Improvisations­szene, außerdem komponiert er Kammer-/Orchestermusik und Opern. Für die Kulturhauptstadt RUHR.2010 entwarf er das ambitionierte Projekt „grubenklang.reloaded“, das mehrere Konzertreihen und Einzelkonzerte an wechselnden Spielorten umfasste. Mit dem Cellisten Ernst Reijseger und dem Schlagzeuger Gerry Hemingway bildet Graewe seit 25 Jahren ein unorthodox besetztes Trio, das zu den aufregendsten der Jazzlandschaft gehört. Derzeit ist es auf Jubiläumstour und erntete beim Auftakt im Rahmen der Nickelsdorfer „Konfrontationen“ bereits enthusiastische Kritiken: „Den musikalischen Höhepunkt der 20 Konzerte lieferte das Trio &hellip;
