{"version":"1.0","provider_name":"JazzZeitung","provider_url":"https:\/\/www.jazzzeitung.de\/cms","title":"LAG-Jazzpreis: Jilman Zilman im Herbst auf Bayerntour - JazzZeitung","type":"rich","width":600,"height":338,"html":"<blockquote class=\"wp-embedded-content\" data-secret=\"YVd36ikFUV\"><a href=\"https:\/\/www.jazzzeitung.de\/cms\/2014\/07\/4332\/\">LAG-Jazzpreis: Jilman Zilman im Herbst auf Bayerntour<\/a><\/blockquote><iframe sandbox=\"allow-scripts\" security=\"restricted\" src=\"https:\/\/www.jazzzeitung.de\/cms\/2014\/07\/4332\/embed\/#?secret=YVd36ikFUV\" width=\"600\" height=\"338\" title=\"&#8222;LAG-Jazzpreis: Jilman Zilman im Herbst auf Bayerntour&#8220; &#8211; JazzZeitung\" data-secret=\"YVd36ikFUV\" frameborder=\"0\" marginwidth=\"0\" marginheight=\"0\" scrolling=\"no\" class=\"wp-embedded-content\"><\/iframe><script type=\"text\/javascript\">\n\/* <![CDATA[ *\/\n\/*! This file is auto-generated *\/\n!function(d,l){\"use strict\";l.querySelector&&d.addEventListener&&\"undefined\"!=typeof URL&&(d.wp=d.wp||{},d.wp.receiveEmbedMessage||(d.wp.receiveEmbedMessage=function(e){var t=e.data;if((t||t.secret||t.message||t.value)&&!\/[^a-zA-Z0-9]\/.test(t.secret)){for(var s,r,n,a=l.querySelectorAll('iframe[data-secret=\"'+t.secret+'\"]'),o=l.querySelectorAll('blockquote[data-secret=\"'+t.secret+'\"]'),c=new RegExp(\"^https?:$\",\"i\"),i=0;i<o.length;i++)o[i].style.display=\"none\";for(i=0;i<a.length;i++)s=a[i],e.source===s.contentWindow&&(s.removeAttribute(\"style\"),\"height\"===t.message?(1e3<(r=parseInt(t.value,10))?r=1e3:~~r<200&&(r=200),s.height=r):\"link\"===t.message&&(r=new URL(s.getAttribute(\"src\")),n=new URL(t.value),c.test(n.protocol))&&n.host===r.host&&l.activeElement===s&&(d.top.location.href=t.value))}},d.addEventListener(\"message\",d.wp.receiveEmbedMessage,!1),l.addEventListener(\"DOMContentLoaded\",function(){for(var e,t,s=l.querySelectorAll(\"iframe.wp-embedded-content\"),r=0;r<s.length;r++)(t=(e=s[r]).getAttribute(\"data-secret\"))||(t=Math.random().toString(36).substring(2,12),e.src+=\"#?secret=\"+t,e.setAttribute(\"data-secret\",t)),e.contentWindow.postMessage({message:\"ready\",secret:t},\"*\")},!1)))}(window,document);\n\/\/# sourceURL=https:\/\/www.jazzzeitung.de\/cms\/wp-includes\/js\/wp-embed.min.js\n\/* ]]> *\/\n<\/script>\n","thumbnail_url":"https:\/\/www.jazzzeitung.de\/cms\/wp-content\/uploads\/2014\/07\/Jilman-Zilman-Credit-Ralf-Dombrowski-900x600.jpg","thumbnail_width":900,"thumbnail_height":600,"description":"Im Herbst kann \u201eJilman Zilman\u201c, die Band des Augsburger Schlagzeugers Tilman Herpichb\u00f6hm, den LAG-Jazzpreis einl\u00f6sen, den sie Mitte des Jahres beim Hansj\u00fcrg Hensler Wettbewerb in Kempten gewonnen hat. Der Preis ist eine Tour durch bayerische Jazzclubs, die von der Landesarbeitsgemeinschaft (LAG) Jazz in Bayern e.V. organisiert worden ist. Vom 30. September bis 5. Oktober spielt das Quartett sechs Konzerte von Garmisch-Partenkirchen bis N\u00fcrnberg, von Regensburg bis ins Allg\u00e4u. Im kommenden Fr\u00fchjahr schlie\u00dfen sich noch einmal etwa gleich viele an. \u201eEs ist waaahnsinnig toll\u201c, begeistert sich Herpichb\u00f6hm f\u00fcr den Preis, \u201eweil einem unendlich viel Arbeit erspart wird.\u201c Damit sei f\u00fcr eine Band, die sonst immer alles organisieren m\u00fcsse, \u201eviel mehr gewonnen, als wenn du zehntausend Euro kriegst \u2013 und darfst dann doch wieder alles selbst machen\u201c. Die Formation um Schlagzeuger und Komponist Tilman Herpichb\u00f6hm fand sich 2010 in N\u00fcrnberg zusammen. Sie begannzun\u00e4chst als Spezialist f\u00fcr John Zorns Quartett Masada, feierteihr Cd-Debut im Fr\u00fchjahr 2012 und wurde 2013 f\u00fcr den neuen deutschen Jazzpreisnominiert. \u00dcber die Jahre entwickelt Jilman Zilman eine energetische Mischung aus orientalisch-klezmeresken Melodien, virtuos vorgetragener kompositorischer Einfachheit und treibend-t\u00e4nzelnden Rhythmen, welche die uners\u00e4ttliche Spielfreude der &hellip;"}

Im Herbst kann „Jilman Zilman“, die Band des Augsburger Schlagzeugers Tilman Herpichböhm, den LAG-Jazzpreis einlösen, den sie Mitte des Jahres beim Hansjürg Hensler Wettbewerb in Kempten gewonnen hat. Der Preis ist eine Tour durch bayerische Jazzclubs, die von der Landesarbeitsgemeinschaft (LAG) Jazz in Bayern e.V. organisiert worden ist. Vom 30. September bis 5. Oktober spielt das Quartett sechs Konzerte von Garmisch-Partenkirchen bis Nürnberg, von Regensburg bis ins Allgäu. Im kommenden Frühjahr schließen sich noch einmal etwa gleich viele an. „Es ist waaahnsinnig toll“, begeistert sich Herpichböhm für den Preis, „weil einem unendlich viel Arbeit erspart wird.“ Damit sei für eine Band, die sonst immer alles organisieren müsse, „viel mehr gewonnen, als wenn du zehntausend Euro kriegst – und darfst dann doch wieder alles selbst machen“. Die Formation um Schlagzeuger und Komponist Tilman Herpichböhm fand sich 2010 in Nürnberg zusammen. Sie begannzunächst als Spezialist für John Zorns Quartett Masada, feierteihr Cd-Debut im Frühjahr 2012 und wurde 2013 für den neuen deutschen Jazzpreisnominiert. Über die Jahre entwickelt Jilman Zilman eine energetische Mischung aus orientalisch-klezmeresken Melodien, virtuos vorgetragener kompositorischer Einfachheit und treibend-tänzelnden Rhythmen, welche die unersättliche Spielfreude der &hellip;
