{"version":"1.0","provider_name":"JazzZeitung","provider_url":"https:\/\/www.jazzzeitung.de\/cms","author_name":"Redaktion JazzZeitung","author_url":"https:\/\/www.jazzzeitung.de\/cms\/author\/redaktion\/","title":"ECHO f\u00fcr Lebenswerk 2014 geht an Dusko Goykovich - JazzZeitung","type":"rich","width":600,"height":338,"html":"<blockquote class=\"wp-embedded-content\" data-secret=\"mF5DqubbNh\"><a href=\"https:\/\/www.jazzzeitung.de\/cms\/2014\/05\/echo-fuer-lebenswerk-2014-geht-dusko-goykovich\/\">ECHO f\u00fcr Lebenswerk 2014 geht an Dusko Goykovich<\/a><\/blockquote><iframe sandbox=\"allow-scripts\" security=\"restricted\" src=\"https:\/\/www.jazzzeitung.de\/cms\/2014\/05\/echo-fuer-lebenswerk-2014-geht-dusko-goykovich\/embed\/#?secret=mF5DqubbNh\" width=\"600\" height=\"338\" title=\"&#8222;ECHO f\u00fcr Lebenswerk 2014 geht an Dusko Goykovich&#8220; &#8211; JazzZeitung\" data-secret=\"mF5DqubbNh\" frameborder=\"0\" marginwidth=\"0\" marginheight=\"0\" scrolling=\"no\" class=\"wp-embedded-content\"><\/iframe><script type=\"text\/javascript\">\n\/* <![CDATA[ *\/\n\/*! This file is auto-generated *\/\n!function(d,l){\"use strict\";l.querySelector&&d.addEventListener&&\"undefined\"!=typeof URL&&(d.wp=d.wp||{},d.wp.receiveEmbedMessage||(d.wp.receiveEmbedMessage=function(e){var t=e.data;if((t||t.secret||t.message||t.value)&&!\/[^a-zA-Z0-9]\/.test(t.secret)){for(var s,r,n,a=l.querySelectorAll('iframe[data-secret=\"'+t.secret+'\"]'),o=l.querySelectorAll('blockquote[data-secret=\"'+t.secret+'\"]'),c=new RegExp(\"^https?:$\",\"i\"),i=0;i<o.length;i++)o[i].style.display=\"none\";for(i=0;i<a.length;i++)s=a[i],e.source===s.contentWindow&&(s.removeAttribute(\"style\"),\"height\"===t.message?(1e3<(r=parseInt(t.value,10))?r=1e3:~~r<200&&(r=200),s.height=r):\"link\"===t.message&&(r=new URL(s.getAttribute(\"src\")),n=new URL(t.value),c.test(n.protocol))&&n.host===r.host&&l.activeElement===s&&(d.top.location.href=t.value))}},d.addEventListener(\"message\",d.wp.receiveEmbedMessage,!1),l.addEventListener(\"DOMContentLoaded\",function(){for(var e,t,s=l.querySelectorAll(\"iframe.wp-embedded-content\"),r=0;r<s.length;r++)(t=(e=s[r]).getAttribute(\"data-secret\"))||(t=Math.random().toString(36).substring(2,12),e.src+=\"#?secret=\"+t,e.setAttribute(\"data-secret\",t)),e.contentWindow.postMessage({message:\"ready\",secret:t},\"*\")},!1)))}(window,document);\n\/\/# sourceURL=https:\/\/www.jazzzeitung.de\/cms\/wp-includes\/js\/wp-embed.min.js\n\/* ]]> *\/\n<\/script>\n","description":"Wir gratulieren ganz herzlich mit einem Artikel aus unserem Archiv, den Ursula Gaisa anl\u00e4sslich des Erscheinens seines Albums &#8222;Samba do Mar&#8220; 2004 verfasste: F\u00fcr jemanden, der sich bereits seit \u00fcber 50 Jahren mit seinem Instrument und dem Jazz auseinandersetzt, noch t\u00e4glich ein paar Stunden \u00fcbt \u2013 Geburtstage, Feiertage und Silvester nicht ausgenommen \u2013 und als junger Musiker aus dem kommunistisch beherrschten Belgrad fl\u00fcchtete, wirkt Dusko Goykovich heute erstaunlich agil und jugendlich \u2013 trotzdem entspannt und mit sich im Einklang. Zwei Wochen im Dezember verbrachte er \u2013 wie schon die Jahre davor \u2013 auf Konzerttournee in Japan und musste Hunderte von CDs signieren und sich fotografieren lassen, von diesen Anstrengungen ist ihm w\u00e4hrend des Interview auch nichts mehr anzumerken. \u201eDie Japaner sind unheimlich freundlich, das ist wunderbar.\u201c Seine neueste CD \u201eSamba Do Mar\u201c, zu Deutsch \u201eMeeressamba\u201c, mit dem gleichnamigen eigens vom Trompeter komponierten Titelst\u00fcck ist Ende 2003 bei Enja erschienen. Den Ansto\u00df gab Enja-Chef Matthias Winckelmann. Er brachte Goykovich, der zwar noch nie in S\u00fcdamerika war, aber schon immer eine H\u00e4ndchen und eine besondere Liebe f\u00fcr jedwede Art von Latino-Sound hatte, mit dem ungarischen in Berlin &hellip;","thumbnail_url":"http:\/\/www.jazzzeitung.de\/cms\/wp-content\/uploads\/2014\/05\/dusko-150x150.jpg"}

ECHO für Lebenswerk 2014 geht an Dusko Goykovich - JazzZeitung

<blockquote class="wp-embedded-content" data-secret="mF5DqubbNh"><a href="https://www.jazzzeitung.de/cms/2014/05/echo-fuer-lebenswerk-2014-geht-dusko-goykovich/">ECHO für Lebenswerk 2014 geht an Dusko Goykovich</a></blockquote><iframe sandbox="allow-scripts" security="restricted" src="https://www.jazzzeitung.de/cms/2014/05/echo-fuer-lebenswerk-2014-geht-dusko-goykovich/embed/#?secret=mF5DqubbNh" width="600" height="338" title="&#8222;ECHO für Lebenswerk 2014 geht an Dusko Goykovich&#8220; &#8211; JazzZeitung" data-secret="mF5DqubbNh" frameborder="0" marginwidth="0" marginheight="0" scrolling="no" class="wp-embedded-content"></iframe><script type="text/javascript">
/* <![CDATA[ */
/*! This file is auto-generated */
!function(d,l){"use strict";l.querySelector&&d.addEventListener&&"undefined"!=typeof URL&&(d.wp=d.wp||{},d.wp.receiveEmbedMessage||(d.wp.receiveEmbedMessage=function(e){var t=e.data;if((t||t.secret||t.message||t.value)&&!/[^a-zA-Z0-9]/.test(t.secret)){for(var s,r,n,a=l.querySelectorAll('iframe[data-secret="'+t.secret+'"]'),o=l.querySelectorAll('blockquote[data-secret="'+t.secret+'"]'),c=new RegExp("^https?:$","i"),i=0;i<o.length;i++)o[i].style.display="none";for(i=0;i<a.length;i++)s=a[i],e.source===s.contentWindow&&(s.removeAttribute("style"),"height"===t.message?(1e3<(r=parseInt(t.value,10))?r=1e3:~~r<200&&(r=200),s.height=r):"link"===t.message&&(r=new URL(s.getAttribute("src")),n=new URL(t.value),c.test(n.protocol))&&n.host===r.host&&l.activeElement===s&&(d.top.location.href=t.value))}},d.addEventListener("message",d.wp.receiveEmbedMessage,!1),l.addEventListener("DOMContentLoaded",function(){for(var e,t,s=l.querySelectorAll("iframe.wp-embedded-content"),r=0;r<s.length;r++)(t=(e=s[r]).getAttribute("data-secret"))||(t=Math.random().toString(36).substring(2,12),e.src+="#?secret="+t,e.setAttribute("data-secret",t)),e.contentWindow.postMessage({message:"ready",secret:t},"*")},!1)))}(window,document);
//# sourceURL=https://www.jazzzeitung.de/cms/wp-includes/js/wp-embed.min.js
/* ]]> */
</script>

Wir gratulieren ganz herzlich mit einem Artikel aus unserem Archiv, den Ursula Gaisa anlässlich des Erscheinens seines Albums &#8222;Samba do Mar&#8220; 2004 verfasste: Für jemanden, der sich bereits seit über 50 Jahren mit seinem Instrument und dem Jazz auseinandersetzt, noch täglich ein paar Stunden übt – Geburtstage, Feiertage und Silvester nicht ausgenommen – und als junger Musiker aus dem kommunistisch beherrschten Belgrad flüchtete, wirkt Dusko Goykovich heute erstaunlich agil und jugendlich – trotzdem entspannt und mit sich im Einklang. Zwei Wochen im Dezember verbrachte er – wie schon die Jahre davor – auf Konzerttournee in Japan und musste Hunderte von CDs signieren und sich fotografieren lassen, von diesen Anstrengungen ist ihm während des Interview auch nichts mehr anzumerken. „Die Japaner sind unheimlich freundlich, das ist wunderbar.“ Seine neueste CD „Samba Do Mar“, zu Deutsch „Meeressamba“, mit dem gleichnamigen eigens vom Trompeter komponierten Titelstück ist Ende 2003 bei Enja erschienen. Den Anstoß gab Enja-Chef Matthias Winckelmann. Er brachte Goykovich, der zwar noch nie in Südamerika war, aber schon immer eine Händchen und eine besondere Liebe für jedwede Art von Latino-Sound hatte, mit dem ungarischen in Berlin &hellip;
