{"version":"1.0","provider_name":"JazzZeitung","provider_url":"https:\/\/www.jazzzeitung.de\/cms","author_name":"Redaktion JazzZeitung","author_url":"https:\/\/www.jazzzeitung.de\/cms\/author\/redaktion\/","title":"Jazz Prek\u00e4r? Zu einer Tagung - JazzZeitung","type":"rich","width":600,"height":338,"html":"<blockquote class=\"wp-embedded-content\" data-secret=\"wAcrwSZgz8\"><a href=\"https:\/\/www.jazzzeitung.de\/cms\/2014\/04\/3689\/\">Jazz Prek\u00e4r? Zu einer Tagung<\/a><\/blockquote><iframe sandbox=\"allow-scripts\" security=\"restricted\" src=\"https:\/\/www.jazzzeitung.de\/cms\/2014\/04\/3689\/embed\/#?secret=wAcrwSZgz8\" width=\"600\" height=\"338\" title=\"&#8222;Jazz Prek\u00e4r? Zu einer Tagung&#8220; &#8211; JazzZeitung\" data-secret=\"wAcrwSZgz8\" frameborder=\"0\" marginwidth=\"0\" marginheight=\"0\" scrolling=\"no\" class=\"wp-embedded-content\"><\/iframe><script type=\"text\/javascript\">\n\/* <![CDATA[ *\/\n\/*! This file is auto-generated *\/\n!function(d,l){\"use strict\";l.querySelector&&d.addEventListener&&\"undefined\"!=typeof URL&&(d.wp=d.wp||{},d.wp.receiveEmbedMessage||(d.wp.receiveEmbedMessage=function(e){var t=e.data;if((t||t.secret||t.message||t.value)&&!\/[^a-zA-Z0-9]\/.test(t.secret)){for(var s,r,n,a=l.querySelectorAll('iframe[data-secret=\"'+t.secret+'\"]'),o=l.querySelectorAll('blockquote[data-secret=\"'+t.secret+'\"]'),c=new RegExp(\"^https?:$\",\"i\"),i=0;i<o.length;i++)o[i].style.display=\"none\";for(i=0;i<a.length;i++)s=a[i],e.source===s.contentWindow&&(s.removeAttribute(\"style\"),\"height\"===t.message?(1e3<(r=parseInt(t.value,10))?r=1e3:~~r<200&&(r=200),s.height=r):\"link\"===t.message&&(r=new URL(s.getAttribute(\"src\")),n=new URL(t.value),c.test(n.protocol))&&n.host===r.host&&l.activeElement===s&&(d.top.location.href=t.value))}},d.addEventListener(\"message\",d.wp.receiveEmbedMessage,!1),l.addEventListener(\"DOMContentLoaded\",function(){for(var e,t,s=l.querySelectorAll(\"iframe.wp-embedded-content\"),r=0;r<s.length;r++)(t=(e=s[r]).getAttribute(\"data-secret\"))||(t=Math.random().toString(36).substring(2,12),e.src+=\"#?secret=\"+t,e.setAttribute(\"data-secret\",t)),e.contentWindow.postMessage({message:\"ready\",secret:t},\"*\")},!1)))}(window,document);\n\/\/# sourceURL=https:\/\/www.jazzzeitung.de\/cms\/wp-includes\/js\/wp-embed.min.js\n\/* ]]> *\/\n<\/script>\n","description":"Aus der aktuellen Printausgabe der JazzZeitung (auch digital erh\u00e4ltlich unter diesem Link): ein Artikel von Jonas Pirzer (UDJ) &#8211; Zur Tagung der Kulturpolitischen Gesellschaft und der Evangelischen Akademie Loccum war die Union Deutscher Jazzmusiker eingeladen, um \u00fcber Lebens- und Arbeitsbedingungen von Jazzmusikerinnen und Jazzmusiker zu berichten. Das etwas provokante Motto der Tagung lautete: Kreatives Prekariat \u2013 Wie lebt es sich von und mit der Kunst. Prekariat, heute Teil des Alltagsvokabulars und so selbstverst\u00e4ndlich leicht von den Lippen gehend wie Mittelstandsbauch, Pendlerpauschale oder Krimkrise bietet eine politisch korrekte Begriffsalternative zur hochwertenden \u201eUnterschicht\u201c. Ihm zugerechnet werden Menschen, deren s\u00e4mtliche Lebensumst\u00e4nde als schlecht bezeichnet werden k\u00f6nnen; charakterisiert durch Armut, Arbeitslosigkeit, niedriges Bildungsniveau, Krankheit und\/oder schlechte Zukunftsaussichten. Was ist also Kreatives Prekariat? Die meisten K\u00fcnstlerinnen und K\u00fcnstler sind hochgebildet, hochproduktiv und hochmotiviert! Prek\u00e4r sind hier in erster Linie die \u00f6konomischen Umst\u00e4nde. Unterdurchschnittliche Verg\u00fctung, lockere, Konjunkturschwankungen unterliegende Arbeitsverh\u00e4ltnisse und damit verbundene Unsicherheiten kennzeichnen die soziale Lage im Jazz wie in allen \u00fcberwiegend freien K\u00fcnstlerberufen. Feste k\u00fcnstlerische Stellen gibt es nur sehr wenige. Das Berufsbild Jazzmusiker ist heute extrem vielschichtig, die Anforderungen vielf\u00e4ltig. Eink\u00fcnfte werden in der Regel in vier gro\u00dfen &hellip;","thumbnail_url":"http:\/\/www.jazzzeitung.de\/cms\/wp-content\/uploads\/2014\/04\/UDJ_Logo_CMYK-nur_kugel-150x150.jpg"}

Jazz Prekär? Zu einer Tagung - JazzZeitung

<blockquote class="wp-embedded-content" data-secret="wAcrwSZgz8"><a href="https://www.jazzzeitung.de/cms/2014/04/3689/">Jazz Prekär? Zu einer Tagung</a></blockquote><iframe sandbox="allow-scripts" security="restricted" src="https://www.jazzzeitung.de/cms/2014/04/3689/embed/#?secret=wAcrwSZgz8" width="600" height="338" title="&#8222;Jazz Prekär? Zu einer Tagung&#8220; &#8211; JazzZeitung" data-secret="wAcrwSZgz8" frameborder="0" marginwidth="0" marginheight="0" scrolling="no" class="wp-embedded-content"></iframe><script type="text/javascript">
/* <![CDATA[ */
/*! This file is auto-generated */
!function(d,l){"use strict";l.querySelector&&d.addEventListener&&"undefined"!=typeof URL&&(d.wp=d.wp||{},d.wp.receiveEmbedMessage||(d.wp.receiveEmbedMessage=function(e){var t=e.data;if((t||t.secret||t.message||t.value)&&!/[^a-zA-Z0-9]/.test(t.secret)){for(var s,r,n,a=l.querySelectorAll('iframe[data-secret="'+t.secret+'"]'),o=l.querySelectorAll('blockquote[data-secret="'+t.secret+'"]'),c=new RegExp("^https?:$","i"),i=0;i<o.length;i++)o[i].style.display="none";for(i=0;i<a.length;i++)s=a[i],e.source===s.contentWindow&&(s.removeAttribute("style"),"height"===t.message?(1e3<(r=parseInt(t.value,10))?r=1e3:~~r<200&&(r=200),s.height=r):"link"===t.message&&(r=new URL(s.getAttribute("src")),n=new URL(t.value),c.test(n.protocol))&&n.host===r.host&&l.activeElement===s&&(d.top.location.href=t.value))}},d.addEventListener("message",d.wp.receiveEmbedMessage,!1),l.addEventListener("DOMContentLoaded",function(){for(var e,t,s=l.querySelectorAll("iframe.wp-embedded-content"),r=0;r<s.length;r++)(t=(e=s[r]).getAttribute("data-secret"))||(t=Math.random().toString(36).substring(2,12),e.src+="#?secret="+t,e.setAttribute("data-secret",t)),e.contentWindow.postMessage({message:"ready",secret:t},"*")},!1)))}(window,document);
//# sourceURL=https://www.jazzzeitung.de/cms/wp-includes/js/wp-embed.min.js
/* ]]> */
</script>

Aus der aktuellen Printausgabe der JazzZeitung (auch digital erhältlich unter diesem Link): ein Artikel von Jonas Pirzer (UDJ) &#8211; Zur Tagung der Kulturpolitischen Gesellschaft und der Evangelischen Akademie Loccum war die Union Deutscher Jazzmusiker eingeladen, um über Lebens- und Arbeitsbedingungen von Jazzmusikerinnen und Jazzmusiker zu berichten. Das etwas provokante Motto der Tagung lautete: Kreatives Prekariat – Wie lebt es sich von und mit der Kunst. Prekariat, heute Teil des Alltagsvokabulars und so selbstverständlich leicht von den Lippen gehend wie Mittelstandsbauch, Pendlerpauschale oder Krimkrise bietet eine politisch korrekte Begriffsalternative zur hochwertenden „Unterschicht“. Ihm zugerechnet werden Menschen, deren sämtliche Lebensumstände als schlecht bezeichnet werden können; charakterisiert durch Armut, Arbeitslosigkeit, niedriges Bildungsniveau, Krankheit und/oder schlechte Zukunftsaussichten. Was ist also Kreatives Prekariat? Die meisten Künstlerinnen und Künstler sind hochgebildet, hochproduktiv und hochmotiviert! Prekär sind hier in erster Linie die ökonomischen Umstände. Unterdurchschnittliche Vergütung, lockere, Konjunkturschwankungen unterliegende Arbeitsverhältnisse und damit verbundene Unsicherheiten kennzeichnen die soziale Lage im Jazz wie in allen überwiegend freien Künstlerberufen. Feste künstlerische Stellen gibt es nur sehr wenige. Das Berufsbild Jazzmusiker ist heute extrem vielschichtig, die Anforderungen vielfältig. Einkünfte werden in der Regel in vier großen &hellip;
