{"version":"1.0","provider_name":"JazzZeitung","provider_url":"https:\/\/www.jazzzeitung.de\/cms","author_name":"Redaktion JazzZeitung","author_url":"https:\/\/www.jazzzeitung.de\/cms\/author\/redaktion\/","title":"Fotogalerie: \"Be My Guest\" im Caf\u00e9 Rinaldo - JazzZeitung","type":"rich","width":600,"height":338,"html":"<blockquote class=\"wp-embedded-content\" data-secret=\"hNzXOnVNjO\"><a href=\"https:\/\/www.jazzzeitung.de\/cms\/2014\/01\/fotogalerie\/\">Fotogalerie: &#8222;Be My Guest&#8220; im Caf\u00e9 Rinaldo<\/a><\/blockquote><iframe sandbox=\"allow-scripts\" security=\"restricted\" src=\"https:\/\/www.jazzzeitung.de\/cms\/2014\/01\/fotogalerie\/embed\/#?secret=hNzXOnVNjO\" width=\"600\" height=\"338\" title=\"&#8222;Fotogalerie: &#8222;Be My Guest&#8220; im Caf\u00e9 Rinaldo&#8220; &#8211; JazzZeitung\" data-secret=\"hNzXOnVNjO\" frameborder=\"0\" marginwidth=\"0\" marginheight=\"0\" scrolling=\"no\" class=\"wp-embedded-content\"><\/iframe><script type=\"text\/javascript\">\n\/* <![CDATA[ *\/\n\/*! This file is auto-generated *\/\n!function(d,l){\"use strict\";l.querySelector&&d.addEventListener&&\"undefined\"!=typeof URL&&(d.wp=d.wp||{},d.wp.receiveEmbedMessage||(d.wp.receiveEmbedMessage=function(e){var t=e.data;if((t||t.secret||t.message||t.value)&&!\/[^a-zA-Z0-9]\/.test(t.secret)){for(var s,r,n,a=l.querySelectorAll('iframe[data-secret=\"'+t.secret+'\"]'),o=l.querySelectorAll('blockquote[data-secret=\"'+t.secret+'\"]'),c=new RegExp(\"^https?:$\",\"i\"),i=0;i<o.length;i++)o[i].style.display=\"none\";for(i=0;i<a.length;i++)s=a[i],e.source===s.contentWindow&&(s.removeAttribute(\"style\"),\"height\"===t.message?(1e3<(r=parseInt(t.value,10))?r=1e3:~~r<200&&(r=200),s.height=r):\"link\"===t.message&&(r=new URL(s.getAttribute(\"src\")),n=new URL(t.value),c.test(n.protocol))&&n.host===r.host&&l.activeElement===s&&(d.top.location.href=t.value))}},d.addEventListener(\"message\",d.wp.receiveEmbedMessage,!1),l.addEventListener(\"DOMContentLoaded\",function(){for(var e,t,s=l.querySelectorAll(\"iframe.wp-embedded-content\"),r=0;r<s.length;r++)(t=(e=s[r]).getAttribute(\"data-secret\"))||(t=Math.random().toString(36).substring(2,12),e.src+=\"#?secret=\"+t,e.setAttribute(\"data-secret\",t)),e.contentWindow.postMessage({message:\"ready\",secret:t},\"*\")},!1)))}(window,document);\n\/\/# sourceURL=https:\/\/www.jazzzeitung.de\/cms\/wp-includes\/js\/wp-embed.min.js\n\/* ]]> *\/\n<\/script>\n","description":"Fortsetzung unserer kleinen Reihe mit Fotos von Ralf Dombrowski, dessen Ausstellung in der M\u00fcnchner Unterfahrt gestern er\u00f6ffnet wurde. Heute Impressionen aus der von Stefan Noelle ins Leben gerufenen Veranstaltungsreih &#8222;Be My Guest&#8220; &#8211; mit Kellerkonzerten in pers\u00f6nlichem Rahmen im Souterrain des Caf\u00e9 Rigoletto in M\u00fcnchen. Am 14. Januar kombinierten Stefan Noelle (drums) zusammen mit Christian Ludwig Mayer (p) und Hugo Siegmeth (sax, fl, cl) 5.000 Jahre alte Skalen aus der Sumerer-Zeit mit dem Piano-Blues aus Harlem. Mehr dazu unter http:\/\/www.ackermannbogen-ev.de\/projektgruppen\/projektgruppe-kultur\/jazzreihe.html &nbsp;","thumbnail_url":"https:\/\/i0.wp.com\/www.jazzzeitung.de\/cms\/wp-content\/uploads\/2014\/01\/Mayer-Siegmeth-Noelle-dombr.jpg?w=354&#038;h=237&#038;ssl=1"}

Fotogalerie: "Be My Guest" im Café Rinaldo - JazzZeitung

<blockquote class="wp-embedded-content" data-secret="hNzXOnVNjO"><a href="https://www.jazzzeitung.de/cms/2014/01/fotogalerie/">Fotogalerie: &#8222;Be My Guest&#8220; im Café Rinaldo</a></blockquote><iframe sandbox="allow-scripts" security="restricted" src="https://www.jazzzeitung.de/cms/2014/01/fotogalerie/embed/#?secret=hNzXOnVNjO" width="600" height="338" title="&#8222;Fotogalerie: &#8222;Be My Guest&#8220; im Café Rinaldo&#8220; &#8211; JazzZeitung" data-secret="hNzXOnVNjO" frameborder="0" marginwidth="0" marginheight="0" scrolling="no" class="wp-embedded-content"></iframe><script type="text/javascript">
/* <![CDATA[ */
/*! This file is auto-generated */
!function(d,l){"use strict";l.querySelector&&d.addEventListener&&"undefined"!=typeof URL&&(d.wp=d.wp||{},d.wp.receiveEmbedMessage||(d.wp.receiveEmbedMessage=function(e){var t=e.data;if((t||t.secret||t.message||t.value)&&!/[^a-zA-Z0-9]/.test(t.secret)){for(var s,r,n,a=l.querySelectorAll('iframe[data-secret="'+t.secret+'"]'),o=l.querySelectorAll('blockquote[data-secret="'+t.secret+'"]'),c=new RegExp("^https?:$","i"),i=0;i<o.length;i++)o[i].style.display="none";for(i=0;i<a.length;i++)s=a[i],e.source===s.contentWindow&&(s.removeAttribute("style"),"height"===t.message?(1e3<(r=parseInt(t.value,10))?r=1e3:~~r<200&&(r=200),s.height=r):"link"===t.message&&(r=new URL(s.getAttribute("src")),n=new URL(t.value),c.test(n.protocol))&&n.host===r.host&&l.activeElement===s&&(d.top.location.href=t.value))}},d.addEventListener("message",d.wp.receiveEmbedMessage,!1),l.addEventListener("DOMContentLoaded",function(){for(var e,t,s=l.querySelectorAll("iframe.wp-embedded-content"),r=0;r<s.length;r++)(t=(e=s[r]).getAttribute("data-secret"))||(t=Math.random().toString(36).substring(2,12),e.src+="#?secret="+t,e.setAttribute("data-secret",t)),e.contentWindow.postMessage({message:"ready",secret:t},"*")},!1)))}(window,document);
//# sourceURL=https://www.jazzzeitung.de/cms/wp-includes/js/wp-embed.min.js
/* ]]> */
</script>

Fortsetzung unserer kleinen Reihe mit Fotos von Ralf Dombrowski, dessen Ausstellung in der Münchner Unterfahrt gestern eröffnet wurde. Heute Impressionen aus der von Stefan Noelle ins Leben gerufenen Veranstaltungsreih &#8222;Be My Guest&#8220; &#8211; mit Kellerkonzerten in persönlichem Rahmen im Souterrain des Café Rigoletto in München. Am 14. Januar kombinierten Stefan Noelle (drums) zusammen mit Christian Ludwig Mayer (p) und Hugo Siegmeth (sax, fl, cl) 5.000 Jahre alte Skalen aus der Sumerer-Zeit mit dem Piano-Blues aus Harlem. Mehr dazu unter http://www.ackermannbogen-ev.de/projektgruppen/projektgruppe-kultur/jazzreihe.html &nbsp;
