{"version":"1.0","provider_name":"JazzZeitung","provider_url":"https:\/\/www.jazzzeitung.de\/cms","author_name":"Benjamin Schaefer","author_url":"https:\/\/www.jazzzeitung.de\/cms\/author\/benjamin\/","title":"Beruf: Jazzmusiker (5) - Zusammen ist man weniger allein - JazzZeitung","type":"rich","width":600,"height":338,"html":"<blockquote class=\"wp-embedded-content\" data-secret=\"FbOjx6czvP\"><a href=\"https:\/\/www.jazzzeitung.de\/cms\/2014\/01\/beruf-jazzmusiker-5-zusammen-ist-man-weniger-allein\/\">Beruf: Jazzmusiker (5) &#8211; Zusammen ist man weniger allein<\/a><\/blockquote><iframe sandbox=\"allow-scripts\" security=\"restricted\" src=\"https:\/\/www.jazzzeitung.de\/cms\/2014\/01\/beruf-jazzmusiker-5-zusammen-ist-man-weniger-allein\/embed\/#?secret=FbOjx6czvP\" width=\"600\" height=\"338\" title=\"&#8222;Beruf: Jazzmusiker (5) &#8211; Zusammen ist man weniger allein&#8220; &#8211; JazzZeitung\" data-secret=\"FbOjx6czvP\" frameborder=\"0\" marginwidth=\"0\" marginheight=\"0\" scrolling=\"no\" class=\"wp-embedded-content\"><\/iframe><script type=\"text\/javascript\">\n\/* <![CDATA[ *\/\n\/*! This file is auto-generated *\/\n!function(d,l){\"use strict\";l.querySelector&&d.addEventListener&&\"undefined\"!=typeof URL&&(d.wp=d.wp||{},d.wp.receiveEmbedMessage||(d.wp.receiveEmbedMessage=function(e){var t=e.data;if((t||t.secret||t.message||t.value)&&!\/[^a-zA-Z0-9]\/.test(t.secret)){for(var s,r,n,a=l.querySelectorAll('iframe[data-secret=\"'+t.secret+'\"]'),o=l.querySelectorAll('blockquote[data-secret=\"'+t.secret+'\"]'),c=new RegExp(\"^https?:$\",\"i\"),i=0;i<o.length;i++)o[i].style.display=\"none\";for(i=0;i<a.length;i++)s=a[i],e.source===s.contentWindow&&(s.removeAttribute(\"style\"),\"height\"===t.message?(1e3<(r=parseInt(t.value,10))?r=1e3:~~r<200&&(r=200),s.height=r):\"link\"===t.message&&(r=new URL(s.getAttribute(\"src\")),n=new URL(t.value),c.test(n.protocol))&&n.host===r.host&&l.activeElement===s&&(d.top.location.href=t.value))}},d.addEventListener(\"message\",d.wp.receiveEmbedMessage,!1),l.addEventListener(\"DOMContentLoaded\",function(){for(var e,t,s=l.querySelectorAll(\"iframe.wp-embedded-content\"),r=0;r<s.length;r++)(t=(e=s[r]).getAttribute(\"data-secret\"))||(t=Math.random().toString(36).substring(2,12),e.src+=\"#?secret=\"+t,e.setAttribute(\"data-secret\",t)),e.contentWindow.postMessage({message:\"ready\",secret:t},\"*\")},!1)))}(window,document);\n\/\/# sourceURL=https:\/\/www.jazzzeitung.de\/cms\/wp-includes\/js\/wp-embed.min.js\n\/* ]]> *\/\n<\/script>\n","description":"Jazzmusiker sind oft als Einzelk\u00e4mpfer unterwegs in einem Arbeitsfeld, das sehr auf den \u201eganz eigenen, pers\u00f6nlichen Stil\u201c fixiert ist. Jeder sucht f\u00fcr sich nach einer Nische, einer Marktl\u00fccke, in der er sich sein Auskommen sichern kann. Und die Kollegen sind immer auch ein St\u00fcck weit Konkurrenten. Wollen wir unser Werk einer breiteren \u00d6ffentlichkeit bekannt machen, ist es fast unumg\u00e4nglich, dass wir uns in Abh\u00e4ngigkeiten begeben \u2013 zu Konzertveranstaltern, Booking-Agenturen, Labels oder Musikverlagen. Solange es dem Marktsegment, in dem wir Einzelk\u00e4mpfer uns bewegen, einigerma\u00dfen gut geht \u2013 und das war im 20. Jahrhundert recht lange so \u2013, funktioniert diese \u201eInfrastruktur\u201c und wir k\u00f6nnen wir es uns leisten, unseren individualistischen Ansatz konsequent zu verfolgen. In schwierigen Zeiten aber \u2013 und momentan sind sie etwas schwierig \u2013 wird schnell deutlich, dass der einzelne Musiker das schw\u00e4chste Glied der Kette ist. Gehen die Einnahmen aus Konzertkarten- und Tontr\u00e4gerverkauf zur\u00fcck, reichen Veranstalter, Agenturen und Labels das wirtschaftliche Risiko stets an den Musiker weiter, um ihr eigenes wirtschaftliches \u00dcberleben zu sichern. Da wir Musiker aber niemanden haben, auf den wir das Risiko abw\u00e4lzen k\u00f6nnten, stehen wir pl\u00f6tzlich vor der Frage, f\u00fcr &hellip;","thumbnail_url":"https:\/\/i0.wp.com\/www.jazzzeitung.de\/cms\/wp-content\/uploads\/2012\/01\/ipad-logo-200.png?fit=200%2C200&ssl=1","thumbnail_width":200,"thumbnail_height":200}

Jazzmusiker sind oft als Einzelkämpfer unterwegs in einem Arbeitsfeld, das sehr auf den „ganz eigenen, persönlichen Stil“ fixiert ist. Jeder sucht für sich nach einer Nische, einer Marktlücke, in der er sich sein Auskommen sichern kann. Und die Kollegen sind immer auch ein Stück weit Konkurrenten. Wollen wir unser Werk einer breiteren Öffentlichkeit bekannt machen, ist es fast unumgänglich, dass wir uns in Abhängigkeiten begeben – zu Konzertveranstaltern, Booking-Agenturen, Labels oder Musikverlagen. Solange es dem Marktsegment, in dem wir Einzelkämpfer uns bewegen, einigermaßen gut geht – und das war im 20. Jahrhundert recht lange so –, funktioniert diese „Infrastruktur“ und wir können wir es uns leisten, unseren individualistischen Ansatz konsequent zu verfolgen. In schwierigen Zeiten aber – und momentan sind sie etwas schwierig – wird schnell deutlich, dass der einzelne Musiker das schwächste Glied der Kette ist. Gehen die Einnahmen aus Konzertkarten- und Tonträgerverkauf zurück, reichen Veranstalter, Agenturen und Labels das wirtschaftliche Risiko stets an den Musiker weiter, um ihr eigenes wirtschaftliches Überleben zu sichern. Da wir Musiker aber niemanden haben, auf den wir das Risiko abwälzen könnten, stehen wir plötzlich vor der Frage, für &hellip;
