{"version":"1.0","provider_name":"JazzZeitung","provider_url":"https:\/\/www.jazzzeitung.de\/cms","author_name":"Redaktion JazzZeitung","author_url":"https:\/\/www.jazzzeitung.de\/cms\/author\/redaktion\/","title":"Das kleine aber feine Festival \u201eVibraphonissimo\u201c - JazzZeitung","type":"rich","width":600,"height":338,"html":"<blockquote class=\"wp-embedded-content\" data-secret=\"OUDvG7rPBR\"><a href=\"https:\/\/www.jazzzeitung.de\/cms\/2013\/12\/ein-weihnachts-geschenk-fuer-neu-abonnenten\/\">Das kleine aber feine Festival \u201eVibraphonissimo\u201c<\/a><\/blockquote><iframe sandbox=\"allow-scripts\" security=\"restricted\" src=\"https:\/\/www.jazzzeitung.de\/cms\/2013\/12\/ein-weihnachts-geschenk-fuer-neu-abonnenten\/embed\/#?secret=OUDvG7rPBR\" width=\"600\" height=\"338\" title=\"&#8222;Das kleine aber feine Festival \u201eVibraphonissimo\u201c&#8220; &#8211; JazzZeitung\" data-secret=\"OUDvG7rPBR\" frameborder=\"0\" marginwidth=\"0\" marginheight=\"0\" scrolling=\"no\" class=\"wp-embedded-content\"><\/iframe><script type=\"text\/javascript\">\n\/* <![CDATA[ *\/\n\/*! This file is auto-generated *\/\n!function(d,l){\"use strict\";l.querySelector&&d.addEventListener&&\"undefined\"!=typeof URL&&(d.wp=d.wp||{},d.wp.receiveEmbedMessage||(d.wp.receiveEmbedMessage=function(e){var t=e.data;if((t||t.secret||t.message||t.value)&&!\/[^a-zA-Z0-9]\/.test(t.secret)){for(var s,r,n,a=l.querySelectorAll('iframe[data-secret=\"'+t.secret+'\"]'),o=l.querySelectorAll('blockquote[data-secret=\"'+t.secret+'\"]'),c=new RegExp(\"^https?:$\",\"i\"),i=0;i<o.length;i++)o[i].style.display=\"none\";for(i=0;i<a.length;i++)s=a[i],e.source===s.contentWindow&&(s.removeAttribute(\"style\"),\"height\"===t.message?(1e3<(r=parseInt(t.value,10))?r=1e3:~~r<200&&(r=200),s.height=r):\"link\"===t.message&&(r=new URL(s.getAttribute(\"src\")),n=new URL(t.value),c.test(n.protocol))&&n.host===r.host&&l.activeElement===s&&(d.top.location.href=t.value))}},d.addEventListener(\"message\",d.wp.receiveEmbedMessage,!1),l.addEventListener(\"DOMContentLoaded\",function(){for(var e,t,s=l.querySelectorAll(\"iframe.wp-embedded-content\"),r=0;r<s.length;r++)(t=(e=s[r]).getAttribute(\"data-secret\"))||(t=Math.random().toString(36).substring(2,12),e.src+=\"#?secret=\"+t,e.setAttribute(\"data-secret\",t)),e.contentWindow.postMessage({message:\"ready\",secret:t},\"*\")},!1)))}(window,document);\n\/\/# sourceURL=https:\/\/www.jazzzeitung.de\/cms\/wp-includes\/js\/wp-embed.min.js\n\/* ]]> *\/\n<\/script>\n","description":"Um ihrem Instrument ein Podium zu geben, beschlossen die beiden in N\u00fcrnberg studierenden Vibraphonisten Volker Heuken und Izabella Effenberg, eine spezielle Konzertreihe ins Leben zu rufen. Vom 22. bis 26. Januar wird nun in N\u00fcrnberg und F\u00fcrth das kleine aber feine Festival \u201eVibraphonissimo\u201c stattfinden. JazzZeitung: Wie kam euch die Idee zu diesem Festival und wie verlief die Umsetzung? Volker Heuken: Schon vor gut einem Jahr kam Izabella mit der Idee auf mich zu. In den ersten Wochen und Monaten mussten wir uns klar werden, welchen Rahmen das Ganze haben sollte und mit wem wir zusammenarbeiten w\u00fcrden. Mit dem Jazzstudio N\u00fcrnberg und dem Kulturforum F\u00fcrth haben wir dann schnell ad\u00e4quate Partner gefunden. JazzZeitung: Was ist der Grundgedanke, die inhaltliche Ausrichtung des Festivals? Heuken: Wir wollen dem Vibraphon eine spezielle Plattform bieten und es w\u00e4hrend des Festivals von verschiedenen Seiten beleuchten: einerseits im Jazzband-Kontext (Herrenboutique) und im kammermusikalischen Jazz (Vibraxophonie, Mathias Haus Quartett), andererseits aber auch in einem experimentellen, stil\u00fcbergreifenden, teilweise klassischen Zusammenhang (Metropolmusik). Dar\u00fcber hinaus haben wir mit Bernard Maseli einen Virtuosen am Malletkat (eine Art E-Vibraphon) gewinnen k\u00f6nnen. JazzZeitung: Wie w\u00fcrdest du das Vibraphon charakterisieren, &hellip;","thumbnail_url":"http:\/\/www.jazzzeitung.de\/cms\/wp-content\/uploads\/2013\/12\/cover_duo_art_act-150x150.jpg"}

Um ihrem Instrument ein Podium zu geben, beschlossen die beiden in Nürnberg studierenden Vibraphonisten Volker Heuken und Izabella Effenberg, eine spezielle Konzertreihe ins Leben zu rufen. Vom 22. bis 26. Januar wird nun in Nürnberg und Fürth das kleine aber feine Festival „Vibraphonissimo“ stattfinden. JazzZeitung: Wie kam euch die Idee zu diesem Festival und wie verlief die Umsetzung? Volker Heuken: Schon vor gut einem Jahr kam Izabella mit der Idee auf mich zu. In den ersten Wochen und Monaten mussten wir uns klar werden, welchen Rahmen das Ganze haben sollte und mit wem wir zusammenarbeiten würden. Mit dem Jazzstudio Nürnberg und dem Kulturforum Fürth haben wir dann schnell adäquate Partner gefunden. JazzZeitung: Was ist der Grundgedanke, die inhaltliche Ausrichtung des Festivals? Heuken: Wir wollen dem Vibraphon eine spezielle Plattform bieten und es während des Festivals von verschiedenen Seiten beleuchten: einerseits im Jazzband-Kontext (Herrenboutique) und im kammermusikalischen Jazz (Vibraxophonie, Mathias Haus Quartett), andererseits aber auch in einem experimentellen, stilübergreifenden, teilweise klassischen Zusammenhang (Metropolmusik). Darüber hinaus haben wir mit Bernard Maseli einen Virtuosen am Malletkat (eine Art E-Vibraphon) gewinnen können. JazzZeitung: Wie würdest du das Vibraphon charakterisieren, &hellip;
