{"version":"1.0","provider_name":"JazzZeitung","provider_url":"https:\/\/www.jazzzeitung.de\/cms","author_name":"Redaktion JazzZeitung","author_url":"https:\/\/www.jazzzeitung.de\/cms\/author\/redaktion\/","title":"Das Jazzfest Rottweil startet Vorverkauf f\u00fcr 2014 - JazzZeitung","type":"rich","width":600,"height":338,"html":"<blockquote class=\"wp-embedded-content\" data-secret=\"BW94YNgpII\"><a href=\"https:\/\/www.jazzzeitung.de\/cms\/2013\/12\/das-jazzfest-rottweil-startet-vorverkauf-fuer-2014\/\">Das Jazzfest Rottweil startet Vorverkauf f\u00fcr 2014<\/a><\/blockquote><iframe sandbox=\"allow-scripts\" security=\"restricted\" src=\"https:\/\/www.jazzzeitung.de\/cms\/2013\/12\/das-jazzfest-rottweil-startet-vorverkauf-fuer-2014\/embed\/#?secret=BW94YNgpII\" width=\"600\" height=\"338\" title=\"&#8222;Das Jazzfest Rottweil startet Vorverkauf f\u00fcr 2014&#8220; &#8211; JazzZeitung\" data-secret=\"BW94YNgpII\" frameborder=\"0\" marginwidth=\"0\" marginheight=\"0\" scrolling=\"no\" class=\"wp-embedded-content\"><\/iframe><script type=\"text\/javascript\">\n\/* <![CDATA[ *\/\n\/*! This file is auto-generated *\/\n!function(d,l){\"use strict\";l.querySelector&&d.addEventListener&&\"undefined\"!=typeof URL&&(d.wp=d.wp||{},d.wp.receiveEmbedMessage||(d.wp.receiveEmbedMessage=function(e){var t=e.data;if((t||t.secret||t.message||t.value)&&!\/[^a-zA-Z0-9]\/.test(t.secret)){for(var s,r,n,a=l.querySelectorAll('iframe[data-secret=\"'+t.secret+'\"]'),o=l.querySelectorAll('blockquote[data-secret=\"'+t.secret+'\"]'),c=new RegExp(\"^https?:$\",\"i\"),i=0;i<o.length;i++)o[i].style.display=\"none\";for(i=0;i<a.length;i++)s=a[i],e.source===s.contentWindow&&(s.removeAttribute(\"style\"),\"height\"===t.message?(1e3<(r=parseInt(t.value,10))?r=1e3:~~r<200&&(r=200),s.height=r):\"link\"===t.message&&(r=new URL(s.getAttribute(\"src\")),n=new URL(t.value),c.test(n.protocol))&&n.host===r.host&&l.activeElement===s&&(d.top.location.href=t.value))}},d.addEventListener(\"message\",d.wp.receiveEmbedMessage,!1),l.addEventListener(\"DOMContentLoaded\",function(){for(var e,t,s=l.querySelectorAll(\"iframe.wp-embedded-content\"),r=0;r<s.length;r++)(t=(e=s[r]).getAttribute(\"data-secret\"))||(t=Math.random().toString(36).substring(2,12),e.src+=\"#?secret=\"+t,e.setAttribute(\"data-secret\",t)),e.contentWindow.postMessage({message:\"ready\",secret:t},\"*\")},!1)))}(window,document);\n\/\/# sourceURL=https:\/\/www.jazzzeitung.de\/cms\/wp-includes\/js\/wp-embed.min.js\n\/* ]]> *\/\n<\/script>\n","description":"Seit l\u00e4ngerem schon laufen die Planungen f\u00fcr das 27. Jazzfest Rottweil, das vom 30. April (Jazz in Town) bis zum 17. Mai 2014 stattfinden wird. Seit Donnerstag, 19. Dezember, gehen die Organisatoren mit den ersten zwei Veranstaltungen in den Vorverkauf:\u00a0 F\u00fcr den 2. Mai ist es gelungen, mit &#8222;La Nuit de la Chanson&#8220; eine hochwertige, nagelneue Produktion aus Frankreich in die Alte Stallhalle zu engagieren. Die Veranstaltung verspricht eine wunderbare Nacht mit den bekanntesten franz\u00f6sischen Chansons von \u00c9dith Piaf, Georges Brassens, Barbara, Jacques Brel, Juliette Gr\u00e9co, Charles Aznavour, Gilbert B\u00e9caud, Charles Trenet u. a. m. &#8211; zu werden &#8211; das gab es noch nie im Rahmen des Jazzfests. Herausragende Musiker, die sich im &#8222;Le Petit Orchestre de L&#8217;Op\u00e9ra Comique de Paris&#8220; vereinigen, pr\u00e4sentieren dieses faszinierende Programm. Allen voran G\u00e9rard Daguerre, jahrelang Direktor der Op\u00e9ra Comique de Paris, Weggef\u00e4hrte und Partner von Charles Aznavour und Leiter wie Produzent von &#8222;La Nuit de la Chanson&#8220;. Den Gesangspart \u00fcbernehmen mit Marie-St\u00e9phane Bernard und Fr\u00e9d\u00e9ric Longbois zwei grandiose Interpreten, die sich weit \u00fcber die Grenzen Frankreichs hinaus einen Namen gemacht haben. Am Akkordeon musiziert kein Geringerer als Marcel Azzola. &hellip;","thumbnail_url":"http:\/\/www.jazzzeitung.de\/cms\/wp-content\/uploads\/2013\/12\/LNDLC2013_4klein-150x150.jpg"}

Das Jazzfest Rottweil startet Vorverkauf für 2014 - JazzZeitung

<blockquote class="wp-embedded-content" data-secret="BW94YNgpII"><a href="https://www.jazzzeitung.de/cms/2013/12/das-jazzfest-rottweil-startet-vorverkauf-fuer-2014/">Das Jazzfest Rottweil startet Vorverkauf für 2014</a></blockquote><iframe sandbox="allow-scripts" security="restricted" src="https://www.jazzzeitung.de/cms/2013/12/das-jazzfest-rottweil-startet-vorverkauf-fuer-2014/embed/#?secret=BW94YNgpII" width="600" height="338" title="&#8222;Das Jazzfest Rottweil startet Vorverkauf für 2014&#8220; &#8211; JazzZeitung" data-secret="BW94YNgpII" frameborder="0" marginwidth="0" marginheight="0" scrolling="no" class="wp-embedded-content"></iframe><script type="text/javascript">
/* <![CDATA[ */
/*! This file is auto-generated */
!function(d,l){"use strict";l.querySelector&&d.addEventListener&&"undefined"!=typeof URL&&(d.wp=d.wp||{},d.wp.receiveEmbedMessage||(d.wp.receiveEmbedMessage=function(e){var t=e.data;if((t||t.secret||t.message||t.value)&&!/[^a-zA-Z0-9]/.test(t.secret)){for(var s,r,n,a=l.querySelectorAll('iframe[data-secret="'+t.secret+'"]'),o=l.querySelectorAll('blockquote[data-secret="'+t.secret+'"]'),c=new RegExp("^https?:$","i"),i=0;i<o.length;i++)o[i].style.display="none";for(i=0;i<a.length;i++)s=a[i],e.source===s.contentWindow&&(s.removeAttribute("style"),"height"===t.message?(1e3<(r=parseInt(t.value,10))?r=1e3:~~r<200&&(r=200),s.height=r):"link"===t.message&&(r=new URL(s.getAttribute("src")),n=new URL(t.value),c.test(n.protocol))&&n.host===r.host&&l.activeElement===s&&(d.top.location.href=t.value))}},d.addEventListener("message",d.wp.receiveEmbedMessage,!1),l.addEventListener("DOMContentLoaded",function(){for(var e,t,s=l.querySelectorAll("iframe.wp-embedded-content"),r=0;r<s.length;r++)(t=(e=s[r]).getAttribute("data-secret"))||(t=Math.random().toString(36).substring(2,12),e.src+="#?secret="+t,e.setAttribute("data-secret",t)),e.contentWindow.postMessage({message:"ready",secret:t},"*")},!1)))}(window,document);
//# sourceURL=https://www.jazzzeitung.de/cms/wp-includes/js/wp-embed.min.js
/* ]]> */
</script>

Seit längerem schon laufen die Planungen für das 27. Jazzfest Rottweil, das vom 30. April (Jazz in Town) bis zum 17. Mai 2014 stattfinden wird. Seit Donnerstag, 19. Dezember, gehen die Organisatoren mit den ersten zwei Veranstaltungen in den Vorverkauf:  Für den 2. Mai ist es gelungen, mit &#8222;La Nuit de la Chanson&#8220; eine hochwertige, nagelneue Produktion aus Frankreich in die Alte Stallhalle zu engagieren. Die Veranstaltung verspricht eine wunderbare Nacht mit den bekanntesten französischen Chansons von Édith Piaf, Georges Brassens, Barbara, Jacques Brel, Juliette Gréco, Charles Aznavour, Gilbert Bécaud, Charles Trenet u. a. m. &#8211; zu werden &#8211; das gab es noch nie im Rahmen des Jazzfests. Herausragende Musiker, die sich im &#8222;Le Petit Orchestre de L&#8217;Opéra Comique de Paris&#8220; vereinigen, präsentieren dieses faszinierende Programm. Allen voran Gérard Daguerre, jahrelang Direktor der Opéra Comique de Paris, Weggefährte und Partner von Charles Aznavour und Leiter wie Produzent von &#8222;La Nuit de la Chanson&#8220;. Den Gesangspart übernehmen mit Marie-Stéphane Bernard und Frédéric Longbois zwei grandiose Interpreten, die sich weit über die Grenzen Frankreichs hinaus einen Namen gemacht haben. Am Akkordeon musiziert kein Geringerer als Marcel Azzola. &hellip;
