{"version":"1.0","provider_name":"JazzZeitung","provider_url":"https:\/\/www.jazzzeitung.de\/cms","author_name":"Redaktion JazzZeitung","author_url":"https:\/\/www.jazzzeitung.de\/cms\/author\/redaktion\/","title":"Jazztage Dresden - JazzZeitung","type":"rich","width":600,"height":338,"html":"<blockquote class=\"wp-embedded-content\" data-secret=\"u6RHhpooUQ\"><a href=\"https:\/\/www.jazzzeitung.de\/cms\/2013\/10\/jazztage-dresden\/\">Jazztage Dresden<\/a><\/blockquote><iframe sandbox=\"allow-scripts\" security=\"restricted\" src=\"https:\/\/www.jazzzeitung.de\/cms\/2013\/10\/jazztage-dresden\/embed\/#?secret=u6RHhpooUQ\" width=\"600\" height=\"338\" title=\"&#8222;Jazztage Dresden&#8220; &#8211; JazzZeitung\" data-secret=\"u6RHhpooUQ\" frameborder=\"0\" marginwidth=\"0\" marginheight=\"0\" scrolling=\"no\" class=\"wp-embedded-content\"><\/iframe><script type=\"text\/javascript\">\n\/* <![CDATA[ *\/\n\/*! This file is auto-generated *\/\n!function(d,l){\"use strict\";l.querySelector&&d.addEventListener&&\"undefined\"!=typeof URL&&(d.wp=d.wp||{},d.wp.receiveEmbedMessage||(d.wp.receiveEmbedMessage=function(e){var t=e.data;if((t||t.secret||t.message||t.value)&&!\/[^a-zA-Z0-9]\/.test(t.secret)){for(var s,r,n,a=l.querySelectorAll('iframe[data-secret=\"'+t.secret+'\"]'),o=l.querySelectorAll('blockquote[data-secret=\"'+t.secret+'\"]'),c=new RegExp(\"^https?:$\",\"i\"),i=0;i<o.length;i++)o[i].style.display=\"none\";for(i=0;i<a.length;i++)s=a[i],e.source===s.contentWindow&&(s.removeAttribute(\"style\"),\"height\"===t.message?(1e3<(r=parseInt(t.value,10))?r=1e3:~~r<200&&(r=200),s.height=r):\"link\"===t.message&&(r=new URL(s.getAttribute(\"src\")),n=new URL(t.value),c.test(n.protocol))&&n.host===r.host&&l.activeElement===s&&(d.top.location.href=t.value))}},d.addEventListener(\"message\",d.wp.receiveEmbedMessage,!1),l.addEventListener(\"DOMContentLoaded\",function(){for(var e,t,s=l.querySelectorAll(\"iframe.wp-embedded-content\"),r=0;r<s.length;r++)(t=(e=s[r]).getAttribute(\"data-secret\"))||(t=Math.random().toString(36).substring(2,12),e.src+=\"#?secret=\"+t,e.setAttribute(\"data-secret\",t)),e.contentWindow.postMessage({message:\"ready\",secret:t},\"*\")},!1)))}(window,document);\n\/\/# sourceURL=https:\/\/www.jazzzeitung.de\/cms\/wp-includes\/js\/wp-embed.min.js\n\/* ]]> *\/\n<\/script>\n","description":"Die Jazztage in Dresden stehen wieder vor der T\u00fcr: Am 8. November 2013 startet das l\u00e4ngste Jazzfestival Mitteldeutschlands. Es hat im 13. Jahr seines Bestehens noch mehr zu bieten \u2013 noch mehr Bands, noch mehr Konzerte, noch mehr Spielst\u00e4tten, noch mehr Jazz \u2013 als je zuvor. Unter dem Motto international \u2013 emotional \u2013 ph\u00e4nomenal, pr\u00e4sentiert das Festival \u00fcber 100 K\u00fcnstler in rund 30 Konzerten und Sessions an f\u00fcnfzehn Spielst\u00e4tten in der Landeshauptstadt und Umgebung. Das internationale Festival hat sich Jazz in seiner gesamten Vielfalt und Bandbreite mit Schwerpunkt Crossover verschrieben. Internationale Stars der Szene sowie junge aufstrebende Talente pr\u00e4sentieren hochkar\u00e4tig das breite Spektrum des Jazz: Modern Jazz, Mainstream, Swing, Latin, Funk &amp; Soul, Fusion und popul\u00e4ren Jazz mit Ausfl\u00fcgen bis hin zu Rock, Pop, Beatbox und Klassik. Der Spagat zwischen Hochkultur und Clubkultur, zwischen passionierten Jazz- und Klassik-Fans und erlebnisoffenem Publikum von jung bis alt wird gewagt. In diesem Jahr wurde erstmals ein Gastland als Schwerpunkt ausgew\u00e4hlt: Den Zuschlag erhielt \u00d6sterreich. Zu den Starg\u00e4sten aus der Alpenrepublik z\u00e4hlen auch Mnozil Brass, ein Ensemble aus Virtuosen, das schon lange auf der Wunschliste der Veranstalter stand. Neu &hellip;","thumbnail_url":"http:\/\/www.jazzzeitung.de\/cms\/wp-content\/uploads\/2013\/10\/Jazztage-Dresden.bmp"}

Die Jazztage in Dresden stehen wieder vor der Tür: Am 8. November 2013 startet das längste Jazzfestival Mitteldeutschlands. Es hat im 13. Jahr seines Bestehens noch mehr zu bieten – noch mehr Bands, noch mehr Konzerte, noch mehr Spielstätten, noch mehr Jazz – als je zuvor. Unter dem Motto international – emotional – phänomenal, präsentiert das Festival über 100 Künstler in rund 30 Konzerten und Sessions an fünfzehn Spielstätten in der Landeshauptstadt und Umgebung. Das internationale Festival hat sich Jazz in seiner gesamten Vielfalt und Bandbreite mit Schwerpunkt Crossover verschrieben. Internationale Stars der Szene sowie junge aufstrebende Talente präsentieren hochkarätig das breite Spektrum des Jazz: Modern Jazz, Mainstream, Swing, Latin, Funk &amp; Soul, Fusion und populären Jazz mit Ausflügen bis hin zu Rock, Pop, Beatbox und Klassik. Der Spagat zwischen Hochkultur und Clubkultur, zwischen passionierten Jazz- und Klassik-Fans und erlebnisoffenem Publikum von jung bis alt wird gewagt. In diesem Jahr wurde erstmals ein Gastland als Schwerpunkt ausgewählt: Den Zuschlag erhielt Österreich. Zu den Stargästen aus der Alpenrepublik zählen auch Mnozil Brass, ein Ensemble aus Virtuosen, das schon lange auf der Wunschliste der Veranstalter stand. Neu &hellip;
