{"version":"1.0","provider_name":"JazzZeitung","provider_url":"https:\/\/www.jazzzeitung.de\/cms","author_name":"Rainer Wein","author_url":"https:\/\/www.jazzzeitung.de\/cms\/author\/wein\/","title":"Die Frankfurter Geistmesse - JazzZeitung","type":"rich","width":600,"height":338,"html":"<blockquote class=\"wp-embedded-content\" data-secret=\"G3X8KManqO\"><a href=\"https:\/\/www.jazzzeitung.de\/cms\/2013\/10\/die-frankfurter-geistmesse\/\">Die Frankfurter Geistmesse<\/a><\/blockquote><iframe sandbox=\"allow-scripts\" security=\"restricted\" src=\"https:\/\/www.jazzzeitung.de\/cms\/2013\/10\/die-frankfurter-geistmesse\/embed\/#?secret=G3X8KManqO\" width=\"600\" height=\"338\" title=\"&#8222;Die Frankfurter Geistmesse&#8220; &#8211; JazzZeitung\" data-secret=\"G3X8KManqO\" frameborder=\"0\" marginwidth=\"0\" marginheight=\"0\" scrolling=\"no\" class=\"wp-embedded-content\"><\/iframe><script type=\"text\/javascript\">\n\/* <![CDATA[ *\/\n\/*! This file is auto-generated *\/\n!function(d,l){\"use strict\";l.querySelector&&d.addEventListener&&\"undefined\"!=typeof URL&&(d.wp=d.wp||{},d.wp.receiveEmbedMessage||(d.wp.receiveEmbedMessage=function(e){var t=e.data;if((t||t.secret||t.message||t.value)&&!\/[^a-zA-Z0-9]\/.test(t.secret)){for(var s,r,n,a=l.querySelectorAll('iframe[data-secret=\"'+t.secret+'\"]'),o=l.querySelectorAll('blockquote[data-secret=\"'+t.secret+'\"]'),c=new RegExp(\"^https?:$\",\"i\"),i=0;i<o.length;i++)o[i].style.display=\"none\";for(i=0;i<a.length;i++)s=a[i],e.source===s.contentWindow&&(s.removeAttribute(\"style\"),\"height\"===t.message?(1e3<(r=parseInt(t.value,10))?r=1e3:~~r<200&&(r=200),s.height=r):\"link\"===t.message&&(r=new URL(s.getAttribute(\"src\")),n=new URL(t.value),c.test(n.protocol))&&n.host===r.host&&l.activeElement===s&&(d.top.location.href=t.value))}},d.addEventListener(\"message\",d.wp.receiveEmbedMessage,!1),l.addEventListener(\"DOMContentLoaded\",function(){for(var e,t,s=l.querySelectorAll(\"iframe.wp-embedded-content\"),r=0;r<s.length;r++)(t=(e=s[r]).getAttribute(\"data-secret\"))||(t=Math.random().toString(36).substring(2,12),e.src+=\"#?secret=\"+t,e.setAttribute(\"data-secret\",t)),e.contentWindow.postMessage({message:\"ready\",secret:t},\"*\")},!1)))}(window,document);\n\/\/# sourceURL=https:\/\/www.jazzzeitung.de\/cms\/wp-includes\/js\/wp-embed.min.js\n\/* ]]> *\/\n<\/script>\n","description":"Bei der Heiligen Messe soll ja gelegentlich der Heilige Geist vorbeischauen. Aber nun wurde auch auf der Frankfurter Buchmesse der \u201eGeist\u201c gesichtet. Gottfried Honnefelder, Vorsteher des B\u00f6rsenvereins des Deutschen Buchhandels, forderte bei der diesj\u00e4hrigen Messeer\u00f6ffnung den Erhalt der Buchpreisbindung, weil anderenfalls \u201edie Macht des Geldes \u00fcber den Geist\u201c siege. Erstaunlich ist an dieser Formulierung, dass das Medium Buch einfach so mit Geist identifiziert wird, als w\u00e4re jeder Buchtitel mindestens Shakespeare oder Kant und das Wort \u201eGeld\u201c in der Buchbranche unbekannt. Tats\u00e4chlich macht der Buchhandel mehr als 30 Prozent seines Umsatzes mit wahnsinnig seri\u00f6sen \u201eRatgebern\u201c, weitere 15 Prozent mit enorm geistvollen Kochb\u00fcchern. Nur etwa 20 Prozent der Neuheiten fallen ins Gebiet der eigentlichen Literatur, und auch davon noch machen Comics, Geschenkb\u00fccher, Thriller und Fantasy-Titel die H\u00e4lfte aus. Die rohstoffvernichtende Rundum-Betextungsbranche Belletristik wird derzeit dominiert von solchen Geistesriesen wie Adler-Olsen, Follett, James, Meyer, Paolini, Roche, Rowling. Ich denke, wir sind uns da einig: Diese unglaubliche Ansammlung von Geist rechtfertigt f\u00fcr B\u00fccher jegliche Preisbindung \u2013 wie auch bei Tabakwaren, Arzneimitteln und anderen Drogen \u2013 sowie nat\u00fcrlich den erm\u00e4\u00dfigten Mehrwertsteuersatz, wie er auch f\u00fcr lebende Hausschweine und Milchmischgetr\u00e4nke gilt. &hellip;","thumbnail_url":"https:\/\/i0.wp.com\/www.jazzzeitung.de\/cms\/wp-content\/uploads\/2012\/01\/ipad-logo-200.png?fit=200%2C200&ssl=1","thumbnail_width":200,"thumbnail_height":200}

Bei der Heiligen Messe soll ja gelegentlich der Heilige Geist vorbeischauen. Aber nun wurde auch auf der Frankfurter Buchmesse der „Geist“ gesichtet. Gottfried Honnefelder, Vorsteher des Börsenvereins des Deutschen Buchhandels, forderte bei der diesjährigen Messeeröffnung den Erhalt der Buchpreisbindung, weil anderenfalls „die Macht des Geldes über den Geist“ siege. Erstaunlich ist an dieser Formulierung, dass das Medium Buch einfach so mit Geist identifiziert wird, als wäre jeder Buchtitel mindestens Shakespeare oder Kant und das Wort „Geld“ in der Buchbranche unbekannt. Tatsächlich macht der Buchhandel mehr als 30 Prozent seines Umsatzes mit wahnsinnig seriösen „Ratgebern“, weitere 15 Prozent mit enorm geistvollen Kochbüchern. Nur etwa 20 Prozent der Neuheiten fallen ins Gebiet der eigentlichen Literatur, und auch davon noch machen Comics, Geschenkbücher, Thriller und Fantasy-Titel die Hälfte aus. Die rohstoffvernichtende Rundum-Betextungsbranche Belletristik wird derzeit dominiert von solchen Geistesriesen wie Adler-Olsen, Follett, James, Meyer, Paolini, Roche, Rowling. Ich denke, wir sind uns da einig: Diese unglaubliche Ansammlung von Geist rechtfertigt für Bücher jegliche Preisbindung – wie auch bei Tabakwaren, Arzneimitteln und anderen Drogen – sowie natürlich den ermäßigten Mehrwertsteuersatz, wie er auch für lebende Hausschweine und Milchmischgetränke gilt. &hellip;
