{"version":"1.0","provider_name":"JazzZeitung","provider_url":"https:\/\/www.jazzzeitung.de\/cms","author_name":"Peter Ortmann","author_url":"https:\/\/www.jazzzeitung.de\/cms\/author\/ortmann\/","title":"Der Jazz in Baden-W\u00fcrttemberg - JazzZeitung","type":"rich","width":600,"height":338,"html":"<blockquote class=\"wp-embedded-content\" data-secret=\"6ncle4X88L\"><a href=\"https:\/\/www.jazzzeitung.de\/cms\/2013\/10\/der-jazz-baden-wuerttemberg\/\">Der Jazz in Baden-W\u00fcrttemberg<\/a><\/blockquote><iframe sandbox=\"allow-scripts\" security=\"restricted\" src=\"https:\/\/www.jazzzeitung.de\/cms\/2013\/10\/der-jazz-baden-wuerttemberg\/embed\/#?secret=6ncle4X88L\" width=\"600\" height=\"338\" title=\"&#8222;Der Jazz in Baden-W\u00fcrttemberg&#8220; &#8211; JazzZeitung\" data-secret=\"6ncle4X88L\" frameborder=\"0\" marginwidth=\"0\" marginheight=\"0\" scrolling=\"no\" class=\"wp-embedded-content\"><\/iframe><script type=\"text\/javascript\">\n\/* <![CDATA[ *\/\n\/*! This file is auto-generated *\/\n!function(d,l){\"use strict\";l.querySelector&&d.addEventListener&&\"undefined\"!=typeof URL&&(d.wp=d.wp||{},d.wp.receiveEmbedMessage||(d.wp.receiveEmbedMessage=function(e){var t=e.data;if((t||t.secret||t.message||t.value)&&!\/[^a-zA-Z0-9]\/.test(t.secret)){for(var s,r,n,a=l.querySelectorAll('iframe[data-secret=\"'+t.secret+'\"]'),o=l.querySelectorAll('blockquote[data-secret=\"'+t.secret+'\"]'),c=new RegExp(\"^https?:$\",\"i\"),i=0;i<o.length;i++)o[i].style.display=\"none\";for(i=0;i<a.length;i++)s=a[i],e.source===s.contentWindow&&(s.removeAttribute(\"style\"),\"height\"===t.message?(1e3<(r=parseInt(t.value,10))?r=1e3:~~r<200&&(r=200),s.height=r):\"link\"===t.message&&(r=new URL(s.getAttribute(\"src\")),n=new URL(t.value),c.test(n.protocol))&&n.host===r.host&&l.activeElement===s&&(d.top.location.href=t.value))}},d.addEventListener(\"message\",d.wp.receiveEmbedMessage,!1),l.addEventListener(\"DOMContentLoaded\",function(){for(var e,t,s=l.querySelectorAll(\"iframe.wp-embedded-content\"),r=0;r<s.length;r++)(t=(e=s[r]).getAttribute(\"data-secret\"))||(t=Math.random().toString(36).substring(2,12),e.src+=\"#?secret=\"+t,e.setAttribute(\"data-secret\",t)),e.contentWindow.postMessage({message:\"ready\",secret:t},\"*\")},!1)))}(window,document);\n\/\/# sourceURL=https:\/\/www.jazzzeitung.de\/cms\/wp-includes\/js\/wp-embed.min.js\n\/* ]]> *\/\n<\/script>\n","description":"Nach einigen \u2013 zumindest von au\u00dfen so wahrnehmbaren \u2013 aufregenden Wochen scheint zun\u00e4chst im L\u00e4ndle wieder eine gewisse Beruhigung eingetreten zu sein \u2013 vielleicht so konkret, dass z.B. die Schlie\u00dfung des Jazz-Studiengangs in Stuttgart vom Tisch ist. Wolfgang Dauner, einer der Aktivisten gegen die Hochschulpl\u00e4ne wird anl\u00e4sslich der Verleihung des Albert-Mangelsdorff-Preises am 3.11. in Berlin und im Rahmen einer Podiumsdiskussion zum 40j\u00e4hrigen Bestehen der Union Deutscher Jazzmusiker die Gelegenheit haben, \u00fcber den aktuellen Stand zu berichten und seine Einsch\u00e4tzung dazu abzugeben. Von 27 Musikhochschulen in Deutschland bieten allein 17 komplette Jazz-Studieng\u00e4nge an; und auch an den anderen wird Jazz unterrichtet. Dass ist ein Erfolg dieser Musik schlechthin. Konsequenz ist nat\u00fcrlich, dass es einen regelm\u00e4\u00dfigen \u201eOutput\u201c von hochqualifizierten jungen Jazzmusikern gibt, die auf dem Musikermarkt ihre Position finden wollen \u2013 und dies zu einem finanziellen Auskommen, das unter der Voraussetzung st\u00e4ndigen \u00dcbens und Kreativ-Seins mindestens bis zum Rentenalter anhalten muss. Nachdem Deutschland zu einem Land mit der wohl weltweit einmalig besten F\u00f6rderung von Jazzmusikern geworden ist, muss es sich dem Anspruch stellen, dass dieses Potential unserer Gesellschaft zur Verf\u00fcgung steht \u2013 zu Gagen, die dieses Potential &hellip;","thumbnail_url":"https:\/\/i0.wp.com\/www.jazzzeitung.de\/cms\/wp-content\/uploads\/2012\/01\/ipad-logo-200.png?fit=200%2C200&ssl=1","thumbnail_width":200,"thumbnail_height":200}

Der Jazz in Baden-Württemberg - JazzZeitung

<blockquote class="wp-embedded-content" data-secret="6ncle4X88L"><a href="https://www.jazzzeitung.de/cms/2013/10/der-jazz-baden-wuerttemberg/">Der Jazz in Baden-Württemberg</a></blockquote><iframe sandbox="allow-scripts" security="restricted" src="https://www.jazzzeitung.de/cms/2013/10/der-jazz-baden-wuerttemberg/embed/#?secret=6ncle4X88L" width="600" height="338" title="&#8222;Der Jazz in Baden-Württemberg&#8220; &#8211; JazzZeitung" data-secret="6ncle4X88L" frameborder="0" marginwidth="0" marginheight="0" scrolling="no" class="wp-embedded-content"></iframe><script type="text/javascript">
/* <![CDATA[ */
/*! This file is auto-generated */
!function(d,l){"use strict";l.querySelector&&d.addEventListener&&"undefined"!=typeof URL&&(d.wp=d.wp||{},d.wp.receiveEmbedMessage||(d.wp.receiveEmbedMessage=function(e){var t=e.data;if((t||t.secret||t.message||t.value)&&!/[^a-zA-Z0-9]/.test(t.secret)){for(var s,r,n,a=l.querySelectorAll('iframe[data-secret="'+t.secret+'"]'),o=l.querySelectorAll('blockquote[data-secret="'+t.secret+'"]'),c=new RegExp("^https?:$","i"),i=0;i<o.length;i++)o[i].style.display="none";for(i=0;i<a.length;i++)s=a[i],e.source===s.contentWindow&&(s.removeAttribute("style"),"height"===t.message?(1e3<(r=parseInt(t.value,10))?r=1e3:~~r<200&&(r=200),s.height=r):"link"===t.message&&(r=new URL(s.getAttribute("src")),n=new URL(t.value),c.test(n.protocol))&&n.host===r.host&&l.activeElement===s&&(d.top.location.href=t.value))}},d.addEventListener("message",d.wp.receiveEmbedMessage,!1),l.addEventListener("DOMContentLoaded",function(){for(var e,t,s=l.querySelectorAll("iframe.wp-embedded-content"),r=0;r<s.length;r++)(t=(e=s[r]).getAttribute("data-secret"))||(t=Math.random().toString(36).substring(2,12),e.src+="#?secret="+t,e.setAttribute("data-secret",t)),e.contentWindow.postMessage({message:"ready",secret:t},"*")},!1)))}(window,document);
//# sourceURL=https://www.jazzzeitung.de/cms/wp-includes/js/wp-embed.min.js
/* ]]> */
</script>

Nach einigen – zumindest von außen so wahrnehmbaren – aufregenden Wochen scheint zunächst im Ländle wieder eine gewisse Beruhigung eingetreten zu sein – vielleicht so konkret, dass z.B. die Schließung des Jazz-Studiengangs in Stuttgart vom Tisch ist. Wolfgang Dauner, einer der Aktivisten gegen die Hochschulpläne wird anlässlich der Verleihung des Albert-Mangelsdorff-Preises am 3.11. in Berlin und im Rahmen einer Podiumsdiskussion zum 40jährigen Bestehen der Union Deutscher Jazzmusiker die Gelegenheit haben, über den aktuellen Stand zu berichten und seine Einschätzung dazu abzugeben. Von 27 Musikhochschulen in Deutschland bieten allein 17 komplette Jazz-Studiengänge an; und auch an den anderen wird Jazz unterrichtet. Dass ist ein Erfolg dieser Musik schlechthin. Konsequenz ist natürlich, dass es einen regelmäßigen „Output“ von hochqualifizierten jungen Jazzmusikern gibt, die auf dem Musikermarkt ihre Position finden wollen – und dies zu einem finanziellen Auskommen, das unter der Voraussetzung ständigen Übens und Kreativ-Seins mindestens bis zum Rentenalter anhalten muss. Nachdem Deutschland zu einem Land mit der wohl weltweit einmalig besten Förderung von Jazzmusikern geworden ist, muss es sich dem Anspruch stellen, dass dieses Potential unserer Gesellschaft zur Verfügung steht – zu Gagen, die dieses Potential &hellip;
