{"version":"1.0","provider_name":"JazzZeitung","provider_url":"https:\/\/www.jazzzeitung.de\/cms","author_name":"J\u00f6rg Lichtinger","author_url":"https:\/\/www.jazzzeitung.de\/cms\/author\/lichtinger\/","title":"Sven Regener: Der unheimliche Hulk des Urheberrechts - JazzZeitung","type":"rich","width":600,"height":338,"html":"<blockquote class=\"wp-embedded-content\" data-secret=\"sC0D4XD074\"><a href=\"https:\/\/www.jazzzeitung.de\/cms\/2012\/03\/sven-regener-der-unheimliche-hulk-des-urheberrechts\/\">Sven Regener: Der unheimliche Hulk des Urheberrechts<\/a><\/blockquote><iframe sandbox=\"allow-scripts\" security=\"restricted\" src=\"https:\/\/www.jazzzeitung.de\/cms\/2012\/03\/sven-regener-der-unheimliche-hulk-des-urheberrechts\/embed\/#?secret=sC0D4XD074\" width=\"600\" height=\"338\" title=\"&#8222;Sven Regener: Der unheimliche Hulk des Urheberrechts&#8220; &#8211; JazzZeitung\" data-secret=\"sC0D4XD074\" frameborder=\"0\" marginwidth=\"0\" marginheight=\"0\" scrolling=\"no\" class=\"wp-embedded-content\"><\/iframe><script type=\"text\/javascript\">\n\/* <![CDATA[ *\/\n\/*! This file is auto-generated *\/\n!function(d,l){\"use strict\";l.querySelector&&d.addEventListener&&\"undefined\"!=typeof URL&&(d.wp=d.wp||{},d.wp.receiveEmbedMessage||(d.wp.receiveEmbedMessage=function(e){var t=e.data;if((t||t.secret||t.message||t.value)&&!\/[^a-zA-Z0-9]\/.test(t.secret)){for(var s,r,n,a=l.querySelectorAll('iframe[data-secret=\"'+t.secret+'\"]'),o=l.querySelectorAll('blockquote[data-secret=\"'+t.secret+'\"]'),c=new RegExp(\"^https?:$\",\"i\"),i=0;i<o.length;i++)o[i].style.display=\"none\";for(i=0;i<a.length;i++)s=a[i],e.source===s.contentWindow&&(s.removeAttribute(\"style\"),\"height\"===t.message?(1e3<(r=parseInt(t.value,10))?r=1e3:~~r<200&&(r=200),s.height=r):\"link\"===t.message&&(r=new URL(s.getAttribute(\"src\")),n=new URL(t.value),c.test(n.protocol))&&n.host===r.host&&l.activeElement===s&&(d.top.location.href=t.value))}},d.addEventListener(\"message\",d.wp.receiveEmbedMessage,!1),l.addEventListener(\"DOMContentLoaded\",function(){for(var e,t,s=l.querySelectorAll(\"iframe.wp-embedded-content\"),r=0;r<s.length;r++)(t=(e=s[r]).getAttribute(\"data-secret\"))||(t=Math.random().toString(36).substring(2,12),e.src+=\"#?secret=\"+t,e.setAttribute(\"data-secret\",t)),e.contentWindow.postMessage({message:\"ready\",secret:t},\"*\")},!1)))}(window,document);\n\/\/# sourceURL=https:\/\/www.jazzzeitung.de\/cms\/wp-includes\/js\/wp-embed.min.js\n\/* ]]> *\/\n<\/script>\n","description":"Der Wutb\u00fcrger an sich tummelt sich nicht nur auf schw\u00e4bischen Bahnh\u00f6fen \u2013 auch in Tonstudios wird der eine oder andere zum unheimlichen Hulk, wenn er daran erinnert wird, dass es im Zeitalter der unbegrenzten Downloads viel zu leicht ist, Schindluder mit geistigem Eigentum zu treiben. Zuletzt beobachtet bei Sven Regener von Element of Crime, als Z\u00fcndfunk-Autor Erich Renz anrief, um Regeners Meinung zum Urheberrecht zu erfragen...","thumbnail_url":"https:\/\/i0.wp.com\/www.jazzzeitung.de\/cms\/wp-content\/uploads\/2012\/01\/ipad-logo-200.png?fit=200%2C200&ssl=1","thumbnail_width":200,"thumbnail_height":200}

Jörg Lichtinger

Der Wutbürger an sich tummelt sich nicht nur auf schwäbischen Bahnhöfen – auch in Tonstudios wird der eine oder andere zum unheimlichen Hulk, wenn er daran erinnert wird, dass es im Zeitalter der unbegrenzten Downloads viel zu leicht ist, Schindluder mit geistigem Eigentum zu treiben. Zuletzt beobachtet bei Sven Regener von Element of Crime, als Zündfunk-Autor Erich Renz anrief, um Regeners Meinung zum Urheberrecht zu erfragen...
