{"version":"1.0","provider_name":"JazzZeitung","provider_url":"https:\/\/www.jazzzeitung.de\/cms","author_name":"J\u00f6rg Lichtinger","author_url":"https:\/\/www.jazzzeitung.de\/cms\/author\/lichtinger\/","title":"Johannes Faber \u2013 Abschied vom G\u00e4rtnerplatz  - JazzZeitung","type":"rich","width":600,"height":338,"html":"<blockquote class=\"wp-embedded-content\" data-secret=\"QDpzqHznYx\"><a href=\"https:\/\/www.jazzzeitung.de\/cms\/2012\/01\/johannes-faber-abschied-vom-gartnerplatz\/\">Johannes Faber \u2013 Abschied vom G\u00e4rtnerplatz<\/a><\/blockquote><iframe sandbox=\"allow-scripts\" security=\"restricted\" src=\"https:\/\/www.jazzzeitung.de\/cms\/2012\/01\/johannes-faber-abschied-vom-gartnerplatz\/embed\/#?secret=QDpzqHznYx\" width=\"600\" height=\"338\" title=\"&#8222;Johannes Faber \u2013 Abschied vom G\u00e4rtnerplatz&#8220; &#8211; JazzZeitung\" data-secret=\"QDpzqHznYx\" frameborder=\"0\" marginwidth=\"0\" marginheight=\"0\" scrolling=\"no\" class=\"wp-embedded-content\"><\/iframe><script type=\"text\/javascript\">\n\/* <![CDATA[ *\/\n\/*! This file is auto-generated *\/\n!function(d,l){\"use strict\";l.querySelector&&d.addEventListener&&\"undefined\"!=typeof URL&&(d.wp=d.wp||{},d.wp.receiveEmbedMessage||(d.wp.receiveEmbedMessage=function(e){var t=e.data;if((t||t.secret||t.message||t.value)&&!\/[^a-zA-Z0-9]\/.test(t.secret)){for(var s,r,n,a=l.querySelectorAll('iframe[data-secret=\"'+t.secret+'\"]'),o=l.querySelectorAll('blockquote[data-secret=\"'+t.secret+'\"]'),c=new RegExp(\"^https?:$\",\"i\"),i=0;i<o.length;i++)o[i].style.display=\"none\";for(i=0;i<a.length;i++)s=a[i],e.source===s.contentWindow&&(s.removeAttribute(\"style\"),\"height\"===t.message?(1e3<(r=parseInt(t.value,10))?r=1e3:~~r<200&&(r=200),s.height=r):\"link\"===t.message&&(r=new URL(s.getAttribute(\"src\")),n=new URL(t.value),c.test(n.protocol))&&n.host===r.host&&l.activeElement===s&&(d.top.location.href=t.value))}},d.addEventListener(\"message\",d.wp.receiveEmbedMessage,!1),l.addEventListener(\"DOMContentLoaded\",function(){for(var e,t,s=l.querySelectorAll(\"iframe.wp-embedded-content\"),r=0;r<s.length;r++)(t=(e=s[r]).getAttribute(\"data-secret\"))||(t=Math.random().toString(36).substring(2,12),e.src+=\"#?secret=\"+t,e.setAttribute(\"data-secret\",t)),e.contentWindow.postMessage({message:\"ready\",secret:t},\"*\")},!1)))}(window,document);\n\/\/# sourceURL=https:\/\/www.jazzzeitung.de\/cms\/wp-includes\/js\/wp-embed.min.js\n\/* ]]> *\/\n<\/script>\n","description":"Nach 12 Jahren geht in der laufenden Spielzeit die Konzertreihe &#8222;Jazz im G\u00e4rtnerplatz&#8220; zu Ende. Das M\u00fcnchner Staatstheater am G\u00e4rtnerplatz gibt mit der vom Trompeter Johannes Faber gestalteten Reihe ein festes Programmelement mit Seltenheitswert an einem staatlichen Opernhaus auf. Viele internationale Schwergewichte konnte Faber in das kleinere der beiden M\u00fcnchner Staatstheater locken, das einen wesentlich intimeren Rahmen bot, als die gro\u00dfen Festivalb\u00fchnen, auf denen man Abdullah Ibrahim, Herbie Hancock oder Ron Carter sonst bewundern kann. Besonders waren in dieser Hinsicht auch die Jamsessions, die in der Kantine oder im Foyer des Theaters das ein oder andere Konzert zu einem wunderbaren Abschluss brachten. Ein Gag am Ende jedes Konzerts war der Auftritt von Faber selbst, der nicht nur alle Abende moderierte, sondern auch als musikalischer Gast immer wenigstens einen Song mitspielte. Faber d\u00fcrfte wohl einer von ganz wenigen Konzertveranstaltern gewesen sein, bei denen sich die Musiker so etwas gefallen lassen. Auch das Neujahrskonzert der Allotria Jazzband geh\u00f6rte seit immerhin elf Jahren zu Jazz im G\u00e4rtnerplatz. Nach 65 Konzerten ist nun vorerst Schluss. Das Theater schlie\u00dft in der kommenden Saison f\u00fcr umfangreiche Sanierungsarbeiten. Ob der Jazz danach &hellip;","thumbnail_url":"http:\/\/www.jazzzeitung.de\/cms\/wp-content\/uploads\/2012\/01\/johannesfaber7-199x300.jpg"}

Jörg Lichtinger

Johannes Faber – Abschied vom Gärtnerplatz  - JazzZeitung

<blockquote class="wp-embedded-content" data-secret="QDpzqHznYx"><a href="https://www.jazzzeitung.de/cms/2012/01/johannes-faber-abschied-vom-gartnerplatz/">Johannes Faber – Abschied vom Gärtnerplatz</a></blockquote><iframe sandbox="allow-scripts" security="restricted" src="https://www.jazzzeitung.de/cms/2012/01/johannes-faber-abschied-vom-gartnerplatz/embed/#?secret=QDpzqHznYx" width="600" height="338" title="&#8222;Johannes Faber – Abschied vom Gärtnerplatz&#8220; &#8211; JazzZeitung" data-secret="QDpzqHznYx" frameborder="0" marginwidth="0" marginheight="0" scrolling="no" class="wp-embedded-content"></iframe><script type="text/javascript">
/* <![CDATA[ */
/*! This file is auto-generated */
!function(d,l){"use strict";l.querySelector&&d.addEventListener&&"undefined"!=typeof URL&&(d.wp=d.wp||{},d.wp.receiveEmbedMessage||(d.wp.receiveEmbedMessage=function(e){var t=e.data;if((t||t.secret||t.message||t.value)&&!/[^a-zA-Z0-9]/.test(t.secret)){for(var s,r,n,a=l.querySelectorAll('iframe[data-secret="'+t.secret+'"]'),o=l.querySelectorAll('blockquote[data-secret="'+t.secret+'"]'),c=new RegExp("^https?:$","i"),i=0;i<o.length;i++)o[i].style.display="none";for(i=0;i<a.length;i++)s=a[i],e.source===s.contentWindow&&(s.removeAttribute("style"),"height"===t.message?(1e3<(r=parseInt(t.value,10))?r=1e3:~~r<200&&(r=200),s.height=r):"link"===t.message&&(r=new URL(s.getAttribute("src")),n=new URL(t.value),c.test(n.protocol))&&n.host===r.host&&l.activeElement===s&&(d.top.location.href=t.value))}},d.addEventListener("message",d.wp.receiveEmbedMessage,!1),l.addEventListener("DOMContentLoaded",function(){for(var e,t,s=l.querySelectorAll("iframe.wp-embedded-content"),r=0;r<s.length;r++)(t=(e=s[r]).getAttribute("data-secret"))||(t=Math.random().toString(36).substring(2,12),e.src+="#?secret="+t,e.setAttribute("data-secret",t)),e.contentWindow.postMessage({message:"ready",secret:t},"*")},!1)))}(window,document);
//# sourceURL=https://www.jazzzeitung.de/cms/wp-includes/js/wp-embed.min.js
/* ]]> */
</script>

Nach 12 Jahren geht in der laufenden Spielzeit die Konzertreihe &#8222;Jazz im Gärtnerplatz&#8220; zu Ende. Das Münchner Staatstheater am Gärtnerplatz gibt mit der vom Trompeter Johannes Faber gestalteten Reihe ein festes Programmelement mit Seltenheitswert an einem staatlichen Opernhaus auf. Viele internationale Schwergewichte konnte Faber in das kleinere der beiden Münchner Staatstheater locken, das einen wesentlich intimeren Rahmen bot, als die großen Festivalbühnen, auf denen man Abdullah Ibrahim, Herbie Hancock oder Ron Carter sonst bewundern kann. Besonders waren in dieser Hinsicht auch die Jamsessions, die in der Kantine oder im Foyer des Theaters das ein oder andere Konzert zu einem wunderbaren Abschluss brachten. Ein Gag am Ende jedes Konzerts war der Auftritt von Faber selbst, der nicht nur alle Abende moderierte, sondern auch als musikalischer Gast immer wenigstens einen Song mitspielte. Faber dürfte wohl einer von ganz wenigen Konzertveranstaltern gewesen sein, bei denen sich die Musiker so etwas gefallen lassen. Auch das Neujahrskonzert der Allotria Jazzband gehörte seit immerhin elf Jahren zu Jazz im Gärtnerplatz. Nach 65 Konzerten ist nun vorerst Schluss. Das Theater schließt in der kommenden Saison für umfangreiche Sanierungsarbeiten. Ob der Jazz danach &hellip;
