{"version":"1.0","provider_name":"JazzZeitung","provider_url":"https:\/\/www.jazzzeitung.de\/cms","title":"Wo bleibt der deutsche Jazz?  - JazzZeitung","type":"rich","width":600,"height":338,"html":"<blockquote class=\"wp-embedded-content\" data-secret=\"W1cN1D9gHl\"><a href=\"https:\/\/www.jazzzeitung.de\/cms\/2011\/06\/wo-bleibt-der-deutsche-jazz\/\">Wo bleibt der deutsche Jazz?<\/a><\/blockquote><iframe sandbox=\"allow-scripts\" security=\"restricted\" src=\"https:\/\/www.jazzzeitung.de\/cms\/2011\/06\/wo-bleibt-der-deutsche-jazz\/embed\/#?secret=W1cN1D9gHl\" width=\"600\" height=\"338\" title=\"&#8222;Wo bleibt der deutsche Jazz?&#8220; &#8211; JazzZeitung\" data-secret=\"W1cN1D9gHl\" frameborder=\"0\" marginwidth=\"0\" marginheight=\"0\" scrolling=\"no\" class=\"wp-embedded-content\"><\/iframe><script type=\"text\/javascript\">\n\/* <![CDATA[ *\/\n\/*! This file is auto-generated *\/\n!function(d,l){\"use strict\";l.querySelector&&d.addEventListener&&\"undefined\"!=typeof URL&&(d.wp=d.wp||{},d.wp.receiveEmbedMessage||(d.wp.receiveEmbedMessage=function(e){var t=e.data;if((t||t.secret||t.message||t.value)&&!\/[^a-zA-Z0-9]\/.test(t.secret)){for(var s,r,n,a=l.querySelectorAll('iframe[data-secret=\"'+t.secret+'\"]'),o=l.querySelectorAll('blockquote[data-secret=\"'+t.secret+'\"]'),c=new RegExp(\"^https?:$\",\"i\"),i=0;i<o.length;i++)o[i].style.display=\"none\";for(i=0;i<a.length;i++)s=a[i],e.source===s.contentWindow&&(s.removeAttribute(\"style\"),\"height\"===t.message?(1e3<(r=parseInt(t.value,10))?r=1e3:~~r<200&&(r=200),s.height=r):\"link\"===t.message&&(r=new URL(s.getAttribute(\"src\")),n=new URL(t.value),c.test(n.protocol))&&n.host===r.host&&l.activeElement===s&&(d.top.location.href=t.value))}},d.addEventListener(\"message\",d.wp.receiveEmbedMessage,!1),l.addEventListener(\"DOMContentLoaded\",function(){for(var e,t,s=l.querySelectorAll(\"iframe.wp-embedded-content\"),r=0;r<s.length;r++)(t=(e=s[r]).getAttribute(\"data-secret\"))||(t=Math.random().toString(36).substring(2,12),e.src+=\"#?secret=\"+t,e.setAttribute(\"data-secret\",t)),e.contentWindow.postMessage({message:\"ready\",secret:t},\"*\")},!1)))}(window,document);\n\/\/# sourceURL=https:\/\/www.jazzzeitung.de\/cms\/wp-includes\/js\/wp-embed.min.js\n\/* ]]> *\/\n<\/script>\n","description":"DIE ZEIT stellte k\u00fcrzlich in ihrer Online-Ausgabe \u2013 wieder einmal \u2013 diese Frage. Ausgangspunkt f\u00fcr das erneute Aufrollen eines altbekannten Themas \u2013 n\u00e4mlich, dass sich vom Jazz schlecht leben l\u00e4sst \u2013 ist die weiterhin zunehmende Dichte von erstklassigen Musikern und Bands aus Deutschen Landen, die das Missverh\u00e4ltnis zwischen der Qualit\u00e4t des Gebotenen und den Bedingungen, unter denen deutsche Musiker arbeiten, mehr und mehr in Schieflage bringt. Der Autor des Artikels sieht die Deutschen Musiker \u2013 vor allem die jungen \u2013 durch die relative Gleichg\u00fcltigkeit der Deutschen f\u00fcr ihre eigenen K\u00fcnstler in Bedr\u00e4ngnis gebracht. In anderen L\u00e4ndern sei dies anders. Deutsche K\u00fcnstler, darunter unser Gastautor Felix Falk von Mo&#8216; Blow, beklagen im ZEIT-Artikel die mangelnde strukturelle Unterst\u00fctzung bei Konzertreisen vonseiten Deutscher Kulturinstitutionen. Mo&#8216; Blow. Foto: ACT\/Dirk Mathesius Unter den zahlreichen Kommentatoren des Artikels wird nat\u00fcrlich mehr oder weniger polemisch diskutiert, ob Jazz nun toll sei oder doch eher nicht&#8230; falsche Irrt\u00fcmer&#8230; Abseits der Geschmacksdebatten gab es aber auch einige der im Text getroffenen Aussagen richtigzustellen: Kritisiert wird zum Beispiel, dass im Artikel inklusive Labelchef Siggi Loch nur ACT-K\u00fcnstler zu Wort kommen. Auf die Behauptung, dass junge &hellip;","thumbnail_url":"http:\/\/www.jazzzeitung.de\/cms\/wp-content\/uploads\/2011\/06\/moblow-300x215.jpg"}

DIE ZEIT stellte kürzlich in ihrer Online-Ausgabe – wieder einmal – diese Frage. Ausgangspunkt für das erneute Aufrollen eines altbekannten Themas – nämlich, dass sich vom Jazz schlecht leben lässt – ist die weiterhin zunehmende Dichte von erstklassigen Musikern und Bands aus Deutschen Landen, die das Missverhältnis zwischen der Qualität des Gebotenen und den Bedingungen, unter denen deutsche Musiker arbeiten, mehr und mehr in Schieflage bringt. Der Autor des Artikels sieht die Deutschen Musiker – vor allem die jungen – durch die relative Gleichgültigkeit der Deutschen für ihre eigenen Künstler in Bedrängnis gebracht. In anderen Ländern sei dies anders. Deutsche Künstler, darunter unser Gastautor Felix Falk von Mo&#8216; Blow, beklagen im ZEIT-Artikel die mangelnde strukturelle Unterstützung bei Konzertreisen vonseiten Deutscher Kulturinstitutionen. Mo&#8216; Blow. Foto: ACT/Dirk Mathesius Unter den zahlreichen Kommentatoren des Artikels wird natürlich mehr oder weniger polemisch diskutiert, ob Jazz nun toll sei oder doch eher nicht&#8230; falsche Irrtümer&#8230; Abseits der Geschmacksdebatten gab es aber auch einige der im Text getroffenen Aussagen richtigzustellen: Kritisiert wird zum Beispiel, dass im Artikel inklusive Labelchef Siggi Loch nur ACT-Künstler zu Wort kommen. Auf die Behauptung, dass junge &hellip;
