{"version":"1.0","provider_name":"JazzZeitung","provider_url":"https:\/\/www.jazzzeitung.de\/cms","author_name":"Ursula Gaisa","author_url":"https:\/\/www.jazzzeitung.de\/cms\/author\/gaisa\/","title":"Tickets f\u00fcr den ECHO Jazz 2011 zu gewinnen - JazzZeitung","type":"rich","width":600,"height":338,"html":"<blockquote class=\"wp-embedded-content\" data-secret=\"BdAtHB6f5a\"><a href=\"https:\/\/www.jazzzeitung.de\/cms\/2011\/06\/tickets-fuer-den-echo-jazz-2011-zu-gewinnen\/\">Tickets f\u00fcr den ECHO Jazz 2011 zu gewinnen<\/a><\/blockquote><iframe sandbox=\"allow-scripts\" security=\"restricted\" src=\"https:\/\/www.jazzzeitung.de\/cms\/2011\/06\/tickets-fuer-den-echo-jazz-2011-zu-gewinnen\/embed\/#?secret=BdAtHB6f5a\" width=\"600\" height=\"338\" title=\"&#8222;Tickets f\u00fcr den ECHO Jazz 2011 zu gewinnen&#8220; &#8211; JazzZeitung\" data-secret=\"BdAtHB6f5a\" frameborder=\"0\" marginwidth=\"0\" marginheight=\"0\" scrolling=\"no\" class=\"wp-embedded-content\"><\/iframe><script type=\"text\/javascript\">\n\/* <![CDATA[ *\/\n\/*! This file is auto-generated *\/\n!function(d,l){\"use strict\";l.querySelector&&d.addEventListener&&\"undefined\"!=typeof URL&&(d.wp=d.wp||{},d.wp.receiveEmbedMessage||(d.wp.receiveEmbedMessage=function(e){var t=e.data;if((t||t.secret||t.message||t.value)&&!\/[^a-zA-Z0-9]\/.test(t.secret)){for(var s,r,n,a=l.querySelectorAll('iframe[data-secret=\"'+t.secret+'\"]'),o=l.querySelectorAll('blockquote[data-secret=\"'+t.secret+'\"]'),c=new RegExp(\"^https?:$\",\"i\"),i=0;i<o.length;i++)o[i].style.display=\"none\";for(i=0;i<a.length;i++)s=a[i],e.source===s.contentWindow&&(s.removeAttribute(\"style\"),\"height\"===t.message?(1e3<(r=parseInt(t.value,10))?r=1e3:~~r<200&&(r=200),s.height=r):\"link\"===t.message&&(r=new URL(s.getAttribute(\"src\")),n=new URL(t.value),c.test(n.protocol))&&n.host===r.host&&l.activeElement===s&&(d.top.location.href=t.value))}},d.addEventListener(\"message\",d.wp.receiveEmbedMessage,!1),l.addEventListener(\"DOMContentLoaded\",function(){for(var e,t,s=l.querySelectorAll(\"iframe.wp-embedded-content\"),r=0;r<s.length;r++)(t=(e=s[r]).getAttribute(\"data-secret\"))||(t=Math.random().toString(36).substring(2,12),e.src+=\"#?secret=\"+t,e.setAttribute(\"data-secret\",t)),e.contentWindow.postMessage({message:\"ready\",secret:t},\"*\")},!1)))}(window,document);\n\/\/# sourceURL=https:\/\/www.jazzzeitung.de\/cms\/wp-includes\/js\/wp-embed.min.js\n\/* ]]> *\/\n<\/script>\n","description":"Wir verlosen Tickets f\u00fcr die ECHO-Jazz-Preisverleihung am 17. Juni in Dresden: Die New Soul-K\u00fcnstlerin Joy Denalane, der Jazzmusiker Peter Fessler, der Tagesschau-Sprecher Jan Hofer, die S\u00e4ngerin Katja Ebstein, die TV-Moderatorin Miriam Pielhau sowie die S\u00e4ngerin und Schauspielerin Oceana sind die Laudatoren der Verleihung des 2. ECHO Jazz. Am 17. Juni 2011 \u00fcbergeben sie in der Gl\u00e4sernen Manufaktur von Volkswagen in Dresden die begehrte Troph\u00e4e an die Preistr\u00e4ger. Zur Verleihung werden zahlreiche Ehreng\u00e4ste aus Politik, Kultur, Wirtschaft und Medien erwartet. Karten k\u00f6nnen unter der Hotline 0700-05 67 89 10 bestellt werden. Moderator Dieter Moor wird bei der Ehrung der herausragenden K\u00fcnstler des zur\u00fcckliegenden Jazz-Jahres von prominenten Laudatoren unterst\u00fctzt. Die als \u201eFirst Lady des deutschen Souls\u201c bezeichnete S\u00e4ngerin Joy Denalane wird einen der begehrten Preise \u00fcberreichen. Vor wenigen Wochen ver\u00f6ffentlichte sie ihr neues Album \u201eMaureen\u201c, im November dieses Jahres steht eine umfangreiche Tour auf dem Programm und im M\u00e4rz pr\u00e4sentierte sie beim Deutschen Musikpreis ECHO live ihre Single \u201eNiemand\u201c. Mit mehreren ECHO-Nominierungen im Gep\u00e4ck kann Joy Denalane bei der Laudatio auf eigene Erfahrungen zur\u00fcckgreifen. Jan Hofer, Chefsprecher der Tagesschau und Riverboat-Talker, blickt auf eine eigene Jazz-Vergangenheit zur\u00fcck. &hellip;","thumbnail_url":"http:\/\/www.jazzzeitung.de\/cms\/wp-content\/uploads\/2011\/05\/echo-jazz-2011-150.png"}

Tickets für den ECHO Jazz 2011 zu gewinnen - JazzZeitung

<blockquote class="wp-embedded-content" data-secret="BdAtHB6f5a"><a href="https://www.jazzzeitung.de/cms/2011/06/tickets-fuer-den-echo-jazz-2011-zu-gewinnen/">Tickets für den ECHO Jazz 2011 zu gewinnen</a></blockquote><iframe sandbox="allow-scripts" security="restricted" src="https://www.jazzzeitung.de/cms/2011/06/tickets-fuer-den-echo-jazz-2011-zu-gewinnen/embed/#?secret=BdAtHB6f5a" width="600" height="338" title="&#8222;Tickets für den ECHO Jazz 2011 zu gewinnen&#8220; &#8211; JazzZeitung" data-secret="BdAtHB6f5a" frameborder="0" marginwidth="0" marginheight="0" scrolling="no" class="wp-embedded-content"></iframe><script type="text/javascript">
/* <![CDATA[ */
/*! This file is auto-generated */
!function(d,l){"use strict";l.querySelector&&d.addEventListener&&"undefined"!=typeof URL&&(d.wp=d.wp||{},d.wp.receiveEmbedMessage||(d.wp.receiveEmbedMessage=function(e){var t=e.data;if((t||t.secret||t.message||t.value)&&!/[^a-zA-Z0-9]/.test(t.secret)){for(var s,r,n,a=l.querySelectorAll('iframe[data-secret="'+t.secret+'"]'),o=l.querySelectorAll('blockquote[data-secret="'+t.secret+'"]'),c=new RegExp("^https?:$","i"),i=0;i<o.length;i++)o[i].style.display="none";for(i=0;i<a.length;i++)s=a[i],e.source===s.contentWindow&&(s.removeAttribute("style"),"height"===t.message?(1e3<(r=parseInt(t.value,10))?r=1e3:~~r<200&&(r=200),s.height=r):"link"===t.message&&(r=new URL(s.getAttribute("src")),n=new URL(t.value),c.test(n.protocol))&&n.host===r.host&&l.activeElement===s&&(d.top.location.href=t.value))}},d.addEventListener("message",d.wp.receiveEmbedMessage,!1),l.addEventListener("DOMContentLoaded",function(){for(var e,t,s=l.querySelectorAll("iframe.wp-embedded-content"),r=0;r<s.length;r++)(t=(e=s[r]).getAttribute("data-secret"))||(t=Math.random().toString(36).substring(2,12),e.src+="#?secret="+t,e.setAttribute("data-secret",t)),e.contentWindow.postMessage({message:"ready",secret:t},"*")},!1)))}(window,document);
//# sourceURL=https://www.jazzzeitung.de/cms/wp-includes/js/wp-embed.min.js
/* ]]> */
</script>

Wir verlosen Tickets für die ECHO-Jazz-Preisverleihung am 17. Juni in Dresden: Die New Soul-Künstlerin Joy Denalane, der Jazzmusiker Peter Fessler, der Tagesschau-Sprecher Jan Hofer, die Sängerin Katja Ebstein, die TV-Moderatorin Miriam Pielhau sowie die Sängerin und Schauspielerin Oceana sind die Laudatoren der Verleihung des 2. ECHO Jazz. Am 17. Juni 2011 übergeben sie in der Gläsernen Manufaktur von Volkswagen in Dresden die begehrte Trophäe an die Preisträger. Zur Verleihung werden zahlreiche Ehrengäste aus Politik, Kultur, Wirtschaft und Medien erwartet. Karten können unter der Hotline 0700-05 67 89 10 bestellt werden. Moderator Dieter Moor wird bei der Ehrung der herausragenden Künstler des zurückliegenden Jazz-Jahres von prominenten Laudatoren unterstützt. Die als „First Lady des deutschen Souls“ bezeichnete Sängerin Joy Denalane wird einen der begehrten Preise überreichen. Vor wenigen Wochen veröffentlichte sie ihr neues Album „Maureen“, im November dieses Jahres steht eine umfangreiche Tour auf dem Programm und im März präsentierte sie beim Deutschen Musikpreis ECHO live ihre Single „Niemand“. Mit mehreren ECHO-Nominierungen im Gepäck kann Joy Denalane bei der Laudatio auf eigene Erfahrungen zurückgreifen. Jan Hofer, Chefsprecher der Tagesschau und Riverboat-Talker, blickt auf eine eigene Jazz-Vergangenheit zurück. &hellip;
