{"version":"1.0","provider_name":"JazzZeitung","provider_url":"https:\/\/www.jazzzeitung.de\/cms","author_name":"J\u00f6rg Lichtinger","author_url":"https:\/\/www.jazzzeitung.de\/cms\/author\/lichtinger\/","title":"Malefiz, wo ist der Jazz-Benefiz? - JazzZeitung","type":"rich","width":600,"height":338,"html":"<blockquote class=\"wp-embedded-content\" data-secret=\"BjSJ33BRzC\"><a href=\"https:\/\/www.jazzzeitung.de\/cms\/2011\/03\/malefiz-wo-ist-der-jazz-benefiz\/\">Malefiz, wo ist der Jazz-Benefiz?<\/a><\/blockquote><iframe sandbox=\"allow-scripts\" security=\"restricted\" src=\"https:\/\/www.jazzzeitung.de\/cms\/2011\/03\/malefiz-wo-ist-der-jazz-benefiz\/embed\/#?secret=BjSJ33BRzC\" width=\"600\" height=\"338\" title=\"&#8222;Malefiz, wo ist der Jazz-Benefiz?&#8220; &#8211; JazzZeitung\" data-secret=\"BjSJ33BRzC\" frameborder=\"0\" marginwidth=\"0\" marginheight=\"0\" scrolling=\"no\" class=\"wp-embedded-content\"><\/iframe><script type=\"text\/javascript\">\n\/* <![CDATA[ *\/\n\/*! This file is auto-generated *\/\n!function(d,l){\"use strict\";l.querySelector&&d.addEventListener&&\"undefined\"!=typeof URL&&(d.wp=d.wp||{},d.wp.receiveEmbedMessage||(d.wp.receiveEmbedMessage=function(e){var t=e.data;if((t||t.secret||t.message||t.value)&&!\/[^a-zA-Z0-9]\/.test(t.secret)){for(var s,r,n,a=l.querySelectorAll('iframe[data-secret=\"'+t.secret+'\"]'),o=l.querySelectorAll('blockquote[data-secret=\"'+t.secret+'\"]'),c=new RegExp(\"^https?:$\",\"i\"),i=0;i<o.length;i++)o[i].style.display=\"none\";for(i=0;i<a.length;i++)s=a[i],e.source===s.contentWindow&&(s.removeAttribute(\"style\"),\"height\"===t.message?(1e3<(r=parseInt(t.value,10))?r=1e3:~~r<200&&(r=200),s.height=r):\"link\"===t.message&&(r=new URL(s.getAttribute(\"src\")),n=new URL(t.value),c.test(n.protocol))&&n.host===r.host&&l.activeElement===s&&(d.top.location.href=t.value))}},d.addEventListener(\"message\",d.wp.receiveEmbedMessage,!1),l.addEventListener(\"DOMContentLoaded\",function(){for(var e,t,s=l.querySelectorAll(\"iframe.wp-embedded-content\"),r=0;r<s.length;r++)(t=(e=s[r]).getAttribute(\"data-secret\"))||(t=Math.random().toString(36).substring(2,12),e.src+=\"#?secret=\"+t,e.setAttribute(\"data-secret\",t)),e.contentWindow.postMessage({message:\"ready\",secret:t},\"*\")},!1)))}(window,document);\n\/\/# sourceURL=https:\/\/www.jazzzeitung.de\/cms\/wp-includes\/js\/wp-embed.min.js\n\/* ]]> *\/\n<\/script>\n","description":"Nach den Katastrophen in Japan r\u00fchren sich langsam die K\u00fcnstler der Welt und organisieren Benefizkonzerte, um den Erdbeben- und Tsunami-Opfern zu helfen. In New York wird am 9. April ein von John Zorn organisiertes Konzert stattfinden, bei dem auch Lou Reed auflaufen wird. Auch in anderen L\u00e4ndern und St\u00e4dten gibt es Konzerte, in Deutschland sind es vor allem Initiativen klassischer Konzerth\u00e4user, Ensembles und Musikhochschulen, die Geld f\u00fcr Hilfsorganisationen einspielen, die in Japan aktiv sind. Die Popbranche hat sich mit dem Charity-Album &#8222;Songs for Japan&#8220; in zahlreichen L\u00e4ndern an die Spitze der iTunes-Charts katapultiert. Der Erl\u00f6s geht an das japanische Rote Kreuz. Die Jazzszene steht dabei noch recht im Abseits, obwohl viele Jazzmusiker gerade in Japan gro\u00dfe Helden sind. Wahrscheinlich ist der Jazzmusiker an sich mit dem m\u00fchsamen Erwerb seines eigenen Lebensunterhalts absorbiert. In M\u00fcnchen hat die Jazzbar Vogler immerhin am 28. M\u00e4rz eine Benefiz-Session veranstaltet und die Hip-Hopper von Bluementopf spielen mit anderen K\u00fcnstlern am 1. April ein Konzert am Odeonsplatz. Auch in anderen St\u00e4dten wird es \u00e4hnliche kleinere Initiativen geben, das Gros der Clubs kommt ohne aus. Die\u00a0 Jazz-Funk-Band des Saxophonisten &#8222;Grosskopf&#8220; spendet die &hellip;","thumbnail_url":"http:\/\/www.jazzzeitung.de\/cms\/wp-content\/uploads\/2011\/03\/Logo-Songs-for-Japan.jpg"}

Jörg Lichtinger

Nach den Katastrophen in Japan rühren sich langsam die Künstler der Welt und organisieren Benefizkonzerte, um den Erdbeben- und Tsunami-Opfern zu helfen. In New York wird am 9. April ein von John Zorn organisiertes Konzert stattfinden, bei dem auch Lou Reed auflaufen wird. Auch in anderen Ländern und Städten gibt es Konzerte, in Deutschland sind es vor allem Initiativen klassischer Konzerthäuser, Ensembles und Musikhochschulen, die Geld für Hilfsorganisationen einspielen, die in Japan aktiv sind. Die Popbranche hat sich mit dem Charity-Album &#8222;Songs for Japan&#8220; in zahlreichen Ländern an die Spitze der iTunes-Charts katapultiert. Der Erlös geht an das japanische Rote Kreuz. Die Jazzszene steht dabei noch recht im Abseits, obwohl viele Jazzmusiker gerade in Japan große Helden sind. Wahrscheinlich ist der Jazzmusiker an sich mit dem mühsamen Erwerb seines eigenen Lebensunterhalts absorbiert. In München hat die Jazzbar Vogler immerhin am 28. März eine Benefiz-Session veranstaltet und die Hip-Hopper von Bluementopf spielen mit anderen Künstlern am 1. April ein Konzert am Odeonsplatz. Auch in anderen Städten wird es ähnliche kleinere Initiativen geben, das Gros der Clubs kommt ohne aus. Die  Jazz-Funk-Band des Saxophonisten &#8222;Grosskopf&#8220; spendet die &hellip;
