{"version":"1.0","provider_name":"JazzZeitung","provider_url":"https:\/\/www.jazzzeitung.de\/cms","author_name":"Rainer Wein","author_url":"https:\/\/www.jazzzeitung.de\/cms\/author\/wein\/","title":"Ehrenrettung f\u00fcr Till Br\u00f6nner - JazzZeitung","type":"rich","width":600,"height":338,"html":"<blockquote class=\"wp-embedded-content\" data-secret=\"u9067IWBiq\"><a href=\"https:\/\/www.jazzzeitung.de\/cms\/2011\/03\/ehrenrettung-fuer-till-broenner\/\">Ehrenrettung f\u00fcr Till Br\u00f6nner<\/a><\/blockquote><iframe sandbox=\"allow-scripts\" security=\"restricted\" src=\"https:\/\/www.jazzzeitung.de\/cms\/2011\/03\/ehrenrettung-fuer-till-broenner\/embed\/#?secret=u9067IWBiq\" width=\"600\" height=\"338\" title=\"&#8222;Ehrenrettung f\u00fcr Till Br\u00f6nner&#8220; &#8211; JazzZeitung\" data-secret=\"u9067IWBiq\" frameborder=\"0\" marginwidth=\"0\" marginheight=\"0\" scrolling=\"no\" class=\"wp-embedded-content\"><\/iframe><script type=\"text\/javascript\">\n\/* <![CDATA[ *\/\n\/*! This file is auto-generated *\/\n!function(d,l){\"use strict\";l.querySelector&&d.addEventListener&&\"undefined\"!=typeof URL&&(d.wp=d.wp||{},d.wp.receiveEmbedMessage||(d.wp.receiveEmbedMessage=function(e){var t=e.data;if((t||t.secret||t.message||t.value)&&!\/[^a-zA-Z0-9]\/.test(t.secret)){for(var s,r,n,a=l.querySelectorAll('iframe[data-secret=\"'+t.secret+'\"]'),o=l.querySelectorAll('blockquote[data-secret=\"'+t.secret+'\"]'),c=new RegExp(\"^https?:$\",\"i\"),i=0;i<o.length;i++)o[i].style.display=\"none\";for(i=0;i<a.length;i++)s=a[i],e.source===s.contentWindow&&(s.removeAttribute(\"style\"),\"height\"===t.message?(1e3<(r=parseInt(t.value,10))?r=1e3:~~r<200&&(r=200),s.height=r):\"link\"===t.message&&(r=new URL(s.getAttribute(\"src\")),n=new URL(t.value),c.test(n.protocol))&&n.host===r.host&&l.activeElement===s&&(d.top.location.href=t.value))}},d.addEventListener(\"message\",d.wp.receiveEmbedMessage,!1),l.addEventListener(\"DOMContentLoaded\",function(){for(var e,t,s=l.querySelectorAll(\"iframe.wp-embedded-content\"),r=0;r<s.length;r++)(t=(e=s[r]).getAttribute(\"data-secret\"))||(t=Math.random().toString(36).substring(2,12),e.src+=\"#?secret=\"+t,e.setAttribute(\"data-secret\",t)),e.contentWindow.postMessage({message:\"ready\",secret:t},\"*\")},!1)))}(window,document);\n\/\/# sourceURL=https:\/\/www.jazzzeitung.de\/cms\/wp-includes\/js\/wp-embed.min.js\n\/* ]]> *\/\n<\/script>\n","description":"Das Nachrichtenmagazin Der Spiegel attestierte seiner Musik k\u00fcrzlich ein \u201eemotionales Vakuum\u201c. Das ist erstens gemein und zweitens ungerecht. Denn Till Br\u00f6nners Musik hat durchaus einen emotionalen Inhalt: die Melancholie. Eine sanfte Verzweiflung dar\u00fcber, dass die gro\u00dfe Zeit von Bebop und Cool doch schon eine Weile zur\u00fcckliegt. Ein wehm\u00fctiges Gef\u00fchl des Zusp\u00e4tkommens. Und dagegen, so Br\u00f6nner, \u201espielt man eben an\u201c. F\u00fcr Br\u00f6nner ist Jazz also eine nostalgische, melancholische Stimmung: \u201eRegnerische Nacht\u201c und \u201eeinsamer Drink\u201c, das sind die Assoziationen, die ihm zum Jazz einfallen. Nun sagen schlechte Menschen gerne, die Welt sei schlecht, damit sie sich nicht bessern m\u00fcssen. Br\u00f6nner sagt einfach, der Jazz sei tot, damit er nichts Lebendiges liefern muss. Konsequenterweise schimpft er dann auch auf die \u201eZeitgenossen mit den strengen Avantgarde-Kriterien\u201c und auf die, \u201edie sich heute f\u00fcr Avantgarde halten\u201c. Wen er damit meint, verr\u00e4t er nicht. Vielleicht meint er ja seine allerbesten Freunde, die manchmal noch zu ihm sagen: \u201eMensch, Till, du bist doch so ein guter Trompeter, mach doch mal etwas musikalisch Interessantes, etwas \u00dcberraschendes! Lass doch mal deine Verzweiflung raus!\u201c Manche dieser Freunde sagen auch: \u201eVielleicht lebst du einfach zu bequem.\u201c &hellip;","thumbnail_url":"https:\/\/i0.wp.com\/www.jazzzeitung.de\/cms\/wp-content\/uploads\/2012\/01\/ipad-logo-200.png?fit=200%2C200&ssl=1","thumbnail_width":200,"thumbnail_height":200}

Ehrenrettung für Till Brönner - JazzZeitung

<blockquote class="wp-embedded-content" data-secret="u9067IWBiq"><a href="https://www.jazzzeitung.de/cms/2011/03/ehrenrettung-fuer-till-broenner/">Ehrenrettung für Till Brönner</a></blockquote><iframe sandbox="allow-scripts" security="restricted" src="https://www.jazzzeitung.de/cms/2011/03/ehrenrettung-fuer-till-broenner/embed/#?secret=u9067IWBiq" width="600" height="338" title="&#8222;Ehrenrettung für Till Brönner&#8220; &#8211; JazzZeitung" data-secret="u9067IWBiq" frameborder="0" marginwidth="0" marginheight="0" scrolling="no" class="wp-embedded-content"></iframe><script type="text/javascript">
/* <![CDATA[ */
/*! This file is auto-generated */
!function(d,l){"use strict";l.querySelector&&d.addEventListener&&"undefined"!=typeof URL&&(d.wp=d.wp||{},d.wp.receiveEmbedMessage||(d.wp.receiveEmbedMessage=function(e){var t=e.data;if((t||t.secret||t.message||t.value)&&!/[^a-zA-Z0-9]/.test(t.secret)){for(var s,r,n,a=l.querySelectorAll('iframe[data-secret="'+t.secret+'"]'),o=l.querySelectorAll('blockquote[data-secret="'+t.secret+'"]'),c=new RegExp("^https?:$","i"),i=0;i<o.length;i++)o[i].style.display="none";for(i=0;i<a.length;i++)s=a[i],e.source===s.contentWindow&&(s.removeAttribute("style"),"height"===t.message?(1e3<(r=parseInt(t.value,10))?r=1e3:~~r<200&&(r=200),s.height=r):"link"===t.message&&(r=new URL(s.getAttribute("src")),n=new URL(t.value),c.test(n.protocol))&&n.host===r.host&&l.activeElement===s&&(d.top.location.href=t.value))}},d.addEventListener("message",d.wp.receiveEmbedMessage,!1),l.addEventListener("DOMContentLoaded",function(){for(var e,t,s=l.querySelectorAll("iframe.wp-embedded-content"),r=0;r<s.length;r++)(t=(e=s[r]).getAttribute("data-secret"))||(t=Math.random().toString(36).substring(2,12),e.src+="#?secret="+t,e.setAttribute("data-secret",t)),e.contentWindow.postMessage({message:"ready",secret:t},"*")},!1)))}(window,document);
//# sourceURL=https://www.jazzzeitung.de/cms/wp-includes/js/wp-embed.min.js
/* ]]> */
</script>

Das Nachrichtenmagazin Der Spiegel attestierte seiner Musik kürzlich ein „emotionales Vakuum“. Das ist erstens gemein und zweitens ungerecht. Denn Till Brönners Musik hat durchaus einen emotionalen Inhalt: die Melancholie. Eine sanfte Verzweiflung darüber, dass die große Zeit von Bebop und Cool doch schon eine Weile zurückliegt. Ein wehmütiges Gefühl des Zuspätkommens. Und dagegen, so Brönner, „spielt man eben an“. Für Brönner ist Jazz also eine nostalgische, melancholische Stimmung: „Regnerische Nacht“ und „einsamer Drink“, das sind die Assoziationen, die ihm zum Jazz einfallen. Nun sagen schlechte Menschen gerne, die Welt sei schlecht, damit sie sich nicht bessern müssen. Brönner sagt einfach, der Jazz sei tot, damit er nichts Lebendiges liefern muss. Konsequenterweise schimpft er dann auch auf die „Zeitgenossen mit den strengen Avantgarde-Kriterien“ und auf die, „die sich heute für Avantgarde halten“. Wen er damit meint, verrät er nicht. Vielleicht meint er ja seine allerbesten Freunde, die manchmal noch zu ihm sagen: „Mensch, Till, du bist doch so ein guter Trompeter, mach doch mal etwas musikalisch Interessantes, etwas Überraschendes! Lass doch mal deine Verzweiflung raus!“ Manche dieser Freunde sagen auch: „Vielleicht lebst du einfach zu bequem.“ &hellip;
