{"version":"1.0","provider_name":"JazzZeitung","provider_url":"https:\/\/www.jazzzeitung.de\/cms","author_name":"J\u00f6rg Lichtinger","author_url":"https:\/\/www.jazzzeitung.de\/cms\/author\/lichtinger\/","title":"Wo sind die Schweden? - JazzZeitung","type":"rich","width":600,"height":338,"html":"<blockquote class=\"wp-embedded-content\" data-secret=\"Y5UzGOugDx\"><a href=\"https:\/\/www.jazzzeitung.de\/cms\/2011\/02\/wo-sind-die-schweden\/\">Wo sind die Schweden?<\/a><\/blockquote><iframe sandbox=\"allow-scripts\" security=\"restricted\" src=\"https:\/\/www.jazzzeitung.de\/cms\/2011\/02\/wo-sind-die-schweden\/embed\/#?secret=Y5UzGOugDx\" width=\"600\" height=\"338\" title=\"&#8222;Wo sind die Schweden?&#8220; &#8211; JazzZeitung\" data-secret=\"Y5UzGOugDx\" frameborder=\"0\" marginwidth=\"0\" marginheight=\"0\" scrolling=\"no\" class=\"wp-embedded-content\"><\/iframe><script type=\"text\/javascript\">\n\/* <![CDATA[ *\/\n\/*! This file is auto-generated *\/\n!function(d,l){\"use strict\";l.querySelector&&d.addEventListener&&\"undefined\"!=typeof URL&&(d.wp=d.wp||{},d.wp.receiveEmbedMessage||(d.wp.receiveEmbedMessage=function(e){var t=e.data;if((t||t.secret||t.message||t.value)&&!\/[^a-zA-Z0-9]\/.test(t.secret)){for(var s,r,n,a=l.querySelectorAll('iframe[data-secret=\"'+t.secret+'\"]'),o=l.querySelectorAll('blockquote[data-secret=\"'+t.secret+'\"]'),c=new RegExp(\"^https?:$\",\"i\"),i=0;i<o.length;i++)o[i].style.display=\"none\";for(i=0;i<a.length;i++)s=a[i],e.source===s.contentWindow&&(s.removeAttribute(\"style\"),\"height\"===t.message?(1e3<(r=parseInt(t.value,10))?r=1e3:~~r<200&&(r=200),s.height=r):\"link\"===t.message&&(r=new URL(s.getAttribute(\"src\")),n=new URL(t.value),c.test(n.protocol))&&n.host===r.host&&l.activeElement===s&&(d.top.location.href=t.value))}},d.addEventListener(\"message\",d.wp.receiveEmbedMessage,!1),l.addEventListener(\"DOMContentLoaded\",function(){for(var e,t,s=l.querySelectorAll(\"iframe.wp-embedded-content\"),r=0;r<s.length;r++)(t=(e=s[r]).getAttribute(\"data-secret\"))||(t=Math.random().toString(36).substring(2,12),e.src+=\"#?secret=\"+t,e.setAttribute(\"data-secret\",t)),e.contentWindow.postMessage({message:\"ready\",secret:t},\"*\")},!1)))}(window,document);\n\/\/# sourceURL=https:\/\/www.jazzzeitung.de\/cms\/wp-includes\/js\/wp-embed.min.js\n\/* ]]> *\/\n<\/script>\n","description":"Dieser Tage startet wieder Halles \u00d6stro-Jazz-Festival Women in Jazz. Beim durchforsten des Programms f\u00e4llt auf, dass nicht alle K\u00fcnstlerinnen aus Skandinavien kommen oder bei ACT unter Vertrag stehen. Skandal! Gut, die D\u00e4nin Sidsel Storm ist wenigstens f\u00fcr ein schwedisches Wiegenlied gut und als ACT der Vers\u00f6hnung ist wohl die Ladung von Lars Danielsson als Special Guest zu werten: Der ist Skandinavier, bei ACT und wird wahrscheinlich bei der Zugabe verk\u00fcnden, dass er sein weiteres Leben als Cellistin verbringen m\u00f6chte. Wie es zu diesem Fehlverhalten kommen konnte und wer daf\u00fcr verantwortlich ist, kann wohl nur der Videobeweis aufkl\u00e4ren. Da dieser von der Jazz-Polizei nach wie vor abgelehnt wird, hilft nur pers\u00f6nliche Anwesenheit im Stadion. Wir rufen jedoch alle Ultras zur M\u00e4\u00dfigung auf und bitten, das Z\u00fcnden von Feuerwerksk\u00f6rpern zu unterlassen! Links: Women in Jazz Das WIJ-Programm in der nmz","thumbnail_url":"http:\/\/www.jazzzeitung.de\/cms\/wp-content\/uploads\/2011\/02\/wij_logo-300x156.jpg"}

Jörg Lichtinger

Dieser Tage startet wieder Halles Östro-Jazz-Festival Women in Jazz. Beim durchforsten des Programms fällt auf, dass nicht alle Künstlerinnen aus Skandinavien kommen oder bei ACT unter Vertrag stehen. Skandal! Gut, die Dänin Sidsel Storm ist wenigstens für ein schwedisches Wiegenlied gut und als ACT der Versöhnung ist wohl die Ladung von Lars Danielsson als Special Guest zu werten: Der ist Skandinavier, bei ACT und wird wahrscheinlich bei der Zugabe verkünden, dass er sein weiteres Leben als Cellistin verbringen möchte. Wie es zu diesem Fehlverhalten kommen konnte und wer dafür verantwortlich ist, kann wohl nur der Videobeweis aufklären. Da dieser von der Jazz-Polizei nach wie vor abgelehnt wird, hilft nur persönliche Anwesenheit im Stadion. Wir rufen jedoch alle Ultras zur Mäßigung auf und bitten, das Zünden von Feuerwerkskörpern zu unterlassen! Links: Women in Jazz Das WIJ-Programm in der nmz
