{"version":"1.0","provider_name":"JazzZeitung","provider_url":"https:\/\/www.jazzzeitung.de\/cms","title":"Live-Band durch DJ ersetzt - Protest erw\u00fcnscht - JazzZeitung","type":"rich","width":600,"height":338,"html":"<blockquote class=\"wp-embedded-content\" data-secret=\"NvmbqJmmaL\"><a href=\"https:\/\/www.jazzzeitung.de\/cms\/2010\/08\/live-band-durch-dj-ersetzt-protest-erwuenscht\/\">Live-Band durch DJ ersetzt &#8211; Protest erw\u00fcnscht<\/a><\/blockquote><iframe sandbox=\"allow-scripts\" security=\"restricted\" src=\"https:\/\/www.jazzzeitung.de\/cms\/2010\/08\/live-band-durch-dj-ersetzt-protest-erwuenscht\/embed\/#?secret=NvmbqJmmaL\" width=\"600\" height=\"338\" title=\"&#8222;Live-Band durch DJ ersetzt &#8211; Protest erw\u00fcnscht&#8220; &#8211; JazzZeitung\" data-secret=\"NvmbqJmmaL\" frameborder=\"0\" marginwidth=\"0\" marginheight=\"0\" scrolling=\"no\" class=\"wp-embedded-content\"><\/iframe><script type=\"text\/javascript\">\n\/* <![CDATA[ *\/\n\/*! This file is auto-generated *\/\n!function(d,l){\"use strict\";l.querySelector&&d.addEventListener&&\"undefined\"!=typeof URL&&(d.wp=d.wp||{},d.wp.receiveEmbedMessage||(d.wp.receiveEmbedMessage=function(e){var t=e.data;if((t||t.secret||t.message||t.value)&&!\/[^a-zA-Z0-9]\/.test(t.secret)){for(var s,r,n,a=l.querySelectorAll('iframe[data-secret=\"'+t.secret+'\"]'),o=l.querySelectorAll('blockquote[data-secret=\"'+t.secret+'\"]'),c=new RegExp(\"^https?:$\",\"i\"),i=0;i<o.length;i++)o[i].style.display=\"none\";for(i=0;i<a.length;i++)s=a[i],e.source===s.contentWindow&&(s.removeAttribute(\"style\"),\"height\"===t.message?(1e3<(r=parseInt(t.value,10))?r=1e3:~~r<200&&(r=200),s.height=r):\"link\"===t.message&&(r=new URL(s.getAttribute(\"src\")),n=new URL(t.value),c.test(n.protocol))&&n.host===r.host&&l.activeElement===s&&(d.top.location.href=t.value))}},d.addEventListener(\"message\",d.wp.receiveEmbedMessage,!1),l.addEventListener(\"DOMContentLoaded\",function(){for(var e,t,s=l.querySelectorAll(\"iframe.wp-embedded-content\"),r=0;r<s.length;r++)(t=(e=s[r]).getAttribute(\"data-secret\"))||(t=Math.random().toString(36).substring(2,12),e.src+=\"#?secret=\"+t,e.setAttribute(\"data-secret\",t)),e.contentWindow.postMessage({message:\"ready\",secret:t},\"*\")},!1)))}(window,document);\n\/\/# sourceURL=https:\/\/www.jazzzeitung.de\/cms\/wp-includes\/js\/wp-embed.min.js\n\/* ]]> *\/\n<\/script>\n","description":"Der Pianist Walter Lang ist mit einem Anliegen an uns herangetreten, das wir hiermit unterst\u00fctzen m\u00f6chten. Hier der Wortlaut seiner Mail: \u201eIch hatte die letzten zw\u00f6lf Jahre einen tollen Job in der Band Trio La Haze, die jeden Sonntag die Fernsehsendung Doppelpass auf Sport1 von 11 bis 13 Uhr begleitet hat. Es ist eine seri\u00f6se bis unterhaltsame Fu\u00dfball-Talkshow und wurde seit zehn Jahren von der Band mit klassischem Jazz und Bossa Nova begleitet. Jetzt wurden wir kurz vor Start der neuen Saison durch einen DJ ersetzt. Die erste Sendung war letzten Sonntag, und es hat bereits auf der facebook-Seite der Sendung einige Kommentare von Fans gegeben, die die Band vermissen. Wir hoffen, dass die Marketing-Abteilung von Sport1 ihre Entscheidung noch einmal \u00fcberdenkt. Falls Sie eine Minute haben, schreiben Sie doch bitte ein Mail, in der Sie bedauern\/sich beschweren, dass das Trio La Haze nicht mehr in der Sendung zu h\u00f6ren ist, Sie die Band\/den coolen Sound vermissen, sie finden, dass eine Sendung solchen Formats eine Live-Band braucht, ein DJ eine \u00e4rmliche L\u00f6sung ist, oder irgendwas in der Art. Eine kurze Nachricht reicht v\u00f6llig. Als facebook-Mitglied &hellip;","thumbnail_url":"https:\/\/i0.wp.com\/www.jazzzeitung.de\/cms\/wp-content\/uploads\/2012\/01\/ipad-logo-200.png?fit=200%2C200&ssl=1","thumbnail_width":200,"thumbnail_height":200}

Live-Band durch DJ ersetzt - Protest erwünscht - JazzZeitung

<blockquote class="wp-embedded-content" data-secret="NvmbqJmmaL"><a href="https://www.jazzzeitung.de/cms/2010/08/live-band-durch-dj-ersetzt-protest-erwuenscht/">Live-Band durch DJ ersetzt &#8211; Protest erwünscht</a></blockquote><iframe sandbox="allow-scripts" security="restricted" src="https://www.jazzzeitung.de/cms/2010/08/live-band-durch-dj-ersetzt-protest-erwuenscht/embed/#?secret=NvmbqJmmaL" width="600" height="338" title="&#8222;Live-Band durch DJ ersetzt &#8211; Protest erwünscht&#8220; &#8211; JazzZeitung" data-secret="NvmbqJmmaL" frameborder="0" marginwidth="0" marginheight="0" scrolling="no" class="wp-embedded-content"></iframe><script type="text/javascript">
/* <![CDATA[ */
/*! This file is auto-generated */
!function(d,l){"use strict";l.querySelector&&d.addEventListener&&"undefined"!=typeof URL&&(d.wp=d.wp||{},d.wp.receiveEmbedMessage||(d.wp.receiveEmbedMessage=function(e){var t=e.data;if((t||t.secret||t.message||t.value)&&!/[^a-zA-Z0-9]/.test(t.secret)){for(var s,r,n,a=l.querySelectorAll('iframe[data-secret="'+t.secret+'"]'),o=l.querySelectorAll('blockquote[data-secret="'+t.secret+'"]'),c=new RegExp("^https?:$","i"),i=0;i<o.length;i++)o[i].style.display="none";for(i=0;i<a.length;i++)s=a[i],e.source===s.contentWindow&&(s.removeAttribute("style"),"height"===t.message?(1e3<(r=parseInt(t.value,10))?r=1e3:~~r<200&&(r=200),s.height=r):"link"===t.message&&(r=new URL(s.getAttribute("src")),n=new URL(t.value),c.test(n.protocol))&&n.host===r.host&&l.activeElement===s&&(d.top.location.href=t.value))}},d.addEventListener("message",d.wp.receiveEmbedMessage,!1),l.addEventListener("DOMContentLoaded",function(){for(var e,t,s=l.querySelectorAll("iframe.wp-embedded-content"),r=0;r<s.length;r++)(t=(e=s[r]).getAttribute("data-secret"))||(t=Math.random().toString(36).substring(2,12),e.src+="#?secret="+t,e.setAttribute("data-secret",t)),e.contentWindow.postMessage({message:"ready",secret:t},"*")},!1)))}(window,document);
//# sourceURL=https://www.jazzzeitung.de/cms/wp-includes/js/wp-embed.min.js
/* ]]> */
</script>

Der Pianist Walter Lang ist mit einem Anliegen an uns herangetreten, das wir hiermit unterstützen möchten. Hier der Wortlaut seiner Mail: „Ich hatte die letzten zwölf Jahre einen tollen Job in der Band Trio La Haze, die jeden Sonntag die Fernsehsendung Doppelpass auf Sport1 von 11 bis 13 Uhr begleitet hat. Es ist eine seriöse bis unterhaltsame Fußball-Talkshow und wurde seit zehn Jahren von der Band mit klassischem Jazz und Bossa Nova begleitet. Jetzt wurden wir kurz vor Start der neuen Saison durch einen DJ ersetzt. Die erste Sendung war letzten Sonntag, und es hat bereits auf der facebook-Seite der Sendung einige Kommentare von Fans gegeben, die die Band vermissen. Wir hoffen, dass die Marketing-Abteilung von Sport1 ihre Entscheidung noch einmal überdenkt. Falls Sie eine Minute haben, schreiben Sie doch bitte ein Mail, in der Sie bedauern/sich beschweren, dass das Trio La Haze nicht mehr in der Sendung zu hören ist, Sie die Band/den coolen Sound vermissen, sie finden, dass eine Sendung solchen Formats eine Live-Band braucht, ein DJ eine ärmliche Lösung ist, oder irgendwas in der Art. Eine kurze Nachricht reicht völlig. Als facebook-Mitglied &hellip;
