{"version":"1.0","provider_name":"JazzZeitung","provider_url":"https:\/\/www.jazzzeitung.de\/cms","author_name":"J\u00f6rg Lichtinger","author_url":"https:\/\/www.jazzzeitung.de\/cms\/author\/lichtinger\/","title":"S\u00fcdafrika, ol\u00e9! - JazzZeitung","type":"rich","width":600,"height":338,"html":"<blockquote class=\"wp-embedded-content\" data-secret=\"NpNY0qzvNl\"><a href=\"https:\/\/www.jazzzeitung.de\/cms\/2010\/06\/suedafrika-ole\/\">S\u00fcdafrika, ol\u00e9!<\/a><\/blockquote><iframe sandbox=\"allow-scripts\" security=\"restricted\" src=\"https:\/\/www.jazzzeitung.de\/cms\/2010\/06\/suedafrika-ole\/embed\/#?secret=NpNY0qzvNl\" width=\"600\" height=\"338\" title=\"&#8222;S\u00fcdafrika, ol\u00e9!&#8220; &#8211; JazzZeitung\" data-secret=\"NpNY0qzvNl\" frameborder=\"0\" marginwidth=\"0\" marginheight=\"0\" scrolling=\"no\" class=\"wp-embedded-content\"><\/iframe><script type=\"text\/javascript\">\n\/* <![CDATA[ *\/\n\/*! This file is auto-generated *\/\n!function(d,l){\"use strict\";l.querySelector&&d.addEventListener&&\"undefined\"!=typeof URL&&(d.wp=d.wp||{},d.wp.receiveEmbedMessage||(d.wp.receiveEmbedMessage=function(e){var t=e.data;if((t||t.secret||t.message||t.value)&&!\/[^a-zA-Z0-9]\/.test(t.secret)){for(var s,r,n,a=l.querySelectorAll('iframe[data-secret=\"'+t.secret+'\"]'),o=l.querySelectorAll('blockquote[data-secret=\"'+t.secret+'\"]'),c=new RegExp(\"^https?:$\",\"i\"),i=0;i<o.length;i++)o[i].style.display=\"none\";for(i=0;i<a.length;i++)s=a[i],e.source===s.contentWindow&&(s.removeAttribute(\"style\"),\"height\"===t.message?(1e3<(r=parseInt(t.value,10))?r=1e3:~~r<200&&(r=200),s.height=r):\"link\"===t.message&&(r=new URL(s.getAttribute(\"src\")),n=new URL(t.value),c.test(n.protocol))&&n.host===r.host&&l.activeElement===s&&(d.top.location.href=t.value))}},d.addEventListener(\"message\",d.wp.receiveEmbedMessage,!1),l.addEventListener(\"DOMContentLoaded\",function(){for(var e,t,s=l.querySelectorAll(\"iframe.wp-embedded-content\"),r=0;r<s.length;r++)(t=(e=s[r]).getAttribute(\"data-secret\"))||(t=Math.random().toString(36).substring(2,12),e.src+=\"#?secret=\"+t,e.setAttribute(\"data-secret\",t)),e.contentWindow.postMessage({message:\"ready\",secret:t},\"*\")},!1)))}(window,document);\n\/\/# sourceURL=https:\/\/www.jazzzeitung.de\/cms\/wp-includes\/js\/wp-embed.min.js\n\/* ]]> *\/\n<\/script>\n","description":"Die Preise lassen uns in diesem Blog nicht los. Jetzt erh\u00e4lt der s\u00fcdafrikanische Pianist Abdullah Ibrahim den Aachener Innovationspreis Kunst f\u00fcr 2009 der Peter und Irene Ludwig Stiftung. Sch\u00f6n, jetzt wo die Fu\u00dfball-WM losgeht, einem s\u00fcdafrikanischen K\u00fcnstler so einen Preis zu geben. Hat man auch gar nicht das Gef\u00fchl, dass Zeit und Umst\u00e4nde wichtigere Faktoren einer Preisvergabe w\u00e4ren, als die k\u00fcnstlerische Leistung an sich. Obwohl Ibrahim \u00fcber derartige Zweifel erhaben ist, schlie\u00dflich wurde er ja weiland vom &#8222;Duke&#8220; selbst entdeckt. Seine Solo-Scheibe &#8222;Senzo&#8220;, f\u00fcr die er auch den &#8222;South African Music Award&#8220; bekommen hat, ist zwar nicht besonders aufregend und enth\u00e4lt ungef\u00e4hr soviel Afrika wie mein Stammbaum \u2013 na gut, den Preis der deutschen Schallplattenkritik 2008 hat sie Ibrahim auch eingebracht, vielleicht liege ich also falsch \u2013, aber man wird das Gef\u00fchl nicht los, dass wieder einmal ein &#8222;Br\u00fcckenbauer zwischen den Kulturen&#8220; nach vorne geschoben worden ist, jetzt wo es gilt, wenigstens f\u00fcr kurze Zeit ein einig Weltv\u00f6lkchen zu sein. Ol\u00e9!!!","thumbnail_url":"http:\/\/www.jazzzeitung.de\/cms\/wp-content\/uploads\/2010\/06\/Ibrahim_0.jpg"}

Jörg Lichtinger

Südafrika, olé! - JazzZeitung

<blockquote class="wp-embedded-content" data-secret="NpNY0qzvNl"><a href="https://www.jazzzeitung.de/cms/2010/06/suedafrika-ole/">Südafrika, olé!</a></blockquote><iframe sandbox="allow-scripts" security="restricted" src="https://www.jazzzeitung.de/cms/2010/06/suedafrika-ole/embed/#?secret=NpNY0qzvNl" width="600" height="338" title="&#8222;Südafrika, olé!&#8220; &#8211; JazzZeitung" data-secret="NpNY0qzvNl" frameborder="0" marginwidth="0" marginheight="0" scrolling="no" class="wp-embedded-content"></iframe><script type="text/javascript">
/* <![CDATA[ */
/*! This file is auto-generated */
!function(d,l){"use strict";l.querySelector&&d.addEventListener&&"undefined"!=typeof URL&&(d.wp=d.wp||{},d.wp.receiveEmbedMessage||(d.wp.receiveEmbedMessage=function(e){var t=e.data;if((t||t.secret||t.message||t.value)&&!/[^a-zA-Z0-9]/.test(t.secret)){for(var s,r,n,a=l.querySelectorAll('iframe[data-secret="'+t.secret+'"]'),o=l.querySelectorAll('blockquote[data-secret="'+t.secret+'"]'),c=new RegExp("^https?:$","i"),i=0;i<o.length;i++)o[i].style.display="none";for(i=0;i<a.length;i++)s=a[i],e.source===s.contentWindow&&(s.removeAttribute("style"),"height"===t.message?(1e3<(r=parseInt(t.value,10))?r=1e3:~~r<200&&(r=200),s.height=r):"link"===t.message&&(r=new URL(s.getAttribute("src")),n=new URL(t.value),c.test(n.protocol))&&n.host===r.host&&l.activeElement===s&&(d.top.location.href=t.value))}},d.addEventListener("message",d.wp.receiveEmbedMessage,!1),l.addEventListener("DOMContentLoaded",function(){for(var e,t,s=l.querySelectorAll("iframe.wp-embedded-content"),r=0;r<s.length;r++)(t=(e=s[r]).getAttribute("data-secret"))||(t=Math.random().toString(36).substring(2,12),e.src+="#?secret="+t,e.setAttribute("data-secret",t)),e.contentWindow.postMessage({message:"ready",secret:t},"*")},!1)))}(window,document);
//# sourceURL=https://www.jazzzeitung.de/cms/wp-includes/js/wp-embed.min.js
/* ]]> */
</script>

Die Preise lassen uns in diesem Blog nicht los. Jetzt erhält der südafrikanische Pianist Abdullah Ibrahim den Aachener Innovationspreis Kunst für 2009 der Peter und Irene Ludwig Stiftung. Schön, jetzt wo die Fußball-WM losgeht, einem südafrikanischen Künstler so einen Preis zu geben. Hat man auch gar nicht das Gefühl, dass Zeit und Umstände wichtigere Faktoren einer Preisvergabe wären, als die künstlerische Leistung an sich. Obwohl Ibrahim über derartige Zweifel erhaben ist, schließlich wurde er ja weiland vom &#8222;Duke&#8220; selbst entdeckt. Seine Solo-Scheibe &#8222;Senzo&#8220;, für die er auch den &#8222;South African Music Award&#8220; bekommen hat, ist zwar nicht besonders aufregend und enthält ungefähr soviel Afrika wie mein Stammbaum – na gut, den Preis der deutschen Schallplattenkritik 2008 hat sie Ibrahim auch eingebracht, vielleicht liege ich also falsch –, aber man wird das Gefühl nicht los, dass wieder einmal ein &#8222;Brückenbauer zwischen den Kulturen&#8220; nach vorne geschoben worden ist, jetzt wo es gilt, wenigstens für kurze Zeit ein einig Weltvölkchen zu sein. Olé!!!
